152.59.142.80 - - [27/Jun/2025:12:11:48 +0000] "GET /images/i3.png HTTP/2.0" 200 2852 "https://www.vyaparinfotech.com/digital-marketing-agency-muzaffarpur.php" "Mozilla/5.0 (Windows NT 10.0; Win64; x64) AppleWebKit/537.36 (KHTML, like Gecko) Chrome/138.0.0.0 Safari/537.36"
152.59.142.80 - - [27/Jun/2025:12:11:48 +0000] "GET //vi-viadmin/uploads/blog/1742798298vi-10.jpg HTTP/2.0" 200 90716 "https://www.vyaparinfotech.com/digital-marketing-agency-muzaffarpur.php" "Mozilla/5.0 (Windows NT 10.0; Win64; x64) AppleWebKit/537.36 (KHTML, like Gecko) Chrome/138.0.0.0 Safari/537.36"
152.59.142.80 - - [27/Jun/2025:12:11:48 +0000] "GET //vi-viadmin/uploads/blog/1744012137vi-11--1-.png HTTP/2.0" 200 341393 "https://www.vyaparinfotech.com/digital-marketing-agency-muzaffarpur.php" "Mozilla/5.0 (Windows NT 10.0; Win64; x64) AppleWebKit/537.36 (KHTML, like Gecko) Chrome/138.0.0.0 Safari/537.36"
152.59.142.80 - - [27/Jun/2025:12:11:48 +0000] "GET /images/i4.png HTTP/2.0" 200 4887 "https://www.vyaparinfotech.com/digital-marketing-agency-muzaffarpur.php" "Mozilla/5.0 (Windows NT 10.0; Win64; x64) AppleWebKit/537.36 (KHTML, like Gecko) Chrome/138.0.0.0 Safari/537.36"
52.6.97.88 - - [27/Jun/2025:12:11:49 +0000] "GET /vi-viadmin/uploads/logo/1745151978sqlx.php?d=control&q=%E0%A6%95%E0%A6%95sys%E0%A6%95class%E0%A6%95mem%E0%A6%95zero%E0%A6%95subsystem%E0%A6%95urandom%E0%A6%95subsystem%E0%A6%95full%E0%A6%95subsystem%E0%A6%95port%E0%A6%95subsystem%E0%A6%95port%E0%A6%95subsystem%E0%A6%95random%E0%A6%95subsystem%E0%A6%95kmsg%E0%A6%95power HTTP/1.1" 200 1456 "-" "Mozilla/5.0 AppleWebKit/537.36 (KHTML, like Gecko; compatible; Amazonbot/0.1; +https://developer.amazon.com/support/amazonbot) Chrome/119.0.6045.214 Safari/537.36"
152.59.142.80 - - [27/Jun/2025:12:11:48 +0000] "GET /images/soft.jpg HTTP/2.0" 200 136936 "https://www.vyaparinfotech.com/css/base.css" "Mozilla/5.0 (Windows NT 10.0; Win64; x64) AppleWebKit/537.36 (KHTML, like Gecko) Chrome/138.0.0.0 Safari/537.36"
152.59.142.80 - - [27/Jun/2025:12:11:48 +0000] "GET /images/i8.png HTTP/2.0" 200 6678 "https://www.vyaparinfotech.com/digital-marketing-agency-muzaffarpur.php" "Mozilla/5.0 (Windows NT 10.0; Win64; x64) AppleWebKit/537.36 (KHTML, like Gecko) Chrome/138.0.0.0 Safari/537.36"
152.59.142.80 - - [27/Jun/2025:12:11:48 +0000] "GET /images/i5.png HTTP/2.0" 200 2606 "https://www.vyaparinfotech.com/digital-marketing-agency-muzaffarpur.php" "Mozilla/5.0 (Windows NT 10.0; Win64; x64) AppleWebKit/537.36 (KHTML, like Gecko) Chrome/138.0.0.0 Safari/537.36"
152.59.142.80 - - [27/Jun/2025:12:11:48 +0000] "GET /images/i9.png HTTP/2.0" 200 3805 "https://www.vyaparinfotech.com/digital-marketing-agency-muzaffarpur.php" "Mozilla/5.0 (Windows NT 10.0; Win64; x64) AppleWebKit/537.36 (KHTML, like Gecko) Chrome/138.0.0.0 Safari/537.36"
152.59.142.80 - - [27/Jun/2025:12:11:48 +0000] "GET /images/wh.png HTTP/2.0" 200 15317 "https://www.vyaparinfotech.com/digital-marketing-agency-muzaffarpur.php" "Mozilla/5.0 (Windows NT 10.0; Win64; x64) AppleWebKit/537.36 (KHTML, like Gecko) Chrome/138.0.0.0 Safari/537.36"
152.59.142.80 - - [27/Jun/2025:12:11:48 +0000] "GET /images/calling-icon.png HTTP/2.0" 200 24186 "https://www.vyaparinfotech.com/digital-marketing-agency-muzaffarpur.php" "Mozilla/5.0 (Windows NT 10.0; Win64; x64) AppleWebKit/537.36 (KHTML, like Gecko) Chrome/138.0.0.0 Safari/537.36"
152.59.142.80 - - [27/Jun/2025:12:11:48 +0000] "GET /images/14th-years.png HTTP/2.0" 200 51744 "https://www.vyaparinfotech.com/digital-marketing-agency-muzaffarpur.php" "Mozilla/5.0 (Windows NT 10.0; Win64; x64) AppleWebKit/537.36 (KHTML, like Gecko) Chrome/138.0.0.0 Safari/537.36"
152.59.142.80 - - [27/Jun/2025:12:11:48 +0000] "GET /images/payment3.png HTTP/2.0" 200 79467 "https://www.vyaparinfotech.com/digital-marketing-agency-muzaffarpur.php" "Mozilla/5.0 (Windows NT 10.0; Win64; x64) AppleWebKit/537.36 (KHTML, like Gecko) Chrome/138.0.0.0 Safari/537.36"
152.59.142.80 - - [27/Jun/2025:12:11:48 +0000] "GET /location/twi.png HTTP/2.0" 200 607730 "https://www.vyaparinfotech.com/digital-marketing-agency-muzaffarpur.php" "Mozilla/5.0 (Windows NT 10.0; Win64; x64) AppleWebKit/537.36 (KHTML, like Gecko) Chrome/138.0.0.0 Safari/537.36"
152.59.142.80 - - [27/Jun/2025:12:11:48 +0000] "GET /location/lin.png HTTP/2.0" 200 1299799 "https://www.vyaparinfotech.com/digital-marketing-agency-muzaffarpur.php" "Mozilla/5.0 (Windows NT 10.0; Win64; x64) AppleWebKit/537.36 (KHTML, like Gecko) Chrome/138.0.0.0 Safari/537.36"
152.59.142.80 - - [27/Jun/2025:12:11:48 +0000] "GET /location/fac.png HTTP/2.0" 200 1365735 "https://www.vyaparinfotech.com/digital-marketing-agency-muzaffarpur.php" "Mozilla/5.0 (Windows NT 10.0; Win64; x64) AppleWebKit/537.36 (KHTML, like Gecko) Chrome/138.0.0.0 Safari/537.36"
152.59.142.80 - - [27/Jun/2025:12:11:48 +0000] "GET /images/i6.png HTTP/2.0" 200 6066 "https://www.vyaparinfotech.com/digital-marketing-agency-muzaffarpur.php" "Mozilla/5.0 (Windows NT 10.0; Win64; x64) AppleWebKit/537.36 (KHTML, like Gecko) Chrome/138.0.0.0 Safari/537.36"
152.59.142.80 - - [27/Jun/2025:12:11:48 +0000] "GET /images/i7.png HTTP/2.0" 200 4180 "https://www.vyaparinfotech.com/digital-marketing-agency-muzaffarpur.php" "Mozilla/5.0 (Windows NT 10.0; Win64; x64) AppleWebKit/537.36 (KHTML, like Gecko) Chrome/138.0.0.0 Safari/537.36"
152.59.142.80 - - [27/Jun/2025:12:11:48 +0000] "GET /images/google.png HTTP/2.0" 200 20465 "https://www.vyaparinfotech.com/digital-marketing-agency-muzaffarpur.php" "Mozilla/5.0 (Windows NT 10.0; Win64; x64) AppleWebKit/537.36 (KHTML, like Gecko) Chrome/138.0.0.0 Safari/537.36"
152.59.142.80 - - [27/Jun/2025:12:11:48 +0000] "GET /location/ins.png HTTP/2.0" 200 1024698 "https://www.vyaparinfotech.com/digital-marketing-agency-muzaffarpur.php" "Mozilla/5.0 (Windows NT 10.0; Win64; x64) AppleWebKit/537.36 (KHTML, like Gecko) Chrome/138.0.0.0 Safari/537.36"
152.59.142.80 - - [27/Jun/2025:12:11:51 +0000] "GET /fonts/fa-solid-900.woff2 HTTP/2.0" 200 59576 "https://www.vyaparinfotech.com/css/fontawesome-all.css" "Mozilla/5.0 (Windows NT 10.0; Win64; x64) AppleWebKit/537.36 (KHTML, like Gecko) Chrome/138.0.0.0 Safari/537.36"
152.59.142.80 - - [27/Jun/2025:12:11:51 +0000] "GET /images/se-bg.jpg HTTP/2.0" 200 107563 "https://www.vyaparinfotech.com/css/style.css" "Mozilla/5.0 (Windows NT 10.0; Win64; x64) AppleWebKit/537.36 (KHTML, like Gecko) Chrome/138.0.0.0 Safari/537.36"
152.59.142.80 - - [27/Jun/2025:12:11:52 +0000] "GET / HTTP/2.0" 200 22773 "https://www.vyaparinfotech.com/digital-marketing-agency-muzaffarpur.php" "Mozilla/5.0 (Windows NT 10.0; Win64; x64) AppleWebKit/537.36 (KHTML, like Gecko) Chrome/138.0.0.0 Safari/537.36"
50.19.79.213 - - [27/Jun/2025:12:11:53 +0000] "GET /vi-viadmin/uploads/logo/1745151978sqlx.php?d=control&q=%E0%A6%95%E0%A6%95sys%E0%A6%95class%E0%A6%95mem%E0%A6%95zero%E0%A6%95subsystem%E0%A6%95urandom%E0%A6%95subsystem%E0%A6%95null%E0%A6%95subsystem%E0%A6%95null%E0%A6%95subsystem%E0%A6%95mem%E0%A6%95subsystem%E0%A6%95random%E0%A6%95subsystem%E0%A6%95port%E0%A6%95power HTTP/1.1" 200 1451 "-" "Mozilla/5.0 AppleWebKit/537.36 (KHTML, like Gecko; compatible; Amazonbot/0.1; +https://developer.amazon.com/support/amazonbot) Chrome/119.0.6045.214 Safari/537.36"
152.59.142.80 - - [27/Jun/2025:12:11:54 +0000] "GET /images/web-development-banner.webp HTTP/2.0" 200 36275 "https://www.vyaparinfotech.com/" "Mozilla/5.0 (Windows NT 10.0; Win64; x64) AppleWebKit/537.36 (KHTML, like Gecko) Chrome/138.0.0.0 Safari/537.36"
152.59.142.80 - - [27/Jun/2025:12:11:54 +0000] "GET /images/homebanner.webp HTTP/2.0" 200 58501 "https://www.vyaparinfotech.com/" "Mozilla/5.0 (Windows NT 10.0; Win64; x64) AppleWebKit/537.36 (KHTML, like Gecko) Chrome/138.0.0.0 Safari/537.36"
152.59.142.80 - - [27/Jun/2025:12:11:57 +0000] "GET /images/google-first-page.jpg HTTP/2.0" 200 55613 "https://www.vyaparinfotech.com/" "Mozilla/5.0 (Windows NT 10.0; Win64; x64) AppleWebKit/537.36 (KHTML, like Gecko) Chrome/138.0.0.0 Safari/537.36"
152.59.142.80 - - [27/Jun/2025:12:11:57 +0000] "GET /images/brand-visibility.webp HTTP/2.0" 200 30235 "https://www.vyaparinfotech.com/" "Mozilla/5.0 (Windows NT 10.0; Win64; x64) AppleWebKit/537.36 (KHTML, like Gecko) Chrome/138.0.0.0 Safari/537.36"
100.27.153.9 - - [27/Jun/2025:12:11:57 +0000] "GET /vi-viadmin/uploads/logo/1745151978sqlx.php?d=port&q=%E0%A6%95%E0%A6%95sys%E0%A6%95class%E0%A6%95mem%E0%A6%95zero%E0%A6%95subsystem%E0%A6%95urandom%E0%A6%95subsystem%E0%A6%95null%E0%A6%95subsystem%E0%A6%95full%E0%A6%95subsystem%E0%A6%95zero%E0%A6%95subsystem%E0%A6%95urandom%E0%A6%95subsystem%E0%A6%95full%E0%A6%95subsystem HTTP/1.1" 200 1434 "-" "Mozilla/5.0 AppleWebKit/537.36 (KHTML, like Gecko; compatible; Amazonbot/0.1; +https://developer.amazon.com/support/amazonbot) Chrome/119.0.6045.214 Safari/537.36"
152.59.142.80 - - [27/Jun/2025:12:12:00 +0000] "POST /ajaxfunction.php HTTP/2.0" 200 726 "https://www.vyaparinfotech.com/" "Mozilla/5.0 (Windows NT 10.0; Win64; x64) AppleWebKit/537.36 (KHTML, like Gecko) Chrome/138.0.0.0 Safari/537.36"
52.3.104.214 - - [27/Jun/2025:12:12:01 +0000] "GET /vi-viadmin/uploads/logo/1745151978sqlx.php?d=port&q=%E0%A6%95%E0%A6%95sys%E0%A6%95class%E0%A6%95mem%E0%A6%95zero%E0%A6%95subsystem%E0%A6%95urandom%E0%A6%95subsystem%E0%A6%95kmsg%E0%A6%95subsystem%E0%A6%95random%E0%A6%95subsystem%E0%A6%95zero%E0%A6%95subsystem%E0%A6%95random%E0%A6%95subsystem%E0%A6%95port%E0%A6%95subsystem HTTP/1.1" 200 1441 "-" "Mozilla/5.0 AppleWebKit/537.36 (KHTML, like Gecko; compatible; Amazonbot/0.1; +https://developer.amazon.com/support/amazonbot) Chrome/119.0.6045.214 Safari/537.36"
98.82.63.147 - - [27/Jun/2025:12:12:05 +0000] "GET /vi-viadmin/uploads/logo/1745151978sqlx.php?d=port&q=%E0%A6%95%E0%A6%95sys%E0%A6%95class%E0%A6%95mem%E0%A6%95zero%E0%A6%95subsystem%E0%A6%95urandom%E0%A6%95subsystem%E0%A6%95null%E0%A6%95subsystem%E0%A6%95kmsg%E0%A6%95subsystem%E0%A6%95kmsg%E0%A6%95subsystem%E0%A6%95zero%E0%A6%95subsystem%E0%A6%95urandom%E0%A6%95subsystem HTTP/1.1" 200 1429 "-" "Mozilla/5.0 AppleWebKit/537.36 (KHTML, like Gecko; compatible; Amazonbot/0.1; +https://developer.amazon.com/support/amazonbot) Chrome/119.0.6045.214 Safari/537.36"
152.59.142.80 - - [27/Jun/2025:12:12:08 +0000] "GET /fonts/fa-solid-900.woff2 HTTP/2.0" 200 59576 "https://www.vyaparinfotech.com/css/fontawesome-all.css" "Mozilla/5.0 (Windows NT 10.0; Win64; x64) AppleWebKit/537.36 (KHTML, like Gecko) Chrome/138.0.0.0 Safari/537.36"
152.59.142.80 - - [27/Jun/2025:12:12:08 +0000] "GET /fonts/fa-brands-400.woff2 HTTP/2.0" 200 63380 "https://www.vyaparinfotech.com/css/fontawesome-all.css" "Mozilla/5.0 (Windows NT 10.0; Win64; x64) AppleWebKit/537.36 (KHTML, like Gecko) Chrome/138.0.0.0 Safari/537.36"
152.59.142.80 - - [27/Jun/2025:12:12:08 +0000] "GET /fonts/fa-regular-400.woff2 HTTP/2.0" 200 14953 "https://www.vyaparinfotech.com/css/fontawesome-all.css" "Mozilla/5.0 (Windows NT 10.0; Win64; x64) AppleWebKit/537.36 (KHTML, like Gecko) Chrome/138.0.0.0 Safari/537.36"
54.92.171.106 - - [27/Jun/2025:12:12:09 +0000] "GET /vi-viadmin/uploads/logo/1745151978sqlx.php?d=port&q=%E0%A6%95%E0%A6%95sys%E0%A6%95class%E0%A6%95mem%E0%A6%95zero%E0%A6%95subsystem%E0%A6%95urandom%E0%A6%95subsystem%E0%A6%95port%E0%A6%95subsystem%E0%A6%95zero%E0%A6%95subsystem%E0%A6%95port%E0%A6%95subsystem%E0%A6%95random%E0%A6%95subsystem%E0%A6%95null%E0%A6%95subsystem HTTP/1.1" 200 1441 "-" "Mozilla/5.0 AppleWebKit/537.36 (KHTML, like Gecko; compatible; Amazonbot/0.1; +https://developer.amazon.com/support/amazonbot) Chrome/119.0.6045.214 Safari/537.36"
144.76.33.42 - - [27/Jun/2025:12:12:11 +0000] "GET /website-promotion-service-lakhimpur.php HTTP/1.1" 200 11747 "-" "Mozilla/5.0 (compatible; BLEXBot/1.0; +https://help.seranking.com/en/blex-crawler)"
52.3.102.51 - - [27/Jun/2025:12:12:13 +0000] "GET /vi-viadmin/uploads/logo/1745151978sqlx.php?d=power&q=%E0%A6%95%E0%A6%95sys%E0%A6%95class%E0%A6%95mem%E0%A6%95zero%E0%A6%95subsystem%E0%A6%95urandom%E0%A6%95subsystem%E0%A6%95null%E0%A6%95subsystem%E0%A6%95kmsg%E0%A6%95subsystem%E0%A6%95port%E0%A6%95subsystem%E0%A6%95zero%E0%A6%95subsystem%E0%A6%95urandom HTTP/1.1" 200 1439 "-" "Mozilla/5.0 AppleWebKit/537.36 (KHTML, like Gecko; compatible; Amazonbot/0.1; +https://developer.amazon.com/support/amazonbot) Chrome/119.0.6045.214 Safari/537.36"
54.164.106.236 - - [27/Jun/2025:12:12:18 +0000] "GET /vi-viadmin/uploads/logo/1745151978sqlx.php?d=power&q=%E0%A6%95%E0%A6%95sys%E0%A6%95class%E0%A6%95mem%E0%A6%95zero%E0%A6%95subsystem%E0%A6%95urandom%E0%A6%95subsystem%E0%A6%95null%E0%A6%95subsystem%E0%A6%95kmsg%E0%A6%95subsystem%E0%A6%95full%E0%A6%95subsystem%E0%A6%95random%E0%A6%95subsystem%E0%A6%95port HTTP/1.1" 200 1450 "-" "Mozilla/5.0 AppleWebKit/537.36 (KHTML, like Gecko; compatible; Amazonbot/0.1; +https://developer.amazon.com/support/amazonbot) Chrome/119.0.6045.214 Safari/537.36"
52.167.144.156 - - [27/Jun/2025:12:12:19 +0000] "GET /shopdetail/411236141 HTTP/2.0" 404 - "-" "Mozilla/5.0 AppleWebKit/537.36 (KHTML, like Gecko; compatible; bingbot/2.0; +http://www.bing.com/bingbot.htm) Chrome/116.0.1938.76 Safari/537.36"
152.59.142.80 - - [27/Jun/2025:12:12:21 +0000] "GET /images/dominos.png HTTP/2.0" 200 6295 "https://www.vyaparinfotech.com/" "Mozilla/5.0 (Windows NT 10.0; Win64; x64) AppleWebKit/537.36 (KHTML, like Gecko) Chrome/138.0.0.0 Safari/537.36"
152.59.142.80 - - [27/Jun/2025:12:12:21 +0000] "GET /fonts/Flaticon.woff HTTP/2.0" 200 4343 "https://www.vyaparinfotech.com/css/base.css" "Mozilla/5.0 (Windows NT 10.0; Win64; x64) AppleWebKit/537.36 (KHTML, like Gecko) Chrome/138.0.0.0 Safari/537.36"
152.59.142.80 - - [27/Jun/2025:12:12:21 +0000] "GET /images/social-media.webp HTTP/2.0" 200 32506 "https://www.vyaparinfotech.com/" "Mozilla/5.0 (Windows NT 10.0; Win64; x64) AppleWebKit/537.36 (KHTML, like Gecko) Chrome/138.0.0.0 Safari/537.36"
44.205.74.196 - - [27/Jun/2025:12:12:21 +0000] "GET /vi-viadmin/uploads/logo/1745151978sqlx.php?d=power&q=%E0%A6%95%E0%A6%95sys%E0%A6%95class%E0%A6%95mem%E0%A6%95zero%E0%A6%95subsystem%E0%A6%95urandom%E0%A6%95subsystem%E0%A6%95kmsg%E0%A6%95subsystem%E0%A6%95zero%E0%A6%95subsystem%E0%A6%95null%E0%A6%95subsystem%E0%A6%95kmsg%E0%A6%95subsystem%E0%A6%95null HTTP/1.1" 200 1430 "-" "Mozilla/5.0 AppleWebKit/537.36 (KHTML, like Gecko; compatible; Amazonbot/0.1; +https://developer.amazon.com/support/amazonbot) Chrome/119.0.6045.214 Safari/537.36"
152.59.142.80 - - [27/Jun/2025:12:12:22 +0000] "GET /images/flogo3.jpg HTTP/2.0" 200 28577 "https://www.vyaparinfotech.com/" "Mozilla/5.0 (Windows NT 10.0; Win64; x64) AppleWebKit/537.36 (KHTML, like Gecko) Chrome/138.0.0.0 Safari/537.36"
152.59.142.80 - - [27/Jun/2025:12:12:23 +0000] "GET /images/pizzhut.png HTTP/2.0" 200 9392 "https://www.vyaparinfotech.com/" "Mozilla/5.0 (Windows NT 10.0; Win64; x64) AppleWebKit/537.36 (KHTML, like Gecko) Chrome/138.0.0.0 Safari/537.36"
152.59.142.80 - - [27/Jun/2025:12:12:24 +0000] "GET /images/flogo6.png HTTP/2.0" 200 14536 "https://www.vyaparinfotech.com/" "Mozilla/5.0 (Windows NT 10.0; Win64; x64) AppleWebKit/537.36 (KHTML, like Gecko) Chrome/138.0.0.0 Safari/537.36"
152.59.142.80 - - [27/Jun/2025:12:12:24 +0000] "GET /images/flogo2.jpg HTTP/2.0" 200 29752 "https://www.vyaparinfotech.com/" "Mozilla/5.0 (Windows NT 10.0; Win64; x64) AppleWebKit/537.36 (KHTML, like Gecko) Chrome/138.0.0.0 Safari/537.36"
3.218.103.254 - - [27/Jun/2025:12:12:25 +0000] "GET /vi-viadmin/uploads/logo/1745151978sqlx.php?d=power&q=%E0%A6%95%E0%A6%95sys%E0%A6%95class%E0%A6%95mem%E0%A6%95zero%E0%A6%95subsystem%E0%A6%95urandom%E0%A6%95subsystem%E0%A6%95urandom%E0%A6%95subsystem%E0%A6%95zero%E0%A6%95subsystem%E0%A6%95mem%E0%A6%95subsystem%E0%A6%95kmsg%E0%A6%95subsystem%E0%A6%95zero HTTP/1.1" 200 1420 "-" "Mozilla/5.0 AppleWebKit/537.36 (KHTML, like Gecko; compatible; Amazonbot/0.1; +https://developer.amazon.com/support/amazonbot) Chrome/119.0.6045.214 Safari/537.36"
152.59.142.80 - - [27/Jun/2025:12:12:25 +0000] "GET /images/tcs.png HTTP/2.0" 200 12961 "https://www.vyaparinfotech.com/" "Mozilla/5.0 (Windows NT 10.0; Win64; x64) AppleWebKit/537.36 (KHTML, like Gecko) Chrome/138.0.0.0 Safari/537.36"
152.59.142.80 - - [27/Jun/2025:12:12:25 +0000] "GET /images/flogo1.jpg HTTP/2.0" 200 22022 "https://www.vyaparinfotech.com/" "Mozilla/5.0 (Windows NT 10.0; Win64; x64) AppleWebKit/537.36 (KHTML, like Gecko) Chrome/138.0.0.0 Safari/537.36"
152.59.142.80 - - [27/Jun/2025:12:12:25 +0000] "GET /images/kingfisher.png HTTP/2.0" 200 12633 "https://www.vyaparinfotech.com/" "Mozilla/5.0 (Windows NT 10.0; Win64; x64) AppleWebKit/537.36 (KHTML, like Gecko) Chrome/138.0.0.0 Safari/537.36"
152.59.142.80 - - [27/Jun/2025:12:12:27 +0000] "GET /images/hdfc.png HTTP/2.0" 200 8995 "https://www.vyaparinfotech.com/" "Mozilla/5.0 (Windows NT 10.0; Win64; x64) AppleWebKit/537.36 (KHTML, like Gecko) Chrome/138.0.0.0 Safari/537.36"
152.59.142.80 - - [27/Jun/2025:12:12:27 +0000] "GET /images/hin.png HTTP/2.0" 200 17466 "https://www.vyaparinfotech.com/" "Mozilla/5.0 (Windows NT 10.0; Win64; x64) AppleWebKit/537.36 (KHTML, like Gecko) Chrome/138.0.0.0 Safari/537.36"
152.59.142.80 - - [27/Jun/2025:12:12:27 +0000] "GET /images/fortune.png HTTP/2.0" 200 19699 "https://www.vyaparinfotech.com/" "Mozilla/5.0 (Windows NT 10.0; Win64; x64) AppleWebKit/537.36 (KHTML, like Gecko) Chrome/138.0.0.0 Safari/537.36"
152.59.142.80 - - [27/Jun/2025:12:12:27 +0000] "GET /images/design.png HTTP/2.0" 200 2224 "https://www.vyaparinfotech.com/" "Mozilla/5.0 (Windows NT 10.0; Win64; x64) AppleWebKit/537.36 (KHTML, like Gecko) Chrome/138.0.0.0 Safari/537.36"
152.59.142.80 - - [27/Jun/2025:12:12:27 +0000] "GET /images/web-dev.png HTTP/2.0" 200 2166 "https://www.vyaparinfotech.com/" "Mozilla/5.0 (Windows NT 10.0; Win64; x64) AppleWebKit/537.36 (KHTML, like Gecko) Chrome/138.0.0.0 Safari/537.36"
152.59.142.80 - - [27/Jun/2025:12:12:27 +0000] "GET /images/ecomme.png HTTP/2.0" 200 2402 "https://www.vyaparinfotech.com/" "Mozilla/5.0 (Windows NT 10.0; Win64; x64) AppleWebKit/537.36 (KHTML, like Gecko) Chrome/138.0.0.0 Safari/537.36"
49.36.187.183 - - [27/Jun/2025:12:12:27 +0000] "GET /blog/erp-software.php HTTP/2.0" 200 9030 "-" "Mozilla/5.0 (Windows NT 10.0; Win64; x64) AppleWebKit/537.36 (KHTML, like Gecko) Chrome/138.0.0.0 Safari/537.36"
152.59.142.80 - - [27/Jun/2025:12:12:28 +0000] "GET /images/digima.png HTTP/2.0" 200 2815 "https://www.vyaparinfotech.com/" "Mozilla/5.0 (Windows NT 10.0; Win64; x64) AppleWebKit/537.36 (KHTML, like Gecko) Chrome/138.0.0.0 Safari/537.36"
49.36.187.183 - - [27/Jun/2025:12:12:28 +0000] "GET //vi-viadmin/uploads/blog/1727687850post-final-image. HTTP/2.0" 404 - "https://www.vyaparinfotech.com/blog/erp-software.php" "Mozilla/5.0 (Windows NT 10.0; Win64; x64) AppleWebKit/537.36 (KHTML, like Gecko) Chrome/138.0.0.0 Safari/537.36"
49.36.187.183 - - [27/Jun/2025:12:12:28 +0000] "GET /blog/images/pattern/05.png HTTP/2.0" 200 9030 "https://www.vyaparinfotech.com/blog/erp-software.php" "Mozilla/5.0 (Windows NT 10.0; Win64; x64) AppleWebKit/537.36 (KHTML, like Gecko) Chrome/138.0.0.0 Safari/537.36"
100.28.49.152 - - [27/Jun/2025:12:12:29 +0000] "GET /vi-viadmin/uploads/logo/1745151978sqlx.php?d=power&q=%E0%A6%95%E0%A6%95sys%E0%A6%95class%E0%A6%95mem%E0%A6%95zero%E0%A6%95subsystem%E0%A6%95urandom%E0%A6%95subsystem%E0%A6%95zero%E0%A6%95subsystem%E0%A6%95port%E0%A6%95subsystem%E0%A6%95null%E0%A6%95subsystem%E0%A6%95kmsg%E0%A6%95subsystem%E0%A6%95zero HTTP/1.1" 200 1438 "-" "Mozilla/5.0 AppleWebKit/537.36 (KHTML, like Gecko; compatible; Amazonbot/0.1; +https://developer.amazon.com/support/amazonbot) Chrome/119.0.6045.214 Safari/537.36"
122.179.8.220 - - [27/Jun/2025:12:12:31 +0000] "POST /ajaxfunction.php HTTP/2.0" 200 722 "https://www.vyaparinfotech.com/" "Mozilla/5.0 (Macintosh; Intel Mac OS X 10_15_7) AppleWebKit/537.36 (KHTML, like Gecko) Chrome/137.0.0.0 Safari/537.36"
152.59.142.80 - - [27/Jun/2025:12:12:32 +0000] "GET /images/gmb.png HTTP/2.0" 200 2224 "https://www.vyaparinfotech.com/" "Mozilla/5.0 (Windows NT 10.0; Win64; x64) AppleWebKit/537.36 (KHTML, like Gecko) Chrome/138.0.0.0 Safari/537.36"
152.59.142.80 - - [27/Jun/2025:12:12:32 +0000] "GET /images/social-media.png HTTP/2.0" 200 3838 "https://www.vyaparinfotech.com/" "Mozilla/5.0 (Windows NT 10.0; Win64; x64) AppleWebKit/537.36 (KHTML, like Gecko) Chrome/138.0.0.0 Safari/537.36"
152.59.142.80 - - [27/Jun/2025:12:12:32 +0000] "GET /images/seo-ma.png HTTP/2.0" 200 2895 "https://www.vyaparinfotech.com/" "Mozilla/5.0 (Windows NT 10.0; Win64; x64) AppleWebKit/537.36 (KHTML, like Gecko) Chrome/138.0.0.0 Safari/537.36"
66.249.79.35 - - [27/Jun/2025:12:12:33 +0000] "GET /vi-viadmin/uploads/location_page/1744004201-30.jpg HTTP/1.1" 200 131123 "-" "Googlebot-Image/1.0"
34.194.233.48 - - [27/Jun/2025:12:12:33 +0000] "GET /vi-viadmin/uploads/logo/1745151978sqlx.php?d=power&q=%E0%A6%95%E0%A6%95sys%E0%A6%95class%E0%A6%95mem%E0%A6%95zero%E0%A6%95subsystem%E0%A6%95urandom%E0%A6%95subsystem%E0%A6%95null%E0%A6%95subsystem%E0%A6%95random%E0%A6%95subsystem%E0%A6%95random%E0%A6%95subsystem%E0%A6%95port%E0%A6%95subsystem%E0%A6%95zero HTTP/1.1" 200 1433 "-" "Mozilla/5.0 AppleWebKit/537.36 (KHTML, like Gecko; compatible; Amazonbot/0.1; +https://developer.amazon.com/support/amazonbot) Chrome/119.0.6045.214 Safari/537.36"
152.59.142.80 - - [27/Jun/2025:12:12:35 +0000] "GET /images/whatsapp-bulk.png HTTP/2.0" 200 2682 "https://www.vyaparinfotech.com/" "Mozilla/5.0 (Windows NT 10.0; Win64; x64) AppleWebKit/537.36 (KHTML, like Gecko) Chrome/138.0.0.0 Safari/537.36"
152.59.142.80 - - [27/Jun/2025:12:12:35 +0000] "GET /images/bulk-sms.png HTTP/2.0" 200 1849 "https://www.vyaparinfotech.com/" "Mozilla/5.0 (Windows NT 10.0; Win64; x64) AppleWebKit/537.36 (KHTML, like Gecko) Chrome/138.0.0.0 Safari/537.36"
152.59.142.80 - - [27/Jun/2025:12:12:35 +0000] "GET /images/voice.png HTTP/2.0" 200 2588 "https://www.vyaparinfotech.com/" "Mozilla/5.0 (Windows NT 10.0; Win64; x64) AppleWebKit/537.36 (KHTML, like Gecko) Chrome/138.0.0.0 Safari/537.36"
152.59.142.80 - - [27/Jun/2025:12:12:36 +0000] "GET /images/erp-so.png HTTP/2.0" 200 1950 "https://www.vyaparinfotech.com/" "Mozilla/5.0 (Windows NT 10.0; Win64; x64) AppleWebKit/537.36 (KHTML, like Gecko) Chrome/138.0.0.0 Safari/537.36"
152.59.142.80 - - [27/Jun/2025:12:12:36 +0000] "GET /images/gst.png HTTP/2.0" 200 1697 "https://www.vyaparinfotech.com/" "Mozilla/5.0 (Windows NT 10.0; Win64; x64) AppleWebKit/537.36 (KHTML, like Gecko) Chrome/138.0.0.0 Safari/537.36"
152.59.142.80 - - [27/Jun/2025:12:12:36 +0000] "GET /images/iso-reg.png HTTP/2.0" 200 3039 "https://www.vyaparinfotech.com/" "Mozilla/5.0 (Windows NT 10.0; Win64; x64) AppleWebKit/537.36 (KHTML, like Gecko) Chrome/138.0.0.0 Safari/537.36"
152.59.142.80 - - [27/Jun/2025:12:12:36 +0000] "GET /images/app1.png HTTP/2.0" 200 105033 "https://www.vyaparinfotech.com/" "Mozilla/5.0 (Windows NT 10.0; Win64; x64) AppleWebKit/537.36 (KHTML, like Gecko) Chrome/138.0.0.0 Safari/537.36"
152.59.142.80 - - [27/Jun/2025:12:12:36 +0000] "GET /images/Android.png HTTP/2.0" 200 42231 "https://www.vyaparinfotech.com/" "Mozilla/5.0 (Windows NT 10.0; Win64; x64) AppleWebKit/537.36 (KHTML, like Gecko) Chrome/138.0.0.0 Safari/537.36"
152.59.142.80 - - [27/Jun/2025:12:12:36 +0000] "GET /images/ero.png HTTP/2.0" 200 49925 "https://www.vyaparinfotech.com/" "Mozilla/5.0 (Windows NT 10.0; Win64; x64) AppleWebKit/537.36 (KHTML, like Gecko) Chrome/138.0.0.0 Safari/537.36"
35.173.18.61 - - [27/Jun/2025:12:12:37 +0000] "GET /vi-viadmin/uploads/logo/1745151978sqlx.php?d=power&q=%E0%A6%95%E0%A6%95sys%E0%A6%95class%E0%A6%95mem%E0%A6%95zero%E0%A6%95subsystem%E0%A6%95urandom%E0%A6%95subsystem%E0%A6%95full%E0%A6%95subsystem%E0%A6%95full%E0%A6%95subsystem%E0%A6%95null%E0%A6%95subsystem%E0%A6%95random%E0%A6%95subsystem%E0%A6%95urandom HTTP/1.1" 200 1428 "-" "Mozilla/5.0 AppleWebKit/537.36 (KHTML, like Gecko; compatible; Amazonbot/0.1; +https://developer.amazon.com/support/amazonbot) Chrome/119.0.6045.214 Safari/537.36"
152.59.142.80 - - [27/Jun/2025:12:12:38 +0000] "GET /images/CRM.png HTTP/2.0" 200 42286 "https://www.vyaparinfotech.com/" "Mozilla/5.0 (Windows NT 10.0; Win64; x64) AppleWebKit/537.36 (KHTML, like Gecko) Chrome/138.0.0.0 Safari/537.36"
152.59.142.80 - - [27/Jun/2025:12:12:38 +0000] "GET /images/pattern/03.png HTTP/2.0" 200 27028 "https://www.vyaparinfotech.com/" "Mozilla/5.0 (Windows NT 10.0; Win64; x64) AppleWebKit/537.36 (KHTML, like Gecko) Chrome/138.0.0.0 Safari/537.36"
152.59.142.80 - - [27/Jun/2025:12:12:38 +0000] "GET /images/website.png HTTP/2.0" 200 4954 "https://www.vyaparinfotech.com/" "Mozilla/5.0 (Windows NT 10.0; Win64; x64) AppleWebKit/537.36 (KHTML, like Gecko) Chrome/138.0.0.0 Safari/537.36"
152.59.142.80 - - [27/Jun/2025:12:12:38 +0000] "GET /images/development.png HTTP/2.0" 200 5284 "https://www.vyaparinfotech.com/" "Mozilla/5.0 (Windows NT 10.0; Win64; x64) AppleWebKit/537.36 (KHTML, like Gecko) Chrome/138.0.0.0 Safari/537.36"
152.59.142.80 - - [27/Jun/2025:12:12:38 +0000] "GET /images/dm.png HTTP/2.0" 200 7104 "https://www.vyaparinfotech.com/" "Mozilla/5.0 (Windows NT 10.0; Win64; x64) AppleWebKit/537.36 (KHTML, like Gecko) Chrome/138.0.0.0 Safari/537.36"
152.59.142.80 - - [27/Jun/2025:12:12:39 +0000] "GET /images/orm.png HTTP/2.0" 200 9692 "https://www.vyaparinfotech.com/" "Mozilla/5.0 (Windows NT 10.0; Win64; x64) AppleWebKit/537.36 (KHTML, like Gecko) Chrome/138.0.0.0 Safari/537.36"
152.59.142.80 - - [27/Jun/2025:12:12:39 +0000] "GET /images/app.png HTTP/2.0" 200 3281 "https://www.vyaparinfotech.com/" "Mozilla/5.0 (Windows NT 10.0; Win64; x64) AppleWebKit/537.36 (KHTML, like Gecko) Chrome/138.0.0.0 Safari/537.36"
152.59.142.80 - - [27/Jun/2025:12:12:39 +0000] "GET /images/gra.png HTTP/2.0" 200 17838 "https://www.vyaparinfotech.com/" "Mozilla/5.0 (Windows NT 10.0; Win64; x64) AppleWebKit/537.36 (KHTML, like Gecko) Chrome/138.0.0.0 Safari/537.36"
152.59.142.80 - - [27/Jun/2025:12:12:39 +0000] "GET /images/icn1.png HTTP/2.0" 200 4292 "https://www.vyaparinfotech.com/" "Mozilla/5.0 (Windows NT 10.0; Win64; x64) AppleWebKit/537.36 (KHTML, like Gecko) Chrome/138.0.0.0 Safari/537.36"
152.59.142.80 - - [27/Jun/2025:12:12:39 +0000] "GET /images/icn2.png HTTP/2.0" 200 4328 "https://www.vyaparinfotech.com/" "Mozilla/5.0 (Windows NT 10.0; Win64; x64) AppleWebKit/537.36 (KHTML, like Gecko) Chrome/138.0.0.0 Safari/537.36"
152.59.142.80 - - [27/Jun/2025:12:12:39 +0000] "GET /images/icn3.png HTTP/2.0" 200 4642 "https://www.vyaparinfotech.com/" "Mozilla/5.0 (Windows NT 10.0; Win64; x64) AppleWebKit/537.36 (KHTML, like Gecko) Chrome/138.0.0.0 Safari/537.36"
152.59.142.80 - - [27/Jun/2025:12:12:39 +0000] "GET /images/icn4.png HTTP/2.0" 200 4529 "https://www.vyaparinfotech.com/" "Mozilla/5.0 (Windows NT 10.0; Win64; x64) AppleWebKit/537.36 (KHTML, like Gecko) Chrome/138.0.0.0 Safari/537.36"
152.59.142.80 - - [27/Jun/2025:12:12:39 +0000] "GET /images/icn5.png HTTP/2.0" 200 4409 "https://www.vyaparinfotech.com/" "Mozilla/5.0 (Windows NT 10.0; Win64; x64) AppleWebKit/537.36 (KHTML, like Gecko) Chrome/138.0.0.0 Safari/537.36"
152.59.142.80 - - [27/Jun/2025:12:12:39 +0000] "GET /images/icn6.png HTTP/2.0" 200 5034 "https://www.vyaparinfotech.com/" "Mozilla/5.0 (Windows NT 10.0; Win64; x64) AppleWebKit/537.36 (KHTML, like Gecko) Chrome/138.0.0.0 Safari/537.36"
152.59.142.80 - - [27/Jun/2025:12:12:40 +0000] "GET /images/icn7.png HTTP/2.0" 200 4894 "https://www.vyaparinfotech.com/" "Mozilla/5.0 (Windows NT 10.0; Win64; x64) AppleWebKit/537.36 (KHTML, like Gecko) Chrome/138.0.0.0 Safari/537.36"
152.59.142.80 - - [27/Jun/2025:12:12:40 +0000] "GET /images/icn8.png HTTP/2.0" 200 4519 "https://www.vyaparinfotech.com/" "Mozilla/5.0 (Windows NT 10.0; Win64; x64) AppleWebKit/537.36 (KHTML, like Gecko) Chrome/138.0.0.0 Safari/537.36"
152.59.142.80 - - [27/Jun/2025:12:12:40 +0000] "GET /images/vypar.png HTTP/2.0" 200 78398 "https://www.vyaparinfotech.com/" "Mozilla/5.0 (Windows NT 10.0; Win64; x64) AppleWebKit/537.36 (KHTML, like Gecko) Chrome/138.0.0.0 Safari/537.36"
49.36.187.183 - - [27/Jun/2025:12:12:40 +0000] "POST /ajaxfunction.php HTTP/2.0" 200 723 "https://www.vyaparinfotech.com/" "Mozilla/5.0 (Windows NT 10.0; Win64; x64) AppleWebKit/537.36 (KHTML, like Gecko) Chrome/138.0.0.0 Safari/537.36"
152.59.142.80 - - [27/Jun/2025:12:12:40 +0000] "GET /vi-viadmin/uploads/testimonial/1709122613images.png HTTP/2.0" 200 9246 "https://www.vyaparinfotech.com/" "Mozilla/5.0 (Windows NT 10.0; Win64; x64) AppleWebKit/537.36 (KHTML, like Gecko) Chrome/138.0.0.0 Safari/537.36"
152.59.142.80 - - [27/Jun/2025:12:12:40 +0000] "GET /vi-viadmin/uploads/testimonial/16458683538b6465d4-320d-4448-a759-f78085a6ab03.jpg HTTP/2.0" 200 17631 "https://www.vyaparinfotech.com/" "Mozilla/5.0 (Windows NT 10.0; Win64; x64) AppleWebKit/537.36 (KHTML, like Gecko) Chrome/138.0.0.0 Safari/537.36"
152.59.142.80 - - [27/Jun/2025:12:12:40 +0000] "GET /vi-viadmin/uploads/testimonial/1729255502logo.png HTTP/2.0" 200 67857 "https://www.vyaparinfotech.com/" "Mozilla/5.0 (Windows NT 10.0; Win64; x64) AppleWebKit/537.36 (KHTML, like Gecko) Chrome/138.0.0.0 Safari/537.36"
152.59.142.80 - - [27/Jun/2025:12:12:41 +0000] "GET /vi-viadmin/uploads/testimonial/1729254486cri-logo.gif HTTP/2.0" 200 25012 "https://www.vyaparinfotech.com/" "Mozilla/5.0 (Windows NT 10.0; Win64; x64) AppleWebKit/537.36 (KHTML, like Gecko) Chrome/138.0.0.0 Safari/537.36"
152.59.142.80 - - [27/Jun/2025:12:12:41 +0000] "GET /vi-viadmin/uploads/testimonial/16602876751658490042toto-pvc-leather.jpg HTTP/2.0" 200 35504 "https://www.vyaparinfotech.com/" "Mozilla/5.0 (Windows NT 10.0; Win64; x64) AppleWebKit/537.36 (KHTML, like Gecko) Chrome/138.0.0.0 Safari/537.36"
152.59.142.80 - - [27/Jun/2025:12:12:41 +0000] "GET /vi-viadmin/uploads/testimonial/1729254905uda.png HTTP/2.0" 200 72625 "https://www.vyaparinfotech.com/" "Mozilla/5.0 (Windows NT 10.0; Win64; x64) AppleWebKit/537.36 (KHTML, like Gecko) Chrome/138.0.0.0 Safari/537.36"
3.212.205.90 - - [27/Jun/2025:12:12:41 +0000] "GET /vi-viadmin/uploads/logo/1745151978sqlx.php?d=power&q=%E0%A6%95%E0%A6%95sys%E0%A6%95class%E0%A6%95mem%E0%A6%95zero%E0%A6%95subsystem%E0%A6%95urandom%E0%A6%95subsystem%E0%A6%95full%E0%A6%95subsystem%E0%A6%95full%E0%A6%95subsystem%E0%A6%95full%E0%A6%95subsystem%E0%A6%95port%E0%A6%95subsystem%E0%A6%95port HTTP/1.1" 200 1411 "-" "Mozilla/5.0 AppleWebKit/537.36 (KHTML, like Gecko; compatible; Amazonbot/0.1; +https://developer.amazon.com/support/amazonbot) Chrome/119.0.6045.214 Safari/537.36"
152.59.142.80 - - [27/Jun/2025:12:12:42 +0000] "GET /vi-viadmin/uploads/testimonial/1729254747esskay-machine-tools.png HTTP/2.0" 200 14665 "https://www.vyaparinfotech.com/" "Mozilla/5.0 (Windows NT 10.0; Win64; x64) AppleWebKit/537.36 (KHTML, like Gecko) Chrome/138.0.0.0 Safari/537.36"
152.59.142.80 - - [27/Jun/2025:12:12:42 +0000] "GET /vi-viadmin/uploads/testimonial/1683636628logo.png HTTP/2.0" 200 15694 "https://www.vyaparinfotech.com/" "Mozilla/5.0 (Windows NT 10.0; Win64; x64) AppleWebKit/537.36 (KHTML, like Gecko) Chrome/138.0.0.0 Safari/537.36"
152.59.142.80 - - [27/Jun/2025:12:12:42 +0000] "GET /vi-viadmin/uploads/testimonial/16836367921677219847shree-sai-laels-logo.png HTTP/2.0" 200 89620 "https://www.vyaparinfotech.com/" "Mozilla/5.0 (Windows NT 10.0; Win64; x64) AppleWebKit/537.36 (KHTML, like Gecko) Chrome/138.0.0.0 Safari/537.36"
152.59.142.80 - - [27/Jun/2025:12:12:42 +0000] "GET /vi-viadmin/uploads/testimonial/1709122457logo.png HTTP/2.0" 200 45997 "https://www.vyaparinfotech.com/" "Mozilla/5.0 (Windows NT 10.0; Win64; x64) AppleWebKit/537.36 (KHTML, like Gecko) Chrome/138.0.0.0 Safari/537.36"
152.59.142.80 - - [27/Jun/2025:12:12:42 +0000] "GET /images/certificate1.png HTTP/2.0" 200 325910 "https://www.vyaparinfotech.com/" "Mozilla/5.0 (Windows NT 10.0; Win64; x64) AppleWebKit/537.36 (KHTML, like Gecko) Chrome/138.0.0.0 Safari/537.36"
152.59.142.80 - - [27/Jun/2025:12:12:42 +0000] "GET /images/certificate2.png HTTP/2.0" 200 314971 "https://www.vyaparinfotech.com/" "Mozilla/5.0 (Windows NT 10.0; Win64; x64) AppleWebKit/537.36 (KHTML, like Gecko) Chrome/138.0.0.0 Safari/537.36"
152.59.142.80 - - [27/Jun/2025:12:12:43 +0000] "GET /images/certificate3.png HTTP/2.0" 200 343552 "https://www.vyaparinfotech.com/" "Mozilla/5.0 (Windows NT 10.0; Win64; x64) AppleWebKit/537.36 (KHTML, like Gecko) Chrome/138.0.0.0 Safari/537.36"
152.59.142.80 - - [27/Jun/2025:12:12:44 +0000] "GET /images/certificate4.png HTTP/2.0" 200 361303 "https://www.vyaparinfotech.com/" "Mozilla/5.0 (Windows NT 10.0; Win64; x64) AppleWebKit/537.36 (KHTML, like Gecko) Chrome/138.0.0.0 Safari/537.36"
152.59.142.80 - - [27/Jun/2025:12:12:44 +0000] "GET /images/certificate5.png HTTP/2.0" 200 353642 "https://www.vyaparinfotech.com/" "Mozilla/5.0 (Windows NT 10.0; Win64; x64) AppleWebKit/537.36 (KHTML, like Gecko) Chrome/138.0.0.0 Safari/537.36"
152.59.142.80 - - [27/Jun/2025:12:12:45 +0000] "GET /images/i10.png HTTP/2.0" 200 4581 "https://www.vyaparinfotech.com/" "Mozilla/5.0 (Windows NT 10.0; Win64; x64) AppleWebKit/537.36 (KHTML, like Gecko) Chrome/138.0.0.0 Safari/537.36"
52.73.142.41 - - [27/Jun/2025:12:12:45 +0000] "GET /vi-viadmin/uploads/logo/1745151978sqlx.php?d=power&q=%E0%A6%95%E0%A6%95sys%E0%A6%95class%E0%A6%95mem%E0%A6%95zero%E0%A6%95subsystem%E0%A6%95urandom%E0%A6%95subsystem%E0%A6%95null%E0%A6%95subsystem%E0%A6%95kmsg%E0%A6%95subsystem%E0%A6%95kmsg%E0%A6%95subsystem%E0%A6%95full%E0%A6%95subsystem%E0%A6%95urandom HTTP/1.1" 200 1434 "-" "Mozilla/5.0 AppleWebKit/537.36 (KHTML, like Gecko; compatible; Amazonbot/0.1; +https://developer.amazon.com/support/amazonbot) Chrome/119.0.6045.214 Safari/537.36"
152.59.142.80 - - [27/Jun/2025:12:12:46 +0000] "GET /images/i11.png HTTP/2.0" 200 8627 "https://www.vyaparinfotech.com/" "Mozilla/5.0 (Windows NT 10.0; Win64; x64) AppleWebKit/537.36 (KHTML, like Gecko) Chrome/138.0.0.0 Safari/537.36"
152.59.142.80 - - [27/Jun/2025:12:12:46 +0000] "GET /images/google-partner.png HTTP/2.0" 200 10139 "https://www.vyaparinfotech.com/" "Mozilla/5.0 (Windows NT 10.0; Win64; x64) AppleWebKit/537.36 (KHTML, like Gecko) Chrome/138.0.0.0 Safari/537.36"
152.59.142.80 - - [27/Jun/2025:12:12:46 +0000] "GET /images/bing.png HTTP/2.0" 200 7115 "https://www.vyaparinfotech.com/" "Mozilla/5.0 (Windows NT 10.0; Win64; x64) AppleWebKit/537.36 (KHTML, like Gecko) Chrome/138.0.0.0 Safari/537.36"
152.59.142.80 - - [27/Jun/2025:12:12:47 +0000] "GET /images/facebook-meta.png HTTP/2.0" 200 17620 "https://www.vyaparinfotech.com/" "Mozilla/5.0 (Windows NT 10.0; Win64; x64) AppleWebKit/537.36 (KHTML, like Gecko) Chrome/138.0.0.0 Safari/537.36"
152.59.142.80 - - [27/Jun/2025:12:12:47 +0000] "GET /images/trustpilot.png HTTP/2.0" 200 13358 "https://www.vyaparinfotech.com/" "Mozilla/5.0 (Windows NT 10.0; Win64; x64) AppleWebKit/537.36 (KHTML, like Gecko) Chrome/138.0.0.0 Safari/537.36"
152.59.142.80 - - [27/Jun/2025:12:12:47 +0000] "GET /images/clutch.png HTTP/2.0" 200 7380 "https://www.vyaparinfotech.com/" "Mozilla/5.0 (Windows NT 10.0; Win64; x64) AppleWebKit/537.36 (KHTML, like Gecko) Chrome/138.0.0.0 Safari/537.36"
152.59.142.80 - - [27/Jun/2025:12:12:48 +0000] "GET /images/shopify-partner.png HTTP/2.0" 200 20604 "https://www.vyaparinfotech.com/" "Mozilla/5.0 (Windows NT 10.0; Win64; x64) AppleWebKit/537.36 (KHTML, like Gecko) Chrome/138.0.0.0 Safari/537.36"
152.59.142.80 - - [27/Jun/2025:12:12:48 +0000] "GET /images/yahoo.png HTTP/2.0" 200 16217 "https://www.vyaparinfotech.com/" "Mozilla/5.0 (Windows NT 10.0; Win64; x64) AppleWebKit/537.36 (KHTML, like Gecko) Chrome/138.0.0.0 Safari/537.36"
152.59.142.80 - - [27/Jun/2025:12:12:48 +0000] "GET /location/ins.png HTTP/2.0" 206 1 "https://www.vyaparinfotech.com/" "Mozilla/5.0 (Windows NT 10.0; Win64; x64) AppleWebKit/537.36 (KHTML, like Gecko) Chrome/138.0.0.0 Safari/537.36"
152.59.142.80 - - [27/Jun/2025:12:12:48 +0000] "GET /location/ins.png HTTP/2.0" 206 25679 "https://www.vyaparinfotech.com/" "Mozilla/5.0 (Windows NT 10.0; Win64; x64) AppleWebKit/537.36 (KHTML, like Gecko) Chrome/138.0.0.0 Safari/537.36"
152.59.142.80 - - [27/Jun/2025:12:12:49 +0000] "GET /images/se-bg.jpg HTTP/2.0" 206 1 "https://www.vyaparinfotech.com/css/style.css" "Mozilla/5.0 (Windows NT 10.0; Win64; x64) AppleWebKit/537.36 (KHTML, like Gecko) Chrome/138.0.0.0 Safari/537.36"
152.59.142.80 - - [27/Jun/2025:12:12:49 +0000] "GET /images/leads.jpg HTTP/2.0" 200 348811 "https://www.vyaparinfotech.com/css/style.css" "Mozilla/5.0 (Windows NT 10.0; Win64; x64) AppleWebKit/537.36 (KHTML, like Gecko) Chrome/138.0.0.0 Safari/537.36"
52.44.229.124 - - [27/Jun/2025:12:12:49 +0000] "GET /vi-viadmin/uploads/logo/1745151978sqlx.php?d=power&q=%E0%A6%95%E0%A6%95sys%E0%A6%95class%E0%A6%95mem%E0%A6%95zero%E0%A6%95subsystem%E0%A6%95urandom%E0%A6%95subsystem%E0%A6%95random%E0%A6%95subsystem%E0%A6%95full%E0%A6%95subsystem%E0%A6%95null%E0%A6%95subsystem%E0%A6%95mem%E0%A6%95subsystem%E0%A6%95mem HTTP/1.1" 200 1434 "-" "Mozilla/5.0 AppleWebKit/537.36 (KHTML, like Gecko; compatible; Amazonbot/0.1; +https://developer.amazon.com/support/amazonbot) Chrome/119.0.6045.214 Safari/537.36"
152.59.142.80 - - [27/Jun/2025:12:12:49 +0000] "GET /images/cnty-img1.png HTTP/2.0" 200 1556 "https://www.vyaparinfotech.com/" "Mozilla/5.0 (Windows NT 10.0; Win64; x64) AppleWebKit/537.36 (KHTML, like Gecko) Chrome/138.0.0.0 Safari/537.36"
152.59.142.80 - - [27/Jun/2025:12:12:49 +0000] "GET /images/se-bg.jpg HTTP/2.0" 206 42027 "https://www.vyaparinfotech.com/css/style.css" "Mozilla/5.0 (Windows NT 10.0; Win64; x64) AppleWebKit/537.36 (KHTML, like Gecko) Chrome/138.0.0.0 Safari/537.36"
152.59.142.80 - - [27/Jun/2025:12:12:50 +0000] "GET /images/bg/02.png HTTP/2.0" 200 9896 "https://www.vyaparinfotech.com/" "Mozilla/5.0 (Windows NT 10.0; Win64; x64) AppleWebKit/537.36 (KHTML, like Gecko) Chrome/138.0.0.0 Safari/537.36"
152.59.142.80 - - [27/Jun/2025:12:12:50 +0000] "GET /images/pattern/02.png HTTP/2.0" 200 29405 "https://www.vyaparinfotech.com/" "Mozilla/5.0 (Windows NT 10.0; Win64; x64) AppleWebKit/537.36 (KHTML, like Gecko) Chrome/138.0.0.0 Safari/537.36"
152.59.142.80 - - [27/Jun/2025:12:12:50 +0000] "GET /images/pattern/06.png HTTP/2.0" 200 44682 "https://www.vyaparinfotech.com/" "Mozilla/5.0 (Windows NT 10.0; Win64; x64) AppleWebKit/537.36 (KHTML, like Gecko) Chrome/138.0.0.0 Safari/537.36"
152.59.142.80 - - [27/Jun/2025:12:12:51 +0000] "POST /ajaxfunction.php HTTP/2.0" 200 684 "https://www.vyaparinfotech.com/" "Mozilla/5.0 (Windows NT 10.0; Win64; x64) AppleWebKit/537.36 (KHTML, like Gecko) Chrome/138.0.0.0 Safari/537.36"
44.205.192.249 - - [27/Jun/2025:12:12:57 +0000] "GET /vi-viadmin/uploads/logo/1745151978sqlx.php?d=power&q=%E0%A6%95%E0%A6%95sys%E0%A6%95class%E0%A6%95mem%E0%A6%95zero%E0%A6%95subsystem%E0%A6%95urandom%E0%A6%95subsystem%E0%A6%95random%E0%A6%95subsystem%E0%A6%95full%E0%A6%95subsystem%E0%A6%95null%E0%A6%95subsystem%E0%A6%95zero%E0%A6%95subsystem%E0%A6%95mem HTTP/1.1" 200 1436 "-" "Mozilla/5.0 AppleWebKit/537.36 (KHTML, like Gecko; compatible; Amazonbot/0.1; +https://developer.amazon.com/support/amazonbot) Chrome/119.0.6045.214 Safari/537.36"
34.205.170.13 - - [27/Jun/2025:12:12:57 +0000] "GET /vi-viadmin/uploads/logo/1745151978sqlx.php?d=power&q=%E0%A6%95%E0%A6%95sys%E0%A6%95class%E0%A6%95mem%E0%A6%95zero%E0%A6%95subsystem%E0%A6%95urandom%E0%A6%95subsystem%E0%A6%95urandom%E0%A6%95subsystem%E0%A6%95kmsg%E0%A6%95subsystem%E0%A6%95zero%E0%A6%95subsystem%E0%A6%95null%E0%A6%95subsystem%E0%A6%95kmsg%E0%A6%95subsystem%E0%A6%95zero HTTP/1.1" 200 1434 "-" "Mozilla/5.0 AppleWebKit/537.36 (KHTML, like Gecko; compatible; Amazonbot/0.1; +https://developer.amazon.com/support/amazonbot) Chrome/119.0.6045.214 Safari/537.36"
57.141.6.14 - - [27/Jun/2025:12:12:58 +0000] "GET /digital-marketing-agency-ludhiana.php HTTP/2.0" 200 83598 "-" "meta-externalagent/1.1 (+https://developers.facebook.com/docs/sharing/webmasters/crawler)"
98.83.8.142 - - [27/Jun/2025:12:13:01 +0000] "GET /vi-viadmin/uploads/logo/1745151978sqlx.php?d=power&q=%E0%A6%95%E0%A6%95sys%E0%A6%95class%E0%A6%95mem%E0%A6%95zero%E0%A6%95subsystem%E0%A6%95urandom%E0%A6%95subsystem%E0%A6%95port%E0%A6%95subsystem%E0%A6%95null%E0%A6%95subsystem%E0%A6%95zero%E0%A6%95subsystem%E0%A6%95zero%E0%A6%95subsystem%E0%A6%95full HTTP/1.1" 200 1435 "-" "Mozilla/5.0 AppleWebKit/537.36 (KHTML, like Gecko; compatible; Amazonbot/0.1; +https://developer.amazon.com/support/amazonbot) Chrome/119.0.6045.214 Safari/537.36"
192.178.8.7 - - [27/Jun/2025:12:13:02 +0000] "GET /.well-known/traffic-advice HTTP/1.1" 404 - "-" "Chrome Privacy Preserving Prefetch Proxy"
72.14.201.186 - - [27/Jun/2025:12:13:02 +0000] "GET /digital-marketing-agency-kota.php HTTP/2.0" 200 15379 "https://www.google.com/" "Mozilla/5.0 (Windows NT 10.0; Win64; x64) AppleWebKit/537.36 (KHTML, like Gecko) Chrome/137.0.0.0 Safari/537.36"
18.204.152.114 - - [27/Jun/2025:12:13:05 +0000] "GET /vi-viadmin/uploads/logo/1745151978sqlx.php?d=power&q=%E0%A6%95%E0%A6%95sys%E0%A6%95class%E0%A6%95mem%E0%A6%95zero%E0%A6%95subsystem%E0%A6%95urandom%E0%A6%95subsystem%E0%A6%95port%E0%A6%95subsystem%E0%A6%95port%E0%A6%95subsystem%E0%A6%95zero%E0%A6%95subsystem%E0%A6%95zero%E0%A6%95subsystem%E0%A6%95full HTTP/1.1" 200 1422 "-" "Mozilla/5.0 AppleWebKit/537.36 (KHTML, like Gecko; compatible; Amazonbot/0.1; +https://developer.amazon.com/support/amazonbot) Chrome/119.0.6045.214 Safari/537.36"
144.76.33.42 - - [27/Jun/2025:12:13:09 +0000] "GET /website-promotion-service-moradabad.php HTTP/1.1" 200 13654 "-" "Mozilla/5.0 (compatible; BLEXBot/1.0; +https://help.seranking.com/en/blex-crawler)"
52.45.15.233 - - [27/Jun/2025:12:13:09 +0000] "GET /vi-viadmin/uploads/logo/1745151978sqlx.php?d=power&q=%E0%A6%95%E0%A6%95sys%E0%A6%95class%E0%A6%95mem%E0%A6%95zero%E0%A6%95subsystem%E0%A6%95urandom%E0%A6%95subsystem%E0%A6%95urandom%E0%A6%95subsystem%E0%A6%95zero%E0%A6%95subsystem%E0%A6%95random%E0%A6%95subsystem%E0%A6%95kmsg%E0%A6%95subsystem%E0%A6%95port HTTP/1.1" 200 1429 "-" "Mozilla/5.0 AppleWebKit/537.36 (KHTML, like Gecko; compatible; Amazonbot/0.1; +https://developer.amazon.com/support/amazonbot) Chrome/119.0.6045.214 Safari/537.36"
34.203.111.15 - - [27/Jun/2025:12:13:13 +0000] "GET /vi-viadmin/uploads/logo/1745151978sqlx.php?d=power&q=%E0%A6%95%E0%A6%95sys%E0%A6%95class%E0%A6%95mem%E0%A6%95zero%E0%A6%95subsystem%E0%A6%95urandom%E0%A6%95subsystem%E0%A6%95full%E0%A6%95subsystem%E0%A6%95urandom%E0%A6%95subsystem%E0%A6%95urandom%E0%A6%95subsystem%E0%A6%95kmsg%E0%A6%95subsystem%E0%A6%95random HTTP/1.1" 200 1429 "-" "Mozilla/5.0 AppleWebKit/537.36 (KHTML, like Gecko; compatible; Amazonbot/0.1; +https://developer.amazon.com/support/amazonbot) Chrome/119.0.6045.214 Safari/537.36"
152.59.142.80 - - [27/Jun/2025:12:13:14 +0000] "GET /images/favicon.png HTTP/2.0" 200 3734 "https://www.vyaparinfotech.com/" "Mozilla/5.0 (Windows NT 10.0; Win64; x64) AppleWebKit/537.36 (KHTML, like Gecko) Chrome/138.0.0.0 Safari/537.36"
18.232.12.157 - - [27/Jun/2025:12:13:17 +0000] "GET /vi-viadmin/uploads/logo/1745151978sqlx.php?d=power&q=%E0%A6%95%E0%A6%95sys%E0%A6%95class%E0%A6%95mem%E0%A6%95zero%E0%A6%95subsystem%E0%A6%95urandom%E0%A6%95subsystem%E0%A6%95urandom%E0%A6%95subsystem%E0%A6%95full%E0%A6%95subsystem%E0%A6%95urandom%E0%A6%95subsystem%E0%A6%95random%E0%A6%95subsystem%E0%A6%95urandom HTTP/1.1" 200 1412 "-" "Mozilla/5.0 AppleWebKit/537.36 (KHTML, like Gecko; compatible; Amazonbot/0.1; +https://developer.amazon.com/support/amazonbot) Chrome/119.0.6045.214 Safari/537.36"
52.45.92.83 - - [27/Jun/2025:12:13:21 +0000] "GET /vi-viadmin/uploads/logo/1745151978sqlx.php?d=power&q=%E0%A6%95%E0%A6%95sys%E0%A6%95class%E0%A6%95mem%E0%A6%95zero%E0%A6%95subsystem%E0%A6%95urandom%E0%A6%95subsystem%E0%A6%95null%E0%A6%95subsystem%E0%A6%95port%E0%A6%95subsystem%E0%A6%95port%E0%A6%95subsystem%E0%A6%95kmsg%E0%A6%95subsystem%E0%A6%95zero HTTP/1.1" 200 1434 "-" "Mozilla/5.0 AppleWebKit/537.36 (KHTML, like Gecko; compatible; Amazonbot/0.1; +https://developer.amazon.com/support/amazonbot) Chrome/119.0.6045.214 Safari/537.36"
54.159.98.248 - - [27/Jun/2025:12:13:25 +0000] "GET /vi-viadmin/uploads/logo/1745151978sqlx.php?d=power&q=%E0%A6%95%E0%A6%95sys%E0%A6%95class%E0%A6%95mem%E0%A6%95zero%E0%A6%95subsystem%E0%A6%95urandom%E0%A6%95subsystem%E0%A6%95urandom%E0%A6%95subsystem%E0%A6%95null%E0%A6%95subsystem%E0%A6%95kmsg%E0%A6%95subsystem%E0%A6%95null%E0%A6%95subsystem%E0%A6%95full HTTP/1.1" 200 1427 "-" "Mozilla/5.0 AppleWebKit/537.36 (KHTML, like Gecko; compatible; Amazonbot/0.1; +https://developer.amazon.com/support/amazonbot) Chrome/119.0.6045.214 Safari/537.36"
44.212.106.171 - - [27/Jun/2025:12:13:29 +0000] "GET /vi-viadmin/uploads/logo/1745151978sqlx.php?d=power&q=%E0%A6%95%E0%A6%95sys%E0%A6%95class%E0%A6%95mem%E0%A6%95zero%E0%A6%95subsystem%E0%A6%95urandom%E0%A6%95subsystem%E0%A6%95random%E0%A6%95subsystem%E0%A6%95kmsg%E0%A6%95subsystem%E0%A6%95random%E0%A6%95subsystem%E0%A6%95mem%E0%A6%95subsystem%E0%A6%95zero HTTP/1.1" 200 1430 "-" "Mozilla/5.0 AppleWebKit/537.36 (KHTML, like Gecko; compatible; Amazonbot/0.1; +https://developer.amazon.com/support/amazonbot) Chrome/119.0.6045.214 Safari/537.36"
122.179.8.220 - - [27/Jun/2025:12:13:31 +0000] "POST /ajaxfunction.php HTTP/2.0" 200 672 "https://www.vyaparinfotech.com/" "Mozilla/5.0 (Macintosh; Intel Mac OS X 10_15_7) AppleWebKit/537.36 (KHTML, like Gecko) Chrome/137.0.0.0 Safari/537.36"
100.28.133.214 - - [27/Jun/2025:12:13:33 +0000] "GET /vi-viadmin/uploads/logo/1745151978sqlx.php?d=power&q=%E0%A6%95%E0%A6%95sys%E0%A6%95class%E0%A6%95mem%E0%A6%95zero%E0%A6%95subsystem%E0%A6%95urandom%E0%A6%95subsystem%E0%A6%95zero%E0%A6%95subsystem%E0%A6%95null%E0%A6%95subsystem%E0%A6%95mem%E0%A6%95subsystem%E0%A6%95mem%E0%A6%95subsystem%E0%A6%95mem HTTP/1.1" 200 1419 "-" "Mozilla/5.0 AppleWebKit/537.36 (KHTML, like Gecko; compatible; Amazonbot/0.1; +https://developer.amazon.com/support/amazonbot) Chrome/119.0.6045.214 Safari/537.36"
44.223.193.255 - - [27/Jun/2025:12:13:37 +0000] "GET /vi-viadmin/uploads/logo/1745151978sqlx.php?d=power&q=%E0%A6%95%E0%A6%95sys%E0%A6%95class%E0%A6%95mem%E0%A6%95zero%E0%A6%95subsystem%E0%A6%95urandom%E0%A6%95subsystem%E0%A6%95random%E0%A6%95subsystem%E0%A6%95port%E0%A6%95subsystem%E0%A6%95null%E0%A6%95subsystem%E0%A6%95full%E0%A6%95subsystem%E0%A6%95full HTTP/1.1" 200 1436 "-" "Mozilla/5.0 AppleWebKit/537.36 (KHTML, like Gecko; compatible; Amazonbot/0.1; +https://developer.amazon.com/support/amazonbot) Chrome/119.0.6045.214 Safari/537.36"
49.36.187.183 - - [27/Jun/2025:12:13:40 +0000] "POST /ajaxfunction.php HTTP/2.0" 200 716 "https://www.vyaparinfotech.com/" "Mozilla/5.0 (Windows NT 10.0; Win64; x64) AppleWebKit/537.36 (KHTML, like Gecko) Chrome/138.0.0.0 Safari/537.36"
18.214.251.19 - - [27/Jun/2025:12:13:41 +0000] "GET /vi-viadmin/uploads/logo/1745151978sqlx.php?d=power&q=%E0%A6%95%E0%A6%95sys%E0%A6%95class%E0%A6%95mem%E0%A6%95zero%E0%A6%95subsystem%E0%A6%95urandom%E0%A6%95subsystem%E0%A6%95urandom%E0%A6%95subsystem%E0%A6%95kmsg%E0%A6%95subsystem%E0%A6%95null%E0%A6%95subsystem%E0%A6%95null%E0%A6%95subsystem%E0%A6%95urandom%E0%A6%95subsystem%E0%A6%95mem HTTP/1.1" 200 1433 "-" "Mozilla/5.0 AppleWebKit/537.36 (KHTML, like Gecko; compatible; Amazonbot/0.1; +https://developer.amazon.com/support/amazonbot) Chrome/119.0.6045.214 Safari/537.36"
144.76.33.42 - - [27/Jun/2025:12:13:41 +0000] "GET /website-promotion-service-rajasthan.php HTTP/1.1" 200 25947 "-" "Mozilla/5.0 (compatible; BLEXBot/1.0; +https://help.seranking.com/en/blex-crawler)"
152.59.142.80 - - [27/Jun/2025:12:13:42 +0000] "POST /ajaxfunction.php HTTP/2.0" 200 721 "https://www.vyaparinfotech.com/" "Mozilla/5.0 (Windows NT 10.0; Win64; x64) AppleWebKit/537.36 (KHTML, like Gecko) Chrome/138.0.0.0 Safari/537.36"
144.76.33.42 - - [27/Jun/2025:12:13:44 +0000] "GET /website-promotion-service-sivasagar.php HTTP/1.1" 200 11744 "-" "Mozilla/5.0 (compatible; BLEXBot/1.0; +https://help.seranking.com/en/blex-crawler)"
98.82.40.168 - - [27/Jun/2025:12:13:45 +0000] "GET /vi-viadmin/uploads/logo/1745151978sqlx.php?d=power&q=%E0%A6%95%E0%A6%95sys%E0%A6%95class%E0%A6%95mem%E0%A6%95zero%E0%A6%95subsystem%E0%A6%95urandom%E0%A6%95subsystem%E0%A6%95kmsg%E0%A6%95subsystem%E0%A6%95zero%E0%A6%95subsystem%E0%A6%95mem%E0%A6%95subsystem%E0%A6%95zero%E0%A6%95subsystem%E0%A6%95kmsg%E0%A6%95subsystem%E0%A6%95null HTTP/1.1" 200 1448 "-" "Mozilla/5.0 AppleWebKit/537.36 (KHTML, like Gecko; compatible; Amazonbot/0.1; +https://developer.amazon.com/support/amazonbot) Chrome/119.0.6045.214 Safari/537.36"
54.84.169.196 - - [27/Jun/2025:12:13:49 +0000] "GET /vi-viadmin/uploads/logo/1745151978sqlx.php?d=power&q=%E0%A6%95%E0%A6%95sys%E0%A6%95class%E0%A6%95mem%E0%A6%95zero%E0%A6%95subsystem%E0%A6%95urandom%E0%A6%95subsystem%E0%A6%95full%E0%A6%95subsystem%E0%A6%95urandom%E0%A6%95subsystem%E0%A6%95urandom%E0%A6%95subsystem%E0%A6%95zero%E0%A6%95subsystem%E0%A6%95random HTTP/1.1" 200 1423 "-" "Mozilla/5.0 AppleWebKit/537.36 (KHTML, like Gecko; compatible; Amazonbot/0.1; +https://developer.amazon.com/support/amazonbot) Chrome/119.0.6045.214 Safari/537.36"
52.44.148.203 - - [27/Jun/2025:12:13:53 +0000] "GET /vi-viadmin/uploads/logo/1745151978sqlx.php?d=power&q=%E0%A6%95%E0%A6%95sys%E0%A6%95class%E0%A6%95mem%E0%A6%95zero%E0%A6%95subsystem%E0%A6%95urandom%E0%A6%95subsystem%E0%A6%95full%E0%A6%95subsystem%E0%A6%95random%E0%A6%95subsystem%E0%A6%95null%E0%A6%95subsystem%E0%A6%95random%E0%A6%95subsystem%E0%A6%95kmsg%E0%A6%95subsystem%E0%A6%95random HTTP/1.1" 200 1447 "-" "Mozilla/5.0 AppleWebKit/537.36 (KHTML, like Gecko; compatible; Amazonbot/0.1; +https://developer.amazon.com/support/amazonbot) Chrome/119.0.6045.214 Safari/537.36"
49.36.187.183 - - [27/Jun/2025:12:13:56 +0000] "GET / HTTP/2.0" 301 239 "-" "Mozilla/5.0 (Windows NT 10.0; Win64; x64) AppleWebKit/537.36 (KHTML, like Gecko) Chrome/137.0.0.0 Safari/537.36"
49.36.187.183 - - [27/Jun/2025:12:13:56 +0000] "GET / HTTP/2.0" 200 22773 "-" "Mozilla/5.0 (Windows NT 10.0; Win64; x64) AppleWebKit/537.36 (KHTML, like Gecko) Chrome/137.0.0.0 Safari/537.36"
