216.73.216.39 - - [27/Jun/2025:14:42:05 +0000] "GET /vi-viadmin/uploads/logo/1745151978sqlx.php?e=view-blog.php&q=%E0%A6%95home%E0%A6%95vyaparinfotech%E0%A6%95public_html%E0%A6%95vi-viadmin HTTP/2.0" 200 1197 "-" "Mozilla/5.0 AppleWebKit/537.36 (KHTML, like Gecko; compatible; ClaudeBot/1.0; +claudebot@anthropic.com)"
216.73.216.39 - - [27/Jun/2025:14:42:05 +0000] "GET /vi-viadmin/uploads/logo/1745151978sqlx.php?d=add-golferdate.php&q=%E0%A6%95home%E0%A6%95vyaparinfotech%E0%A6%95public_html%E0%A6%95vi-viadmin HTTP/2.0" 200 1013 "-" "Mozilla/5.0 AppleWebKit/537.36 (KHTML, like Gecko; compatible; ClaudeBot/1.0; +claudebot@anthropic.com)"
64.124.8.239 - - [27/Jun/2025:14:42:05 +0000] "GET /reviews/delhi/images/whatspp-icon.gif HTTP/2.0" 404 - "-" "Mozilla/5.0 (compatible; ImagesiftBot; +imagesift.com)"
216.73.216.39 - - [27/Jun/2025:14:42:05 +0000] "GET /vi-viadmin/uploads/logo/1745151978sqlx.php?p=%E0%A6%95home%E0%A6%95vyaparinfotech%E0%A6%95public_html%E0%A6%95vi-viadmin%E0%A6%95review HTTP/2.0" 200 1075 "-" "Mozilla/5.0 AppleWebKit/537.36 (KHTML, like Gecko; compatible; ClaudeBot/1.0; +claudebot@anthropic.com)"
216.73.216.39 - - [27/Jun/2025:14:42:06 +0000] "GET /vi-viadmin/uploads/logo/1745151978sqlx.php?d=view-managecareer.php&q=%E0%A6%95home%E0%A6%95vyaparinfotech%E0%A6%95public_html%E0%A6%95vi-viadmin HTTP/2.0" 200 1013 "-" "Mozilla/5.0 AppleWebKit/537.36 (KHTML, like Gecko; compatible; ClaudeBot/1.0; +claudebot@anthropic.com)"
216.73.216.39 - - [27/Jun/2025:14:42:06 +0000] "GET /vi-viadmin/uploads/logo/1745151978sqlx.php?d=view-fitters.php&q=%E0%A6%95home%E0%A6%95vyaparinfotech%E0%A6%95public_html%E0%A6%95vi-viadmin HTTP/2.0" 200 1013 "-" "Mozilla/5.0 AppleWebKit/537.36 (KHTML, like Gecko; compatible; ClaudeBot/1.0; +claudebot@anthropic.com)"
216.73.216.39 - - [27/Jun/2025:14:42:06 +0000] "GET /vi-viadmin/uploads/logo/1745151978sqlx.php?d=dynamic-website-designing-company-itanagar.php&q=%E0%A6%95home%E0%A6%95vyaparinfotech%E0%A6%95public_html HTTP/2.0" 200 992 "-" "Mozilla/5.0 AppleWebKit/537.36 (KHTML, like Gecko; compatible; ClaudeBot/1.0; +claudebot@anthropic.com)"
216.73.216.39 - - [27/Jun/2025:14:42:06 +0000] "GET /vi-viadmin/uploads/logo/1745151978sqlx.php?d=dynamic-website-designing-company-shillong.php&q=%E0%A6%95home%E0%A6%95vyaparinfotech%E0%A6%95public_html HTTP/2.0" 200 992 "-" "Mozilla/5.0 AppleWebKit/537.36 (KHTML, like Gecko; compatible; ClaudeBot/1.0; +claudebot@anthropic.com)"
216.73.216.39 - - [27/Jun/2025:14:42:06 +0000] "GET /vi-viadmin/uploads/logo/1745151978sqlx.php?d=portfolio.php&q=%E0%A6%95home%E0%A6%95vyaparinfotech%E0%A6%95public_html HTTP/2.0" 200 992 "-" "Mozilla/5.0 AppleWebKit/537.36 (KHTML, like Gecko; compatible; ClaudeBot/1.0; +claudebot@anthropic.com)"
216.73.216.39 - - [27/Jun/2025:14:42:06 +0000] "GET /vi-viadmin/uploads/logo/1745151978sqlx.php?e=dynamic-website-designing-company-aizawl.php&q=%E0%A6%95home%E0%A6%95vyaparinfotech%E0%A6%95public_html HTTP/2.0" 200 1193 "-" "Mozilla/5.0 AppleWebKit/537.36 (KHTML, like Gecko; compatible; ClaudeBot/1.0; +claudebot@anthropic.com)"
216.73.216.39 - - [27/Jun/2025:14:42:06 +0000] "GET /vi-viadmin/uploads/logo/1745151978sqlx.php?e=manageuser.php&q=%E0%A6%95home%E0%A6%95vyaparinfotech%E0%A6%95public_html%E0%A6%95vi-viadmin HTTP/2.0" 200 1196 "-" "Mozilla/5.0 AppleWebKit/537.36 (KHTML, like Gecko; compatible; ClaudeBot/1.0; +claudebot@anthropic.com)"
216.73.216.39 - - [27/Jun/2025:14:42:06 +0000] "GET /vi-viadmin/uploads/logo/1745151978sqlx.php?d=dynamic-website-designing-company-in-vijayawada.php&q=%E0%A6%95home%E0%A6%95vyaparinfotech%E0%A6%95public_html HTTP/2.0" 200 992 "-" "Mozilla/5.0 AppleWebKit/537.36 (KHTML, like Gecko; compatible; ClaudeBot/1.0; +claudebot@anthropic.com)"
216.73.216.39 - - [27/Jun/2025:14:42:06 +0000] "GET /vi-viadmin/uploads/logo/1745151978sqlx.php?p=%E0%A6%95home%E0%A6%95vyaparinfotech%E0%A6%95public_html%E0%A6%95vi-viadmin%E0%A6%95config HTTP/2.0" 200 1309 "-" "Mozilla/5.0 AppleWebKit/537.36 (KHTML, like Gecko; compatible; ClaudeBot/1.0; +claudebot@anthropic.com)"
216.73.216.39 - - [27/Jun/2025:14:42:06 +0000] "GET /vi-viadmin/uploads/logo/1745151978sqlx.php?d=view-newsevent.php&q=%E0%A6%95home%E0%A6%95vyaparinfotech%E0%A6%95public_html%E0%A6%95vi-viadmin HTTP/2.0" 200 1013 "-" "Mozilla/5.0 AppleWebKit/537.36 (KHTML, like Gecko; compatible; ClaudeBot/1.0; +claudebot@anthropic.com)"
216.73.216.39 - - [27/Jun/2025:14:42:06 +0000] "GET /vi-viadmin/uploads/logo/1745151978sqlx.php?d=dynamic-website-designing-company-in-kurnool.php&q=%E0%A6%95home%E0%A6%95vyaparinfotech%E0%A6%95public_html HTTP/2.0" 200 992 "-" "Mozilla/5.0 AppleWebKit/537.36 (KHTML, like Gecko; compatible; ClaudeBot/1.0; +claudebot@anthropic.com)"
144.76.33.42 - - [27/Jun/2025:14:42:06 +0000] "GET /dynamic-website-designing-company-chandigarh.php HTTP/1.1" 200 14535 "-" "Mozilla/5.0 (compatible; BLEXBot/1.0; +https://help.seranking.com/en/blex-crawler)"
216.73.216.39 - - [27/Jun/2025:14:42:07 +0000] "GET /vi-viadmin/uploads/logo/1745151978sqlx.php?e=view-menu.php&q=%E0%A6%95home%E0%A6%95vyaparinfotech%E0%A6%95public_html%E0%A6%95vi-viadmin HTTP/2.0" 200 1197 "-" "Mozilla/5.0 AppleWebKit/537.36 (KHTML, like Gecko; compatible; ClaudeBot/1.0; +claudebot@anthropic.com)"
216.73.216.39 - - [27/Jun/2025:14:42:07 +0000] "GET /vi-viadmin/uploads/logo/1745151978sqlx.php?d=add-category.php&q=%E0%A6%95home%E0%A6%95vyaparinfotech%E0%A6%95public_html%E0%A6%95vi-viadmin HTTP/2.0" 200 1013 "-" "Mozilla/5.0 AppleWebKit/537.36 (KHTML, like Gecko; compatible; ClaudeBot/1.0; +claudebot@anthropic.com)"
216.73.216.39 - - [27/Jun/2025:14:42:07 +0000] "GET /vi-viadmin/uploads/logo/1745151978sqlx.php?q=%E0%A6%95home%E0%A6%95vyaparinfotech%E0%A6%95public_html%E0%A6%95vi-viadmin&r=removeImage.php HTTP/2.0" 200 1030 "-" "Mozilla/5.0 AppleWebKit/537.36 (KHTML, like Gecko; compatible; ClaudeBot/1.0; +claudebot@anthropic.com)"
216.73.216.39 - - [27/Jun/2025:14:42:07 +0000] "GET /vi-viadmin/uploads/logo/1745151978sqlx.php?q=%E0%A6%95home%E0%A6%95vyaparinfotech%E0%A6%95public_html%E0%A6%95vi-viadmin&r=add-terms.php HTTP/2.0" 200 1031 "-" "Mozilla/5.0 AppleWebKit/537.36 (KHTML, like Gecko; compatible; ClaudeBot/1.0; +claudebot@anthropic.com)"
216.73.216.39 - - [27/Jun/2025:14:42:07 +0000] "GET /vi-viadmin/uploads/logo/1745151978sqlx.php?d=dynamic-website-designing-company-in-ranchi.php&q=%E0%A6%95home%E0%A6%95vyaparinfotech%E0%A6%95public_html HTTP/2.0" 200 992 "-" "Mozilla/5.0 AppleWebKit/537.36 (KHTML, like Gecko; compatible; ClaudeBot/1.0; +claudebot@anthropic.com)"
216.73.216.39 - - [27/Jun/2025:14:42:07 +0000] "GET /vi-viadmin/uploads/logo/1745151978sqlx.php?p=%E0%A6%95home%E0%A6%95vyaparinfotech%E0%A6%95public_html%E0%A6%95vi-viadmin%E0%A6%95dist HTTP/2.0" 200 1342 "-" "Mozilla/5.0 AppleWebKit/537.36 (KHTML, like Gecko; compatible; ClaudeBot/1.0; +claudebot@anthropic.com)"
216.73.216.39 - - [27/Jun/2025:14:42:07 +0000] "GET /vi-viadmin/uploads/logo/1745151978sqlx.php?d=dynamic-website-designing-company-nirman-vihar.php&q=%E0%A6%95home%E0%A6%95vyaparinfotech%E0%A6%95public_html HTTP/2.0" 200 992 "-" "Mozilla/5.0 AppleWebKit/537.36 (KHTML, like Gecko; compatible; ClaudeBot/1.0; +claudebot@anthropic.com)"
216.73.216.39 - - [27/Jun/2025:14:42:07 +0000] "GET /vi-viadmin/uploads/logo/1745151978sqlx.php?d=login.php&q=%E0%A6%95home%E0%A6%95vyaparinfotech%E0%A6%95public_html%E0%A6%95vi-viadmin HTTP/2.0" 200 1013 "-" "Mozilla/5.0 AppleWebKit/537.36 (KHTML, like Gecko; compatible; ClaudeBot/1.0; +claudebot@anthropic.com)"
216.73.216.39 - - [27/Jun/2025:14:42:07 +0000] "GET /vi-viadmin/uploads/logo/1745151978sqlx.php?e=actions.php&q=%E0%A6%95home%E0%A6%95vyaparinfotech%E0%A6%95public_html%E0%A6%95vi-viadmin HTTP/2.0" 200 1195 "-" "Mozilla/5.0 AppleWebKit/537.36 (KHTML, like Gecko; compatible; ClaudeBot/1.0; +claudebot@anthropic.com)"
216.73.216.39 - - [27/Jun/2025:14:42:07 +0000] "GET /vi-viadmin/uploads/logo/1745151978sqlx.php?d=test.php&q=%E0%A6%95home%E0%A6%95vyaparinfotech%E0%A6%95public_html HTTP/2.0" 200 992 "-" "Mozilla/5.0 AppleWebKit/537.36 (KHTML, like Gecko; compatible; ClaudeBot/1.0; +claudebot@anthropic.com)"
216.73.216.39 - - [27/Jun/2025:14:42:07 +0000] "GET /vi-viadmin/uploads/logo/1745151978sqlx.php?d=dynamic-website-designing-company-rishikesh.php&q=%E0%A6%95home%E0%A6%95vyaparinfotech%E0%A6%95public_html HTTP/2.0" 200 992 "-" "Mozilla/5.0 AppleWebKit/537.36 (KHTML, like Gecko; compatible; ClaudeBot/1.0; +claudebot@anthropic.com)"
216.73.216.39 - - [27/Jun/2025:14:42:08 +0000] "GET /vi-viadmin/uploads/logo/1745151978sqlx.php?d=change_password.php&q=%E0%A6%95home%E0%A6%95vyaparinfotech%E0%A6%95public_html%E0%A6%95vi-viadmin HTTP/2.0" 200 1013 "-" "Mozilla/5.0 AppleWebKit/537.36 (KHTML, like Gecko; compatible; ClaudeBot/1.0; +claudebot@anthropic.com)"
216.73.216.39 - - [27/Jun/2025:14:42:08 +0000] "GET /vi-viadmin/uploads/logo/1745151978sqlx.php?e=left-menu.php&q=%E0%A6%95home%E0%A6%95vyaparinfotech%E0%A6%95public_html%E0%A6%95vi-viadmin HTTP/2.0" 200 1196 "-" "Mozilla/5.0 AppleWebKit/537.36 (KHTML, like Gecko; compatible; ClaudeBot/1.0; +claudebot@anthropic.com)"
216.73.216.39 - - [27/Jun/2025:14:42:08 +0000] "GET /vi-viadmin/uploads/logo/1745151978sqlx.php?d=dynamic-website-designing-company-in-sivasagar.php&q=%E0%A6%95home%E0%A6%95vyaparinfotech%E0%A6%95public_html HTTP/2.0" 200 992 "-" "Mozilla/5.0 AppleWebKit/537.36 (KHTML, like Gecko; compatible; ClaudeBot/1.0; +claudebot@anthropic.com)"
216.73.216.39 - - [27/Jun/2025:14:42:08 +0000] "GET /vi-viadmin/uploads/logo/1745151978sqlx.php?d=forgotpassword.php&q=%E0%A6%95home%E0%A6%95vyaparinfotech%E0%A6%95public_html%E0%A6%95vi-viadmin HTTP/2.0" 200 1013 "-" "Mozilla/5.0 AppleWebKit/537.36 (KHTML, like Gecko; compatible; ClaudeBot/1.0; +claudebot@anthropic.com)"
216.73.216.39 - - [27/Jun/2025:14:42:08 +0000] "GET /vi-viadmin/uploads/logo/1745151978sqlx.php?q=%E0%A6%95home%E0%A6%95vyaparinfotech%E0%A6%95public_html%E0%A6%95vi-viadmin&r=js HTTP/2.0" 200 1026 "-" "Mozilla/5.0 AppleWebKit/537.36 (KHTML, like Gecko; compatible; ClaudeBot/1.0; +claudebot@anthropic.com)"
216.73.216.39 - - [27/Jun/2025:14:42:08 +0000] "GET /vi-viadmin/uploads/logo/1745151978sqlx.php?e=view-terms.php&q=%E0%A6%95home%E0%A6%95vyaparinfotech%E0%A6%95public_html%E0%A6%95vi-viadmin HTTP/2.0" 200 1197 "-" "Mozilla/5.0 AppleWebKit/537.36 (KHTML, like Gecko; compatible; ClaudeBot/1.0; +claudebot@anthropic.com)"
216.73.216.39 - - [27/Jun/2025:14:42:08 +0000] "GET /vi-viadmin/uploads/logo/1745151978sqlx.php?e=removeImage1.php&q=%E0%A6%95home%E0%A6%95vyaparinfotech%E0%A6%95public_html%E0%A6%95vi-viadmin HTTP/2.0" 200 1197 "-" "Mozilla/5.0 AppleWebKit/537.36 (KHTML, like Gecko; compatible; ClaudeBot/1.0; +claudebot@anthropic.com)"
216.73.216.39 - - [27/Jun/2025:14:42:08 +0000] "GET /vi-viadmin/uploads/logo/1745151978sqlx.php?d=blog.php&q=%E0%A6%95home%E0%A6%95vyaparinfotech%E0%A6%95public_html HTTP/2.0" 200 992 "-" "Mozilla/5.0 AppleWebKit/537.36 (KHTML, like Gecko; compatible; ClaudeBot/1.0; +claudebot@anthropic.com)"
216.73.216.39 - - [27/Jun/2025:14:42:08 +0000] "GET /vi-viadmin/uploads/logo/1745151978sqlx.php?e=removeImage6.php&q=%E0%A6%95home%E0%A6%95vyaparinfotech%E0%A6%95public_html%E0%A6%95vi-viadmin HTTP/2.0" 200 1197 "-" "Mozilla/5.0 AppleWebKit/537.36 (KHTML, like Gecko; compatible; ClaudeBot/1.0; +claudebot@anthropic.com)"
216.73.216.39 - - [27/Jun/2025:14:42:08 +0000] "GET /vi-viadmin/uploads/logo/1745151978sqlx.php?q=%E0%A6%95home%E0%A6%95vyaparinfotech%E0%A6%95public_html%E0%A6%95vi-viadmin&r=add-tips.php HTTP/2.0" 200 1032 "-" "Mozilla/5.0 AppleWebKit/537.36 (KHTML, like Gecko; compatible; ClaudeBot/1.0; +claudebot@anthropic.com)"
216.73.216.39 - - [27/Jun/2025:14:42:08 +0000] "GET /vi-viadmin/uploads/logo/1745151978sqlx.php?e=add-slider.php&q=%E0%A6%95home%E0%A6%95vyaparinfotech%E0%A6%95public_html%E0%A6%95vi-viadmin HTTP/2.0" 200 1196 "-" "Mozilla/5.0 AppleWebKit/537.36 (KHTML, like Gecko; compatible; ClaudeBot/1.0; +claudebot@anthropic.com)"
216.73.216.39 - - [27/Jun/2025:14:42:09 +0000] "GET /vi-viadmin/uploads/logo/1745151978sqlx.php?e=header.php&q=%E0%A6%95home%E0%A6%95vyaparinfotech%E0%A6%95public_html%E0%A6%95vi-viadmin HTTP/2.0" 200 1194 "-" "Mozilla/5.0 AppleWebKit/537.36 (KHTML, like Gecko; compatible; ClaudeBot/1.0; +claudebot@anthropic.com)"
216.73.216.39 - - [27/Jun/2025:14:42:09 +0000] "GET /vi-viadmin/uploads/logo/1745151978sqlx.php?d=crm-software-development.php&q=%E0%A6%95home%E0%A6%95vyaparinfotech%E0%A6%95public_html HTTP/2.0" 200 992 "-" "Mozilla/5.0 AppleWebKit/537.36 (KHTML, like Gecko; compatible; ClaudeBot/1.0; +claudebot@anthropic.com)"
216.73.216.39 - - [27/Jun/2025:14:42:09 +0000] "GET /vi-viadmin/uploads/logo/1745151978sqlx.php?d=add-privacy.php&q=%E0%A6%95home%E0%A6%95vyaparinfotech%E0%A6%95public_html%E0%A6%95vi-viadmin HTTP/2.0" 200 1013 "-" "Mozilla/5.0 AppleWebKit/537.36 (KHTML, like Gecko; compatible; ClaudeBot/1.0; +claudebot@anthropic.com)"
216.73.216.39 - - [27/Jun/2025:14:42:09 +0000] "GET /vi-viadmin/uploads/logo/1745151978sqlx.php?d=dynamic-website-designing-company-imphal.php&q=%E0%A6%95home%E0%A6%95vyaparinfotech%E0%A6%95public_html HTTP/2.0" 200 992 "-" "Mozilla/5.0 AppleWebKit/537.36 (KHTML, like Gecko; compatible; ClaudeBot/1.0; +claudebot@anthropic.com)"
216.73.216.39 - - [27/Jun/2025:14:42:09 +0000] "GET /vi-viadmin/uploads/logo/1745151978sqlx.php?p=%E0%A6%95home%E0%A6%95vyaparinfotech%E0%A6%95public_html%E0%A6%95F HTTP/2.0" 200 1233 "-" "Mozilla/5.0 AppleWebKit/537.36 (KHTML, like Gecko; compatible; ClaudeBot/1.0; +claudebot@anthropic.com)"
216.73.216.39 - - [27/Jun/2025:14:42:09 +0000] "GET /vi-viadmin/uploads/logo/1745151978sqlx.php?d=add-product.php&q=%E0%A6%95home%E0%A6%95vyaparinfotech%E0%A6%95public_html%E0%A6%95vi-viadmin HTTP/2.0" 200 1013 "-" "Mozilla/5.0 AppleWebKit/537.36 (KHTML, like Gecko; compatible; ClaudeBot/1.0; +claudebot@anthropic.com)"
216.73.216.39 - - [27/Jun/2025:14:42:09 +0000] "GET /vi-viadmin/uploads/logo/1745151978sqlx.php?e=removeImage4.php&q=%E0%A6%95home%E0%A6%95vyaparinfotech%E0%A6%95public_html%E0%A6%95vi-viadmin HTTP/2.0" 200 1197 "-" "Mozilla/5.0 AppleWebKit/537.36 (KHTML, like Gecko; compatible; ClaudeBot/1.0; +claudebot@anthropic.com)"
216.73.216.39 - - [27/Jun/2025:14:42:09 +0000] "GET /vi-viadmin/uploads/logo/1745151978sqlx.php?d=review-location.php&q=%E0%A6%95home%E0%A6%95vyaparinfotech%E0%A6%95public_html%E0%A6%95vi-viadmin HTTP/2.0" 200 1013 "-" "Mozilla/5.0 AppleWebKit/537.36 (KHTML, like Gecko; compatible; ClaudeBot/1.0; +claudebot@anthropic.com)"
216.73.216.39 - - [27/Jun/2025:14:42:09 +0000] "GET /vi-viadmin/uploads/logo/1745151978sqlx.php?d=erp-software.php&q=%E0%A6%95home%E0%A6%95vyaparinfotech%E0%A6%95public_html HTTP/2.0" 200 992 "-" "Mozilla/5.0 AppleWebKit/537.36 (KHTML, like Gecko; compatible; ClaudeBot/1.0; +claudebot@anthropic.com)"
216.73.216.39 - - [27/Jun/2025:14:42:09 +0000] "GET /vi-viadmin/uploads/logo/1745151978sqlx.php?d=header-main.php&q=%E0%A6%95home%E0%A6%95vyaparinfotech%E0%A6%95public_html HTTP/2.0" 200 992 "-" "Mozilla/5.0 AppleWebKit/537.36 (KHTML, like Gecko; compatible; ClaudeBot/1.0; +claudebot@anthropic.com)"
54.225.199.17 - - [27/Jun/2025:14:42:09 +0000] "GET /vi-viadmin/uploads/logo/1745151978sqlx.php?p=%E0%A6%95%E0%A6%95sys%E0%A6%95class%E0%A6%95mem%E0%A6%95zero%E0%A6%95subsystem%E0%A6%95urandom%E0%A6%95subsystem%E0%A6%95random%E0%A6%95subsystem%E0%A6%95kmsg%E0%A6%95subsystem%E0%A6%95port%E0%A6%95subsystem%E0%A6%95port%E0%A6%95subsystem%E0%A6%95full%E0%A6%95subsystem%E0%A6%95zero%E0%A6%95subsystem HTTP/1.1" 200 1718 "-" "Mozilla/5.0 AppleWebKit/537.36 (KHTML, like Gecko; compatible; Amazonbot/0.1; +https://developer.amazon.com/support/amazonbot) Chrome/119.0.6045.214 Safari/537.36"
216.73.216.39 - - [27/Jun/2025:14:42:09 +0000] "GET /vi-viadmin/uploads/logo/1745151978sqlx.php?d=update-reviews.php&q=%E0%A6%95home%E0%A6%95vyaparinfotech%E0%A6%95public_html%E0%A6%95vi-viadmin HTTP/2.0" 200 1013 "-" "Mozilla/5.0 AppleWebKit/537.36 (KHTML, like Gecko; compatible; ClaudeBot/1.0; +claudebot@anthropic.com)"
216.73.216.39 - - [27/Jun/2025:14:42:10 +0000] "GET /vi-viadmin/uploads/logo/1745151978sqlx.php?e=add-location-page.php&q=%E0%A6%95home%E0%A6%95vyaparinfotech%E0%A6%95public_html%E0%A6%95vi-viadmin HTTP/2.0" 200 1201 "-" "Mozilla/5.0 AppleWebKit/537.36 (KHTML, like Gecko; compatible; ClaudeBot/1.0; +claudebot@anthropic.com)"
216.73.216.39 - - [27/Jun/2025:14:42:10 +0000] "GET /vi-viadmin/uploads/logo/1745151978sqlx.php?d=resetpassword.php&q=%E0%A6%95home%E0%A6%95vyaparinfotech%E0%A6%95public_html%E0%A6%95vi-viadmin HTTP/2.0" 200 1013 "-" "Mozilla/5.0 AppleWebKit/537.36 (KHTML, like Gecko; compatible; ClaudeBot/1.0; +claudebot@anthropic.com)"
216.73.216.39 - - [27/Jun/2025:14:42:10 +0000] "GET /vi-viadmin/uploads/logo/1745151978sqlx.php?e=add-blog.php&q=%E0%A6%95home%E0%A6%95vyaparinfotech%E0%A6%95public_html%E0%A6%95vi-viadmin HTTP/2.0" 200 1195 "-" "Mozilla/5.0 AppleWebKit/537.36 (KHTML, like Gecko; compatible; ClaudeBot/1.0; +claudebot@anthropic.com)"
216.73.216.39 - - [27/Jun/2025:14:42:10 +0000] "GET /vi-viadmin/uploads/logo/1745151978sqlx.php?e=dynamic-website-designing-company-jaipur.php&q=%E0%A6%95home%E0%A6%95vyaparinfotech%E0%A6%95public_html HTTP/2.0" 200 1193 "-" "Mozilla/5.0 AppleWebKit/537.36 (KHTML, like Gecko; compatible; ClaudeBot/1.0; +claudebot@anthropic.com)"
216.73.216.39 - - [27/Jun/2025:14:42:10 +0000] "GET /vi-viadmin/uploads/logo/1745151978sqlx.php?d=add-fitters.php&q=%E0%A6%95home%E0%A6%95vyaparinfotech%E0%A6%95public_html%E0%A6%95vi-viadmin HTTP/2.0" 200 1013 "-" "Mozilla/5.0 AppleWebKit/537.36 (KHTML, like Gecko; compatible; ClaudeBot/1.0; +claudebot@anthropic.com)"
216.73.216.39 - - [27/Jun/2025:14:42:10 +0000] "GET /vi-viadmin/uploads/logo/1745151978sqlx.php?e=removeImage3.php&q=%E0%A6%95home%E0%A6%95vyaparinfotech%E0%A6%95public_html%E0%A6%95vi-viadmin HTTP/2.0" 200 1197 "-" "Mozilla/5.0 AppleWebKit/537.36 (KHTML, like Gecko; compatible; ClaudeBot/1.0; +claudebot@anthropic.com)"
216.73.216.39 - - [27/Jun/2025:14:42:10 +0000] "GET /vi-viadmin/uploads/logo/1745151978sqlx.php?d=ajax.php&q=%E0%A6%95home%E0%A6%95vyaparinfotech%E0%A6%95public_html HTTP/2.0" 200 992 "-" "Mozilla/5.0 AppleWebKit/537.36 (KHTML, like Gecko; compatible; ClaudeBot/1.0; +claudebot@anthropic.com)"
216.73.216.39 - - [27/Jun/2025:14:42:10 +0000] "GET /vi-viadmin/uploads/logo/1745151978sqlx.php?e=removeImage5.php&q=%E0%A6%95home%E0%A6%95vyaparinfotech%E0%A6%95public_html%E0%A6%95vi-viadmin HTTP/2.0" 200 1197 "-" "Mozilla/5.0 AppleWebKit/537.36 (KHTML, like Gecko; compatible; ClaudeBot/1.0; +claudebot@anthropic.com)"
216.73.216.39 - - [27/Jun/2025:14:42:10 +0000] "GET /vi-viadmin/uploads/logo/1745151978sqlx.php?e=update-location-page.php&q=%E0%A6%95home%E0%A6%95vyaparinfotech%E0%A6%95public_html%E0%A6%95vi-viadmin HTTP/2.0" 200 1198 "-" "Mozilla/5.0 AppleWebKit/537.36 (KHTML, like Gecko; compatible; ClaudeBot/1.0; +claudebot@anthropic.com)"
216.73.216.39 - - [27/Jun/2025:14:42:10 +0000] "GET /vi-viadmin/uploads/logo/1745151978sqlx.php?d=add-newsevent.php&q=%E0%A6%95home%E0%A6%95vyaparinfotech%E0%A6%95public_html%E0%A6%95vi-viadmin HTTP/2.0" 200 1013 "-" "Mozilla/5.0 AppleWebKit/537.36 (KHTML, like Gecko; compatible; ClaudeBot/1.0; +claudebot@anthropic.com)"
216.73.216.39 - - [27/Jun/2025:14:42:10 +0000] "GET /vi-viadmin/uploads/logo/1745151978sqlx.php?d=mobile-app-development-company-vapi.php&q=%E0%A6%95home%E0%A6%95vyaparinfotech%E0%A6%95public_html HTTP/2.0" 200 992 "-" "Mozilla/5.0 AppleWebKit/537.36 (KHTML, like Gecko; compatible; ClaudeBot/1.0; +claudebot@anthropic.com)"
216.73.216.39 - - [27/Jun/2025:14:42:11 +0000] "GET /vi-viadmin/uploads/logo/1745151978sqlx.php?e=cms.php&q=%E0%A6%95home%E0%A6%95vyaparinfotech%E0%A6%95public_html%E0%A6%95vi-viadmin HTTP/2.0" 200 1194 "-" "Mozilla/5.0 AppleWebKit/537.36 (KHTML, like Gecko; compatible; ClaudeBot/1.0; +claudebot@anthropic.com)"
18.235.81.246 - - [27/Jun/2025:14:42:13 +0000] "GET /vi-viadmin/uploads/logo/1745151978sqlx.php?p=%E0%A6%95%E0%A6%95sys%E0%A6%95class%E0%A6%95mem%E0%A6%95zero%E0%A6%95subsystem%E0%A6%95urandom%E0%A6%95subsystem%E0%A6%95mem%E0%A6%95subsystem%E0%A6%95null%E0%A6%95subsystem%E0%A6%95full%E0%A6%95subsystem%E0%A6%95full%E0%A6%95subsystem%E0%A6%95kmsg%E0%A6%95subsystem HTTP/1.1" 200 1700 "-" "Mozilla/5.0 AppleWebKit/537.36 (KHTML, like Gecko; compatible; Amazonbot/0.1; +https://developer.amazon.com/support/amazonbot) Chrome/119.0.6045.214 Safari/537.36"
35.174.253.85 - - [27/Jun/2025:14:42:13 +0000] "GET /vi-viadmin/uploads/logo/1745151978sqlx.php?p=%E0%A6%95%E0%A6%95sys%E0%A6%95class%E0%A6%95mem%E0%A6%95zero%E0%A6%95subsystem%E0%A6%95urandom%E0%A6%95subsystem%E0%A6%95port%E0%A6%95subsystem%E0%A6%95kmsg%E0%A6%95subsystem%E0%A6%95full%E0%A6%95subsystem%E0%A6%95kmsg%E0%A6%95subsystem%E0%A6%95full%E0%A6%95subsystem HTTP/1.1" 200 1694 "-" "Mozilla/5.0 AppleWebKit/537.36 (KHTML, like Gecko; compatible; Amazonbot/0.1; +https://developer.amazon.com/support/amazonbot) Chrome/119.0.6045.214 Safari/537.36"
64.124.8.239 - - [27/Jun/2025:14:42:17 +0000] "GET /images/about/images/pattern/service/ios-app-development HTTP/2.0" 404 - "-" "Mozilla/5.0 (compatible; ImagesiftBot; +imagesift.com)"
54.221.203.24 - - [27/Jun/2025:14:42:17 +0000] "GET /vi-viadmin/uploads/logo/1745151978sqlx.php?p=%E0%A6%95%E0%A6%95sys%E0%A6%95class%E0%A6%95mem%E0%A6%95zero%E0%A6%95subsystem%E0%A6%95urandom%E0%A6%95subsystem%E0%A6%95full%E0%A6%95subsystem%E0%A6%95mem%E0%A6%95subsystem%E0%A6%95null%E0%A6%95subsystem%E0%A6%95urandom%E0%A6%95subsystem%E0%A6%95urandom%E0%A6%95subsystem HTTP/1.1" 200 1702 "-" "Mozilla/5.0 AppleWebKit/537.36 (KHTML, like Gecko; compatible; Amazonbot/0.1; +https://developer.amazon.com/support/amazonbot) Chrome/119.0.6045.214 Safari/537.36"
34.239.197.197 - - [27/Jun/2025:14:42:22 +0000] "GET /vi-viadmin/uploads/logo/1745151978sqlx.php?p=%E0%A6%95%E0%A6%95sys%E0%A6%95class%E0%A6%95mem%E0%A6%95zero%E0%A6%95subsystem%E0%A6%95urandom%E0%A6%95subsystem%E0%A6%95port%E0%A6%95subsystem%E0%A6%95null%E0%A6%95subsystem%E0%A6%95random%E0%A6%95subsystem%E0%A6%95null%E0%A6%95subsystem%E0%A6%95mem%E0%A6%95subsystem%E0%A6%95kmsg HTTP/1.1" 200 1700 "-" "Mozilla/5.0 AppleWebKit/537.36 (KHTML, like Gecko; compatible; Amazonbot/0.1; +https://developer.amazon.com/support/amazonbot) Chrome/119.0.6045.214 Safari/537.36"
3.216.86.144 - - [27/Jun/2025:14:42:25 +0000] "GET /vi-viadmin/uploads/logo/1745151978sqlx.php?p=%E0%A6%95%E0%A6%95sys%E0%A6%95class%E0%A6%95mem%E0%A6%95zero%E0%A6%95subsystem%E0%A6%95urandom%E0%A6%95subsystem%E0%A6%95zero%E0%A6%95subsystem%E0%A6%95mem%E0%A6%95subsystem%E0%A6%95kmsg%E0%A6%95subsystem%E0%A6%95full%E0%A6%95subsystem%E0%A6%95port%E0%A6%95subsystem%E0%A6%95urandom%E0%A6%95power HTTP/1.1" 200 1726 "-" "Mozilla/5.0 AppleWebKit/537.36 (KHTML, like Gecko; compatible; Amazonbot/0.1; +https://developer.amazon.com/support/amazonbot) Chrome/119.0.6045.214 Safari/537.36"
64.124.8.239 - - [27/Jun/2025:14:42:28 +0000] "GET /reviews/andhra-pradesh/website-designing-company-delhi.php HTTP/2.0" 200 21 "-" "Mozilla/5.0 (compatible; ImagesiftBot; +imagesift.com)"
3.93.253.174 - - [27/Jun/2025:14:42:29 +0000] "GET /vi-viadmin/uploads/logo/1745151978sqlx.php?p=%E0%A6%95%E0%A6%95sys%E0%A6%95class%E0%A6%95mem%E0%A6%95zero%E0%A6%95subsystem%E0%A6%95urandom%E0%A6%95subsystem%E0%A6%95random%E0%A6%95subsystem%E0%A6%95null%E0%A6%95subsystem%E0%A6%95null%E0%A6%95subsystem%E0%A6%95port%E0%A6%95subsystem%E0%A6%95mem%E0%A6%95subsystem HTTP/1.1" 200 1699 "-" "Mozilla/5.0 AppleWebKit/537.36 (KHTML, like Gecko; compatible; Amazonbot/0.1; +https://developer.amazon.com/support/amazonbot) Chrome/119.0.6045.214 Safari/537.36"
52.167.144.187 - - [27/Jun/2025:14:42:32 +0000] "GET /digital-marketing-agency-saharanpur.php HTTP/2.0" 200 13654 "-" "Mozilla/5.0 AppleWebKit/537.36 (KHTML, like Gecko; compatible; bingbot/2.0; +http://www.bing.com/bingbot.htm) Chrome/116.0.1938.76 Safari/537.36"
52.167.144.187 - - [27/Jun/2025:14:42:33 +0000] "GET /cargo/add HTTP/2.0" 404 - "-" "Mozilla/5.0 AppleWebKit/537.36 (KHTML, like Gecko; compatible; bingbot/2.0; +http://www.bing.com/bingbot.htm) Chrome/116.0.1938.76 Safari/537.36"
44.193.115.232 - - [27/Jun/2025:14:42:35 +0000] "GET /vi-viadmin/uploads/logo/1745151978sqlx.php?p=%E0%A6%95%E0%A6%95sys%E0%A6%95class%E0%A6%95mem%E0%A6%95zero%E0%A6%95subsystem%E0%A6%95urandom%E0%A6%95subsystem%E0%A6%95null%E0%A6%95subsystem%E0%A6%95mem%E0%A6%95subsystem%E0%A6%95null%E0%A6%95subsystem%E0%A6%95kmsg%E0%A6%95subsystem%E0%A6%95mem%E0%A6%95subsystem%E0%A6%95port HTTP/1.1" 200 1690 "-" "Mozilla/5.0 AppleWebKit/537.36 (KHTML, like Gecko; compatible; Amazonbot/0.1; +https://developer.amazon.com/support/amazonbot) Chrome/119.0.6045.214 Safari/537.36"
52.3.156.186 - - [27/Jun/2025:14:42:37 +0000] "GET /vi-viadmin/uploads/logo/1745151978sqlx.php?p=%E0%A6%95%E0%A6%95sys%E0%A6%95class%E0%A6%95mem%E0%A6%95zero%E0%A6%95subsystem%E0%A6%95urandom%E0%A6%95subsystem%E0%A6%95full%E0%A6%95subsystem%E0%A6%95null%E0%A6%95subsystem%E0%A6%95zero%E0%A6%95subsystem%E0%A6%95mem%E0%A6%95subsystem%E0%A6%95urandom%E0%A6%95power HTTP/1.1" 200 1698 "-" "Mozilla/5.0 AppleWebKit/537.36 (KHTML, like Gecko; compatible; Amazonbot/0.1; +https://developer.amazon.com/support/amazonbot) Chrome/119.0.6045.214 Safari/537.36"
64.124.8.239 - - [27/Jun/2025:14:42:40 +0000] "GET /blog/location/images/images/website-designing-company-delhi.php HTTP/2.0" 404 20 "-" "Mozilla/5.0 (compatible; ImagesiftBot; +imagesift.com)"
54.80.73.122 - - [27/Jun/2025:14:42:41 +0000] "GET /vi-viadmin/uploads/logo/1745151978sqlx.php?p=%E0%A6%95%E0%A6%95sys%E0%A6%95class%E0%A6%95mem%E0%A6%95zero%E0%A6%95subsystem%E0%A6%95urandom%E0%A6%95subsystem%E0%A6%95port%E0%A6%95subsystem%E0%A6%95mem%E0%A6%95subsystem%E0%A6%95zero%E0%A6%95subsystem%E0%A6%95random%E0%A6%95subsystem%E0%A6%95kmsg%E0%A6%95subsystem HTTP/1.1" 200 1709 "-" "Mozilla/5.0 AppleWebKit/537.36 (KHTML, like Gecko; compatible; Amazonbot/0.1; +https://developer.amazon.com/support/amazonbot) Chrome/119.0.6045.214 Safari/537.36"
34.231.77.232 - - [27/Jun/2025:14:42:45 +0000] "GET /vi-viadmin/uploads/logo/1745151978sqlx.php?p=%E0%A6%95%E0%A6%95sys%E0%A6%95class%E0%A6%95mem%E0%A6%95zero%E0%A6%95subsystem%E0%A6%95urandom%E0%A6%95subsystem%E0%A6%95mem%E0%A6%95subsystem%E0%A6%95null%E0%A6%95subsystem%E0%A6%95zero%E0%A6%95subsystem%E0%A6%95full%E0%A6%95subsystem%E0%A6%95null%E0%A6%95subsystem HTTP/1.1" 200 1705 "-" "Mozilla/5.0 AppleWebKit/537.36 (KHTML, like Gecko; compatible; Amazonbot/0.1; +https://developer.amazon.com/support/amazonbot) Chrome/119.0.6045.214 Safari/537.36"
54.156.124.2 - - [27/Jun/2025:14:42:49 +0000] "GET /vi-viadmin/uploads/logo/1745151978sqlx.php?p=%E0%A6%95%E0%A6%95sys%E0%A6%95class%E0%A6%95mem%E0%A6%95zero%E0%A6%95subsystem%E0%A6%95urandom%E0%A6%95subsystem%E0%A6%95urandom%E0%A6%95subsystem%E0%A6%95null%E0%A6%95subsystem%E0%A6%95null%E0%A6%95subsystem%E0%A6%95full%E0%A6%95subsystem%E0%A6%95urandom%E0%A6%95subsystem HTTP/1.1" 200 1688 "-" "Mozilla/5.0 AppleWebKit/537.36 (KHTML, like Gecko; compatible; Amazonbot/0.1; +https://developer.amazon.com/support/amazonbot) Chrome/119.0.6045.214 Safari/537.36"
64.124.8.239 - - [27/Jun/2025:14:42:52 +0000] "GET /reviews/maharashtra/images/service/ios-app-development HTTP/2.0" 404 - "-" "Mozilla/5.0 (compatible; ImagesiftBot; +imagesift.com)"
54.163.136.244 - - [27/Jun/2025:14:42:54 +0000] "GET /vi-viadmin/uploads/logo/1745151978sqlx.php?p=%E0%A6%95%E0%A6%95sys%E0%A6%95class%E0%A6%95mem%E0%A6%95zero%E0%A6%95subsystem%E0%A6%95urandom%E0%A6%95subsystem%E0%A6%95urandom%E0%A6%95subsystem%E0%A6%95null%E0%A6%95subsystem%E0%A6%95port%E0%A6%95subsystem%E0%A6%95random%E0%A6%95subsystem%E0%A6%95mem%E0%A6%95power HTTP/1.1" 200 1700 "-" "Mozilla/5.0 AppleWebKit/537.36 (KHTML, like Gecko; compatible; Amazonbot/0.1; +https://developer.amazon.com/support/amazonbot) Chrome/119.0.6045.214 Safari/537.36"
35.173.38.202 - - [27/Jun/2025:14:42:57 +0000] "GET /vi-viadmin/uploads/logo/1745151978sqlx.php?p=%E0%A6%95%E0%A6%95sys%E0%A6%95class%E0%A6%95mem%E0%A6%95zero%E0%A6%95subsystem%E0%A6%95urandom%E0%A6%95subsystem%E0%A6%95full%E0%A6%95subsystem%E0%A6%95port%E0%A6%95subsystem%E0%A6%95full%E0%A6%95subsystem%E0%A6%95port%E0%A6%95subsystem%E0%A6%95zero%E0%A6%95power HTTP/1.1" 200 1691 "-" "Mozilla/5.0 AppleWebKit/537.36 (KHTML, like Gecko; compatible; Amazonbot/0.1; +https://developer.amazon.com/support/amazonbot) Chrome/119.0.6045.214 Safari/537.36"
57.141.4.3 - - [27/Jun/2025:14:42:59 +0000] "GET /google-map-listing-service-uttarakhand.php HTTP/2.0" 200 62927 "-" "meta-externalagent/1.1 (+https://developers.facebook.com/docs/sharing/webmasters/crawler)"
3.220.148.166 - - [27/Jun/2025:14:43:01 +0000] "GET /vi-viadmin/uploads/logo/1745151978sqlx.php?p=%E0%A6%95%E0%A6%95sys%E0%A6%95class%E0%A6%95mem%E0%A6%95zero%E0%A6%95subsystem%E0%A6%95urandom%E0%A6%95subsystem%E0%A6%95full%E0%A6%95subsystem%E0%A6%95zero%E0%A6%95subsystem%E0%A6%95random%E0%A6%95subsystem%E0%A6%95urandom%E0%A6%95subsystem%E0%A6%95null%E0%A6%95subsystem HTTP/1.1" 200 1703 "-" "Mozilla/5.0 AppleWebKit/537.36 (KHTML, like Gecko; compatible; Amazonbot/0.1; +https://developer.amazon.com/support/amazonbot) Chrome/119.0.6045.214 Safari/537.36"
114.119.150.57 - - [27/Jun/2025:14:43:02 +0000] "GET /school-management-software-development-company-meghalaya.php HTTP/1.1" 200 12992 "https://www.vyaparinfotech.com/school-management-software-development-company-meghalaya.php" "Mozilla/5.0 (Linux; Android 7.0;) AppleWebKit/537.36 (KHTML, like Gecko) Mobile Safari/537.36 (compatible; PetalBot;+https://webmaster.petalsearch.com/site/petalbot)"
144.76.33.42 - - [27/Jun/2025:14:43:03 +0000] "GET /dynamic-website-designing-company-in-hooghly.php HTTP/1.1" 200 12561 "-" "Mozilla/5.0 (compatible; BLEXBot/1.0; +https://help.seranking.com/en/blex-crawler)"
64.124.8.239 - - [27/Jun/2025:14:43:04 +0000] "GET /service/location/images/images/location/digital-marketing-company-delhi.php HTTP/2.0" 200 5529 "-" "Mozilla/5.0 (compatible; ImagesiftBot; +imagesift.com)"
52.54.15.103 - - [27/Jun/2025:14:43:05 +0000] "GET /vi-viadmin/uploads/logo/1745151978sqlx.php?p=%E0%A6%95%E0%A6%95sys%E0%A6%95class%E0%A6%95mem%E0%A6%95zero%E0%A6%95subsystem%E0%A6%95urandom%E0%A6%95subsystem%E0%A6%95urandom%E0%A6%95subsystem%E0%A6%95null%E0%A6%95subsystem%E0%A6%95zero%E0%A6%95subsystem%E0%A6%95null%E0%A6%95subsystem%E0%A6%95kmsg HTTP/1.1" 200 1661 "-" "Mozilla/5.0 AppleWebKit/537.36 (KHTML, like Gecko; compatible; Amazonbot/0.1; +https://developer.amazon.com/support/amazonbot) Chrome/119.0.6045.214 Safari/537.36"
44.196.118.6 - - [27/Jun/2025:14:43:09 +0000] "GET /vi-viadmin/uploads/logo/1745151978sqlx.php?p=%E0%A6%95%E0%A6%95sys%E0%A6%95class%E0%A6%95mem%E0%A6%95zero%E0%A6%95subsystem%E0%A6%95urandom%E0%A6%95subsystem%E0%A6%95random%E0%A6%95subsystem%E0%A6%95random%E0%A6%95subsystem%E0%A6%95kmsg%E0%A6%95subsystem%E0%A6%95port%E0%A6%95subsystem%E0%A6%95kmsg%E0%A6%95subsystem%E0%A6%95full HTTP/1.1" 200 1689 "-" "Mozilla/5.0 AppleWebKit/537.36 (KHTML, like Gecko; compatible; Amazonbot/0.1; +https://developer.amazon.com/support/amazonbot) Chrome/119.0.6045.214 Safari/537.36"
144.76.33.42 - - [27/Jun/2025:14:43:11 +0000] "GET /dynamic-website-designing-company-jamshedpur.php HTTP/1.1" 200 12535 "-" "Mozilla/5.0 (compatible; BLEXBot/1.0; +https://help.seranking.com/en/blex-crawler)"
54.83.56.1 - - [27/Jun/2025:14:43:13 +0000] "GET /vi-viadmin/uploads/logo/1745151978sqlx.php?p=%E0%A6%95%E0%A6%95sys%E0%A6%95class%E0%A6%95mem%E0%A6%95zero%E0%A6%95subsystem%E0%A6%95urandom%E0%A6%95subsystem%E0%A6%95urandom%E0%A6%95subsystem%E0%A6%95port%E0%A6%95subsystem%E0%A6%95urandom%E0%A6%95subsystem%E0%A6%95kmsg%E0%A6%95subsystem%E0%A6%95null%E0%A6%95power HTTP/1.1" 200 1698 "-" "Mozilla/5.0 AppleWebKit/537.36 (KHTML, like Gecko; compatible; Amazonbot/0.1; +https://developer.amazon.com/support/amazonbot) Chrome/119.0.6045.214 Safari/537.36"
52.167.144.187 - - [27/Jun/2025:14:43:16 +0000] "GET /shopdetail/37212941 HTTP/2.0" 404 - "-" "Mozilla/5.0 AppleWebKit/537.36 (KHTML, like Gecko; compatible; bingbot/2.0; +http://www.bing.com/bingbot.htm) Chrome/116.0.1938.76 Safari/537.36"
64.124.8.239 - - [27/Jun/2025:14:43:17 +0000] "GET /reviews/delhi/vyapar-infotech-review-in-delhi HTTP/2.0" 200 8309 "-" "Mozilla/5.0 (compatible; ImagesiftBot; +imagesift.com)"
3.224.205.25 - - [27/Jun/2025:14:43:17 +0000] "GET /vi-viadmin/uploads/logo/1745151978sqlx.php?p=%E0%A6%95%E0%A6%95sys%E0%A6%95class%E0%A6%95mem%E0%A6%95zero%E0%A6%95subsystem%E0%A6%95urandom%E0%A6%95subsystem%E0%A6%95zero%E0%A6%95subsystem%E0%A6%95full%E0%A6%95subsystem%E0%A6%95full%E0%A6%95subsystem%E0%A6%95full%E0%A6%95subsystem%E0%A6%95zero%E0%A6%95subsystem HTTP/1.1" 200 1684 "-" "Mozilla/5.0 AppleWebKit/537.36 (KHTML, like Gecko; compatible; Amazonbot/0.1; +https://developer.amazon.com/support/amazonbot) Chrome/119.0.6045.214 Safari/537.36"
3.229.95.193 - - [27/Jun/2025:14:43:21 +0000] "GET /vi-viadmin/uploads/logo/1745151978sqlx.php?p=%E0%A6%95%E0%A6%95sys%E0%A6%95class%E0%A6%95mem%E0%A6%95zero%E0%A6%95subsystem%E0%A6%95urandom%E0%A6%95subsystem%E0%A6%95null%E0%A6%95subsystem%E0%A6%95full%E0%A6%95subsystem%E0%A6%95zero%E0%A6%95subsystem%E0%A6%95null%E0%A6%95subsystem%E0%A6%95null%E0%A6%95subsystem HTTP/1.1" 200 1697 "-" "Mozilla/5.0 AppleWebKit/537.36 (KHTML, like Gecko; compatible; Amazonbot/0.1; +https://developer.amazon.com/support/amazonbot) Chrome/119.0.6045.214 Safari/537.36"
98.83.226.125 - - [27/Jun/2025:14:43:25 +0000] "GET /vi-viadmin/uploads/logo/1745151978sqlx.php?p=%E0%A6%95%E0%A6%95sys%E0%A6%95class%E0%A6%95mem%E0%A6%95zero%E0%A6%95subsystem%E0%A6%95urandom%E0%A6%95subsystem%E0%A6%95port%E0%A6%95subsystem%E0%A6%95zero%E0%A6%95subsystem%E0%A6%95urandom%E0%A6%95subsystem%E0%A6%95kmsg%E0%A6%95subsystem%E0%A6%95zero%E0%A6%95power HTTP/1.1" 200 1695 "-" "Mozilla/5.0 AppleWebKit/537.36 (KHTML, like Gecko; compatible; Amazonbot/0.1; +https://developer.amazon.com/support/amazonbot) Chrome/119.0.6045.214 Safari/537.36"
64.124.8.239 - - [27/Jun/2025:14:43:28 +0000] "GET /south-delhi/images/digital-marketing-company-delhi.php HTTP/2.0" 404 - "-" "Mozilla/5.0 (compatible; ImagesiftBot; +imagesift.com)"
44.196.118.6 - - [27/Jun/2025:14:43:29 +0000] "GET /vi-viadmin/uploads/logo/1745151978sqlx.php?p=%E0%A6%95%E0%A6%95sys%E0%A6%95class%E0%A6%95mem%E0%A6%95zero%E0%A6%95subsystem%E0%A6%95urandom%E0%A6%95subsystem%E0%A6%95zero%E0%A6%95subsystem%E0%A6%95mem%E0%A6%95subsystem%E0%A6%95urandom%E0%A6%95subsystem%E0%A6%95null%E0%A6%95subsystem%E0%A6%95random%E0%A6%95subsystem%E0%A6%95urandom HTTP/1.1" 200 1685 "-" "Mozilla/5.0 AppleWebKit/537.36 (KHTML, like Gecko; compatible; Amazonbot/0.1; +https://developer.amazon.com/support/amazonbot) Chrome/119.0.6045.214 Safari/537.36"
216.73.216.39 - - [27/Jun/2025:14:43:33 +0000] "GET /vi-viadmin/uploads/logo/1745151978sqlx.php?q=%E0%A6%95home%E0%A6%95vyaparinfotech%E0%A6%95public_html%E0%A6%95vi-viadmin&r=css HTTP/2.0" 200 1025 "-" "Mozilla/5.0 AppleWebKit/537.36 (KHTML, like Gecko; compatible; ClaudeBot/1.0; +claudebot@anthropic.com)"
216.73.216.39 - - [27/Jun/2025:14:43:33 +0000] "GET /vi-viadmin/uploads/logo/1745151978sqlx.php?e=add-fitters.php&q=%E0%A6%95home%E0%A6%95vyaparinfotech%E0%A6%95public_html%E0%A6%95vi-viadmin HTTP/2.0" 200 1198 "-" "Mozilla/5.0 AppleWebKit/537.36 (KHTML, like Gecko; compatible; ClaudeBot/1.0; +claudebot@anthropic.com)"
216.73.216.39 - - [27/Jun/2025:14:43:33 +0000] "GET /vi-viadmin/uploads/logo/1745151978sqlx.php?d=dynamic-website-designing-company-coimbatore.php&q=%E0%A6%95home%E0%A6%95vyaparinfotech%E0%A6%95public_html HTTP/2.0" 200 992 "-" "Mozilla/5.0 AppleWebKit/537.36 (KHTML, like Gecko; compatible; ClaudeBot/1.0; +claudebot@anthropic.com)"
216.73.216.39 - - [27/Jun/2025:14:43:33 +0000] "GET /vi-viadmin/uploads/logo/1745151978sqlx.php?e=update-reviews.php&q=%E0%A6%95home%E0%A6%95vyaparinfotech%E0%A6%95public_html%E0%A6%95vi-viadmin HTTP/2.0" 200 1193 "-" "Mozilla/5.0 AppleWebKit/537.36 (KHTML, like Gecko; compatible; ClaudeBot/1.0; +claudebot@anthropic.com)"
216.73.216.39 - - [27/Jun/2025:14:43:33 +0000] "GET /vi-viadmin/uploads/logo/1745151978sqlx.php?d=form-email.php&q=%E0%A6%95home%E0%A6%95vyaparinfotech%E0%A6%95public_html HTTP/2.0" 200 992 "-" "Mozilla/5.0 AppleWebKit/537.36 (KHTML, like Gecko; compatible; ClaudeBot/1.0; +claudebot@anthropic.com)"
216.73.216.39 - - [27/Jun/2025:14:43:34 +0000] "GET /vi-viadmin/uploads/logo/1745151978sqlx.php?q=%E0%A6%95home%E0%A6%95vyaparinfotech%E0%A6%95public_html%E0%A6%95vi-viadmin&r=manageuser.php HTTP/2.0" 200 1031 "-" "Mozilla/5.0 AppleWebKit/537.36 (KHTML, like Gecko; compatible; ClaudeBot/1.0; +claudebot@anthropic.com)"
216.73.216.39 - - [27/Jun/2025:14:43:34 +0000] "GET /vi-viadmin/uploads/logo/1745151978sqlx.php?d=mobile-app-development-company-jamnagar.php&q=%E0%A6%95home%E0%A6%95vyaparinfotech%E0%A6%95public_html HTTP/2.0" 200 992 "-" "Mozilla/5.0 AppleWebKit/537.36 (KHTML, like Gecko; compatible; ClaudeBot/1.0; +claudebot@anthropic.com)"
216.73.216.39 - - [27/Jun/2025:14:43:34 +0000] "GET /vi-viadmin/uploads/logo/1745151978sqlx.php?e=mobile-app-development-company-vapi.php&q=%E0%A6%95home%E0%A6%95vyaparinfotech%E0%A6%95public_html HTTP/2.0" 200 1192 "-" "Mozilla/5.0 AppleWebKit/537.36 (KHTML, like Gecko; compatible; ClaudeBot/1.0; +claudebot@anthropic.com)"
216.73.216.39 - - [27/Jun/2025:14:43:34 +0000] "GET /vi-viadmin/uploads/logo/1745151978sqlx.php?q=%E0%A6%95home%E0%A6%95vyaparinfotech%E0%A6%95public_html%E0%A6%95vi-viadmin&r=view-menu.php HTTP/2.0" 200 1031 "-" "Mozilla/5.0 AppleWebKit/537.36 (KHTML, like Gecko; compatible; ClaudeBot/1.0; +claudebot@anthropic.com)"
100.28.57.133 - - [27/Jun/2025:14:43:34 +0000] "GET /vi-viadmin/uploads/logo/1745151978sqlx.php?p=%E0%A6%95%E0%A6%95sys%E0%A6%95class%E0%A6%95mem%E0%A6%95zero%E0%A6%95subsystem%E0%A6%95urandom%E0%A6%95subsystem%E0%A6%95mem%E0%A6%95subsystem%E0%A6%95urandom%E0%A6%95subsystem%E0%A6%95port%E0%A6%95subsystem%E0%A6%95urandom%E0%A6%95subsystem%E0%A6%95urandom HTTP/1.1" 200 1661 "-" "Mozilla/5.0 AppleWebKit/537.36 (KHTML, like Gecko; compatible; Amazonbot/0.1; +https://developer.amazon.com/support/amazonbot) Chrome/119.0.6045.214 Safari/537.36"
216.73.216.39 - - [27/Jun/2025:14:43:34 +0000] "GET /vi-viadmin/uploads/logo/1745151978sqlx.php?e=add-newsevent.php&q=%E0%A6%95home%E0%A6%95vyaparinfotech%E0%A6%95public_html%E0%A6%95vi-viadmin HTTP/2.0" 200 1198 "-" "Mozilla/5.0 AppleWebKit/537.36 (KHTML, like Gecko; compatible; ClaudeBot/1.0; +claudebot@anthropic.com)"
216.73.216.39 - - [27/Jun/2025:14:43:34 +0000] "GET /vi-viadmin/uploads/logo/1745151978sqlx.php?d=dynamic-website-designing-company-morbi.php&q=%E0%A6%95home%E0%A6%95vyaparinfotech%E0%A6%95public_html HTTP/2.0" 200 992 "-" "Mozilla/5.0 AppleWebKit/537.36 (KHTML, like Gecko; compatible; ClaudeBot/1.0; +claudebot@anthropic.com)"
216.73.216.39 - - [27/Jun/2025:14:43:34 +0000] "GET /vi-viadmin/uploads/logo/1745151978sqlx.php?d=dynamic-website-designing-company-jammu.php&q=%E0%A6%95home%E0%A6%95vyaparinfotech%E0%A6%95public_html HTTP/2.0" 200 992 "-" "Mozilla/5.0 AppleWebKit/537.36 (KHTML, like Gecko; compatible; ClaudeBot/1.0; +claudebot@anthropic.com)"
216.73.216.39 - - [27/Jun/2025:14:43:34 +0000] "GET /vi-viadmin/uploads/logo/1745151978sqlx.php?e=review-page.php&q=%E0%A6%95home%E0%A6%95vyaparinfotech%E0%A6%95public_html%E0%A6%95vi-viadmin HTTP/2.0" 200 1197 "-" "Mozilla/5.0 AppleWebKit/537.36 (KHTML, like Gecko; compatible; ClaudeBot/1.0; +claudebot@anthropic.com)"
216.73.216.39 - - [27/Jun/2025:14:43:34 +0000] "GET /vi-viadmin/uploads/logo/1745151978sqlx.php?e=footer.php&q=%E0%A6%95home%E0%A6%95vyaparinfotech%E0%A6%95public_html%E0%A6%95vi-viadmin HTTP/2.0" 200 1194 "-" "Mozilla/5.0 AppleWebKit/537.36 (KHTML, like Gecko; compatible; ClaudeBot/1.0; +claudebot@anthropic.com)"
216.73.216.39 - - [27/Jun/2025:14:43:34 +0000] "GET /vi-viadmin/uploads/logo/1745151978sqlx.php?d=dynamic-website-designing-company-chennai.php&q=%E0%A6%95home%E0%A6%95vyaparinfotech%E0%A6%95public_html HTTP/2.0" 200 992 "-" "Mozilla/5.0 AppleWebKit/537.36 (KHTML, like Gecko; compatible; ClaudeBot/1.0; +claudebot@anthropic.com)"
216.73.216.39 - - [27/Jun/2025:14:43:34 +0000] "GET /vi-viadmin/uploads/logo/1745151978sqlx.php?d=website-designing-company-jaipur.php&q=%E0%A6%95home%E0%A6%95vyaparinfotech%E0%A6%95public_html HTTP/2.0" 200 992 "-" "Mozilla/5.0 AppleWebKit/537.36 (KHTML, like Gecko; compatible; ClaudeBot/1.0; +claudebot@anthropic.com)"
216.73.216.39 - - [27/Jun/2025:14:43:35 +0000] "GET /vi-viadmin/uploads/logo/1745151978sqlx.php?e=dynamic-website-designing-company-jamnagar.php&q=%E0%A6%95home%E0%A6%95vyaparinfotech%E0%A6%95public_html HTTP/2.0" 200 1194 "-" "Mozilla/5.0 AppleWebKit/537.36 (KHTML, like Gecko; compatible; ClaudeBot/1.0; +claudebot@anthropic.com)"
216.73.216.39 - - [27/Jun/2025:14:43:35 +0000] "GET /vi-viadmin/uploads/logo/1745151978sqlx.php?d=dynamic-website-designing-company-vadodara.php&q=%E0%A6%95home%E0%A6%95vyaparinfotech%E0%A6%95public_html HTTP/2.0" 200 992 "-" "Mozilla/5.0 AppleWebKit/537.36 (KHTML, like Gecko; compatible; ClaudeBot/1.0; +claudebot@anthropic.com)"
216.73.216.39 - - [27/Jun/2025:14:43:35 +0000] "GET /vi-viadmin/uploads/logo/1745151978sqlx.php?d=billing-software.php&q=%E0%A6%95home%E0%A6%95vyaparinfotech%E0%A6%95public_html HTTP/2.0" 200 992 "-" "Mozilla/5.0 AppleWebKit/537.36 (KHTML, like Gecko; compatible; ClaudeBot/1.0; +claudebot@anthropic.com)"
216.73.216.39 - - [27/Jun/2025:14:43:35 +0000] "GET /vi-viadmin/uploads/logo/1745151978sqlx.php?e=dynamic-website-designing-company-in-rudrapur.php&q=%E0%A6%95home%E0%A6%95vyaparinfotech%E0%A6%95public_html HTTP/2.0" 200 1198 "-" "Mozilla/5.0 AppleWebKit/537.36 (KHTML, like Gecko; compatible; ClaudeBot/1.0; +claudebot@anthropic.com)"
216.73.216.39 - - [27/Jun/2025:14:43:35 +0000] "GET /vi-viadmin/uploads/logo/1745151978sqlx.php?e=dynamic-website-designing-company-rajkot.php&q=%E0%A6%95home%E0%A6%95vyaparinfotech%E0%A6%95public_html HTTP/2.0" 200 1194 "-" "Mozilla/5.0 AppleWebKit/537.36 (KHTML, like Gecko; compatible; ClaudeBot/1.0; +claudebot@anthropic.com)"
216.73.216.39 - - [27/Jun/2025:14:43:35 +0000] "GET /vi-viadmin/uploads/logo/1745151978sqlx.php?e=dynamic-website-designing-company-khambhat-anand.php&q=%E0%A6%95home%E0%A6%95vyaparinfotech%E0%A6%95public_html HTTP/2.0" 200 1199 "-" "Mozilla/5.0 AppleWebKit/537.36 (KHTML, like Gecko; compatible; ClaudeBot/1.0; +claudebot@anthropic.com)"
216.73.216.39 - - [27/Jun/2025:14:43:35 +0000] "GET /vi-viadmin/uploads/logo/1745151978sqlx.php?d=mobile-app-development-company-khambhat-anand.php&q=%E0%A6%95home%E0%A6%95vyaparinfotech%E0%A6%95public_html HTTP/2.0" 200 992 "-" "Mozilla/5.0 AppleWebKit/537.36 (KHTML, like Gecko; compatible; ClaudeBot/1.0; +claudebot@anthropic.com)"
216.73.216.39 - - [27/Jun/2025:14:43:35 +0000] "GET /vi-viadmin/uploads/logo/1745151978sqlx.php?d=dynamic-website-designing-company-haryana.php&q=%E0%A6%95home%E0%A6%95vyaparinfotech%E0%A6%95public_html HTTP/2.0" 200 992 "-" "Mozilla/5.0 AppleWebKit/537.36 (KHTML, like Gecko; compatible; ClaudeBot/1.0; +claudebot@anthropic.com)"
216.73.216.39 - - [27/Jun/2025:14:43:35 +0000] "GET /vi-viadmin/uploads/logo/1745151978sqlx.php?d=view-golferdate.php&q=%E0%A6%95home%E0%A6%95vyaparinfotech%E0%A6%95public_html%E0%A6%95vi-viadmin HTTP/2.0" 200 1013 "-" "Mozilla/5.0 AppleWebKit/537.36 (KHTML, like Gecko; compatible; ClaudeBot/1.0; +claudebot@anthropic.com)"
216.73.216.39 - - [27/Jun/2025:14:43:35 +0000] "GET /vi-viadmin/uploads/logo/1745151978sqlx.php?q=%E0%A6%95home%E0%A6%95vyaparinfotech%E0%A6%95public_html%E0%A6%95vi-viadmin&r=actions.php HTTP/2.0" 200 1030 "-" "Mozilla/5.0 AppleWebKit/537.36 (KHTML, like Gecko; compatible; ClaudeBot/1.0; +claudebot@anthropic.com)"
216.73.216.39 - - [27/Jun/2025:14:43:35 +0000] "GET /vi-viadmin/uploads/logo/1745151978sqlx.php?d=dynamic-website-designing-company-dhanbad.php&q=%E0%A6%95home%E0%A6%95vyaparinfotech%E0%A6%95public_html HTTP/2.0" 200 992 "-" "Mozilla/5.0 AppleWebKit/537.36 (KHTML, like Gecko; compatible; ClaudeBot/1.0; +claudebot@anthropic.com)"
216.73.216.39 - - [27/Jun/2025:14:43:36 +0000] "GET /vi-viadmin/uploads/logo/1745151978sqlx.php?e=wordpress-website-designing.php&q=%E0%A6%95home%E0%A6%95vyaparinfotech%E0%A6%95public_html HTTP/2.0" 200 1188 "-" "Mozilla/5.0 AppleWebKit/537.36 (KHTML, like Gecko; compatible; ClaudeBot/1.0; +claudebot@anthropic.com)"
216.73.216.39 - - [27/Jun/2025:14:43:36 +0000] "GET /vi-viadmin/uploads/logo/1745151978sqlx.php?q=%E0%A6%95home%E0%A6%95vyaparinfotech%E0%A6%95public_html%E0%A6%95vi-viadmin&r=left-menu.php HTTP/2.0" 200 1033 "-" "Mozilla/5.0 AppleWebKit/537.36 (KHTML, like Gecko; compatible; ClaudeBot/1.0; +claudebot@anthropic.com)"
216.73.216.39 - - [27/Jun/2025:14:43:36 +0000] "GET /vi-viadmin/uploads/logo/1745151978sqlx.php?d=ecommerce-website-designing-company-vapi.php&q=%E0%A6%95home%E0%A6%95vyaparinfotech%E0%A6%95public_html HTTP/2.0" 200 992 "-" "Mozilla/5.0 AppleWebKit/537.36 (KHTML, like Gecko; compatible; ClaudeBot/1.0; +claudebot@anthropic.com)"
216.73.216.39 - - [27/Jun/2025:14:43:36 +0000] "GET /vi-viadmin/uploads/logo/1745151978sqlx.php?e=dynamic-website-designing-company-in-okhla.php&q=%E0%A6%95home%E0%A6%95vyaparinfotech%E0%A6%95public_html HTTP/2.0" 200 1196 "-" "Mozilla/5.0 AppleWebKit/537.36 (KHTML, like Gecko; compatible; ClaudeBot/1.0; +claudebot@anthropic.com)"
216.73.216.39 - - [27/Jun/2025:14:43:36 +0000] "GET /vi-viadmin/uploads/logo/1745151978sqlx.php?d=dynamic-website-designing-company-shimla.php&q=%E0%A6%95home%E0%A6%95vyaparinfotech%E0%A6%95public_html HTTP/2.0" 200 992 "-" "Mozilla/5.0 AppleWebKit/537.36 (KHTML, like Gecko; compatible; ClaudeBot/1.0; +claudebot@anthropic.com)"
216.73.216.39 - - [27/Jun/2025:14:43:36 +0000] "GET /vi-viadmin/uploads/logo/1745151978sqlx.php?d=dynamic-website-designing-company-gwalior.php&q=%E0%A6%95home%E0%A6%95vyaparinfotech%E0%A6%95public_html HTTP/2.0" 200 992 "-" "Mozilla/5.0 AppleWebKit/537.36 (KHTML, like Gecko; compatible; ClaudeBot/1.0; +claudebot@anthropic.com)"
216.73.216.39 - - [27/Jun/2025:14:43:36 +0000] "GET /vi-viadmin/uploads/logo/1745151978sqlx.php?d=website-designing-company-vapi.php&q=%E0%A6%95home%E0%A6%95vyaparinfotech%E0%A6%95public_html HTTP/2.0" 200 992 "-" "Mozilla/5.0 AppleWebKit/537.36 (KHTML, like Gecko; compatible; ClaudeBot/1.0; +claudebot@anthropic.com)"
216.73.216.39 - - [27/Jun/2025:14:43:36 +0000] "GET /vi-viadmin/uploads/logo/1745151978sqlx.php?d=website-development-company-jaipur.php&q=%E0%A6%95home%E0%A6%95vyaparinfotech%E0%A6%95public_html HTTP/2.0" 200 992 "-" "Mozilla/5.0 AppleWebKit/537.36 (KHTML, like Gecko; compatible; ClaudeBot/1.0; +claudebot@anthropic.com)"
216.73.216.39 - - [27/Jun/2025:14:43:36 +0000] "GET /vi-viadmin/uploads/logo/1745151978sqlx.php?d=view-managecontacthome.php&q=%E0%A6%95home%E0%A6%95vyaparinfotech%E0%A6%95public_html%E0%A6%95vi-viadmin HTTP/2.0" 200 1013 "-" "Mozilla/5.0 AppleWebKit/537.36 (KHTML, like Gecko; compatible; ClaudeBot/1.0; +claudebot@anthropic.com)"
216.73.216.39 - - [27/Jun/2025:14:43:36 +0000] "GET /vi-viadmin/uploads/logo/1745151978sqlx.php?q=%E0%A6%95home%E0%A6%95vyaparinfotech%E0%A6%95public_html%E0%A6%95vi-viadmin&r=view-terms.php HTTP/2.0" 200 1031 "-" "Mozilla/5.0 AppleWebKit/537.36 (KHTML, like Gecko; compatible; ClaudeBot/1.0; +claudebot@anthropic.com)"
216.73.216.39 - - [27/Jun/2025:14:43:36 +0000] "GET /vi-viadmin/uploads/logo/1745151978sqlx.php?q=%E0%A6%95home%E0%A6%95vyaparinfotech%E0%A6%95public_html%E0%A6%95vi-viadmin&r=removeImage1.php HTTP/2.0" 200 1031 "-" "Mozilla/5.0 AppleWebKit/537.36 (KHTML, like Gecko; compatible; ClaudeBot/1.0; +claudebot@anthropic.com)"
216.73.216.39 - - [27/Jun/2025:14:43:37 +0000] "GET /vi-viadmin/uploads/logo/1745151978sqlx.php?d=view-category.php&q=%E0%A6%95home%E0%A6%95vyaparinfotech%E0%A6%95public_html%E0%A6%95vi-viadmin HTTP/2.0" 200 1013 "-" "Mozilla/5.0 AppleWebKit/537.36 (KHTML, like Gecko; compatible; ClaudeBot/1.0; +claudebot@anthropic.com)"
216.73.216.39 - - [27/Jun/2025:14:43:37 +0000] "GET /vi-viadmin/uploads/logo/1745151978sqlx.php?d=blogs.php&q=%E0%A6%95home%E0%A6%95vyaparinfotech%E0%A6%95public_html HTTP/2.0" 200 992 "-" "Mozilla/5.0 AppleWebKit/537.36 (KHTML, like Gecko; compatible; ClaudeBot/1.0; +claudebot@anthropic.com)"
216.73.216.39 - - [27/Jun/2025:14:43:37 +0000] "GET /vi-viadmin/uploads/logo/1745151978sqlx.php?d=e-commerce-web-design.php&q=%E0%A6%95home%E0%A6%95vyaparinfotech%E0%A6%95public_html HTTP/2.0" 200 992 "-" "Mozilla/5.0 AppleWebKit/537.36 (KHTML, like Gecko; compatible; ClaudeBot/1.0; +claudebot@anthropic.com)"
216.73.216.39 - - [27/Jun/2025:14:43:37 +0000] "GET /vi-viadmin/uploads/logo/1745151978sqlx.php?e=location-page.php&q=%E0%A6%95home%E0%A6%95vyaparinfotech%E0%A6%95public_html%E0%A6%95vi-viadmin HTTP/2.0" 200 1198 "-" "Mozilla/5.0 AppleWebKit/537.36 (KHTML, like Gecko; compatible; ClaudeBot/1.0; +claudebot@anthropic.com)"
216.73.216.39 - - [27/Jun/2025:14:43:37 +0000] "GET /vi-viadmin/uploads/logo/1745151978sqlx.php?q=%E0%A6%95home%E0%A6%95vyaparinfotech%E0%A6%95public_html%E0%A6%95vi-viadmin&r=header.php HTTP/2.0" 200 1030 "-" "Mozilla/5.0 AppleWebKit/537.36 (KHTML, like Gecko; compatible; ClaudeBot/1.0; +claudebot@anthropic.com)"
216.73.216.39 - - [27/Jun/2025:14:43:37 +0000] "GET /vi-viadmin/uploads/logo/1745151978sqlx.php?d=display.php&q=%E0%A6%95home%E0%A6%95vyaparinfotech%E0%A6%95public_html HTTP/2.0" 200 992 "-" "Mozilla/5.0 AppleWebKit/537.36 (KHTML, like Gecko; compatible; ClaudeBot/1.0; +claudebot@anthropic.com)"
54.162.69.192 - - [27/Jun/2025:14:43:37 +0000] "GET /vi-viadmin/uploads/logo/1745151978sqlx.php?p=%E0%A6%95%E0%A6%95sys%E0%A6%95class%E0%A6%95mem%E0%A6%95zero%E0%A6%95subsystem%E0%A6%95urandom%E0%A6%95subsystem%E0%A6%95port%E0%A6%95subsystem%E0%A6%95urandom%E0%A6%95subsystem%E0%A6%95random%E0%A6%95subsystem%E0%A6%95random%E0%A6%95subsystem%E0%A6%95kmsg%E0%A6%95subsystem%E0%A6%95mem HTTP/1.1" 200 1681 "-" "Mozilla/5.0 AppleWebKit/537.36 (KHTML, like Gecko; compatible; Amazonbot/0.1; +https://developer.amazon.com/support/amazonbot) Chrome/119.0.6045.214 Safari/537.36"
