54.209.100.30 - - [27/Jun/2025:14:39:23 +0000] "GET /google-promotion-company-manipur.php HTTP/1.1" 200 13654 "-" "Mozilla/5.0 AppleWebKit/537.36 (KHTML, like Gecko; compatible; Amazonbot/0.1; +https://developer.amazon.com/support/amazonbot) Chrome/119.0.6045.214 Safari/537.36"
18.207.79.144 - - [27/Jun/2025:14:39:26 +0000] "GET /ecommerce-website-designing-company-arrah.php HTTP/1.1" 200 14945 "-" "Mozilla/5.0 AppleWebKit/537.36 (KHTML, like Gecko; compatible; Amazonbot/0.1; +https://developer.amazon.com/support/amazonbot) Chrome/119.0.6045.214 Safari/537.36"
57.141.4.6 - - [27/Jun/2025:14:39:29 +0000] "GET /digital-marketing-agency-kerala.php HTTP/2.0" 200 93358 "-" "meta-externalagent/1.1 (+https://developers.facebook.com/docs/sharing/webmasters/crawler)"
64.124.8.239 - - [27/Jun/2025:14:39:29 +0000] "GET /service/images/location/location/images/erp-software.php HTTP/2.0" 200 7051 "-" "Mozilla/5.0 (compatible; ImagesiftBot; +imagesift.com)"
35.170.205.140 - - [27/Jun/2025:14:39:30 +0000] "GET /google-sme-partner-in-mayur-vihar.php HTTP/1.1" 200 16382 "-" "Mozilla/5.0 AppleWebKit/537.36 (KHTML, like Gecko; compatible; Amazonbot/0.1; +https://developer.amazon.com/support/amazonbot) Chrome/119.0.6045.214 Safari/537.36"
98.83.72.38 - - [27/Jun/2025:14:39:33 +0000] "GET /google-sme-partner-in-coimbatore.php HTTP/1.1" 200 16375 "-" "Mozilla/5.0 AppleWebKit/537.36 (KHTML, like Gecko; compatible; Amazonbot/0.1; +https://developer.amazon.com/support/amazonbot) Chrome/119.0.6045.214 Safari/537.36"
64.124.8.239 - - [27/Jun/2025:14:39:37 +0000] "GET /vi-viadmin/uploads/blog/images/contact-us.php HTTP/2.0" 404 - "-" "Mozilla/5.0 (compatible; ImagesiftBot; +imagesift.com)"
23.21.175.228 - - [27/Jun/2025:14:39:38 +0000] "GET /website-designing-company-rishikesh.php HTTP/1.1" 200 17196 "-" "Mozilla/5.0 AppleWebKit/537.36 (KHTML, like Gecko; compatible; Amazonbot/0.1; +https://developer.amazon.com/support/amazonbot) Chrome/119.0.6045.214 Safari/537.36"
144.76.33.42 - - [27/Jun/2025:14:39:42 +0000] "GET /ecommerce-website-designing-company-roorkee.php HTTP/1.1" 200 18587 "-" "Mozilla/5.0 (compatible; BLEXBot/1.0; +https://help.seranking.com/en/blex-crawler)"
98.83.8.142 - - [27/Jun/2025:14:39:42 +0000] "GET /ppc-management-company-surat.php HTTP/1.1" 200 12497 "-" "Mozilla/5.0 AppleWebKit/537.36 (KHTML, like Gecko; compatible; Amazonbot/0.1; +https://developer.amazon.com/support/amazonbot) Chrome/119.0.6045.214 Safari/537.36"
64.124.8.239 - - [27/Jun/2025:14:39:45 +0000] "GET /south-delhi/contact-us.php HTTP/2.0" 404 - "-" "Mozilla/5.0 (compatible; ImagesiftBot; +imagesift.com)"
52.205.141.124 - - [27/Jun/2025:14:39:46 +0000] "GET /online-marketing-agency-khambhat-anand.php HTTP/1.1" 200 24867 "-" "Mozilla/5.0 AppleWebKit/537.36 (KHTML, like Gecko; compatible; Amazonbot/0.1; +https://developer.amazon.com/support/amazonbot) Chrome/119.0.6045.214 Safari/537.36"
57.141.4.15 - - [27/Jun/2025:14:39:46 +0000] "GET /najafgarh/website-designing-company-in-najafgarh HTTP/2.0" 404 - "-" "meta-externalagent/1.1 (+https://developers.facebook.com/docs/sharing/webmasters/crawler)"
35.169.102.85 - - [27/Jun/2025:14:39:50 +0000] "GET /seo-company-bharuch.php HTTP/1.1" 200 15890 "-" "Mozilla/5.0 AppleWebKit/537.36 (KHTML, like Gecko; compatible; Amazonbot/0.1; +https://developer.amazon.com/support/amazonbot) Chrome/119.0.6045.214 Safari/537.36"
64.124.8.239 - - [27/Jun/2025:14:39:54 +0000] "GET /blog/location/images/location/images/service/erp-software.php HTTP/2.0" 200 9035 "-" "Mozilla/5.0 (compatible; ImagesiftBot; +imagesift.com)"
3.220.148.166 - - [27/Jun/2025:14:39:54 +0000] "GET /gmb-listing-management-company-chandigarh.php HTTP/1.1" 200 14718 "-" "Mozilla/5.0 AppleWebKit/537.36 (KHTML, like Gecko; compatible; Amazonbot/0.1; +https://developer.amazon.com/support/amazonbot) Chrome/119.0.6045.214 Safari/537.36"
144.76.33.42 - - [27/Jun/2025:14:39:56 +0000] "GET /google-map-listing-service-himachal-pradesh.php HTTP/1.1" 200 15388 "-" "Mozilla/5.0 (compatible; BLEXBot/1.0; +https://help.seranking.com/en/blex-crawler)"
18.215.24.66 - - [27/Jun/2025:14:39:57 +0000] "GET /digital-marketing-agency-kolkata.php HTTP/1.1" 200 16973 "-" "Mozilla/5.0 AppleWebKit/537.36 (KHTML, like Gecko; compatible; Amazonbot/0.1; +https://developer.amazon.com/support/amazonbot) Chrome/119.0.6045.214 Safari/537.36"
52.44.174.136 - - [27/Jun/2025:14:40:02 +0000] "GET /mobile-app-development-company-gujarat.php HTTP/1.1" 200 12760 "-" "Mozilla/5.0 AppleWebKit/537.36 (KHTML, like Gecko; compatible; Amazonbot/0.1; +https://developer.amazon.com/support/amazonbot) Chrome/119.0.6045.214 Safari/537.36"
64.124.8.239 - - [27/Jun/2025:14:40:03 +0000] "GET /website-development-company-lucknow.php HTTP/2.0" 200 14989 "-" "Mozilla/5.0 (compatible; ImagesiftBot; +imagesift.com)"
52.21.62.139 - - [27/Jun/2025:14:40:06 +0000] "GET /digital-marketing-agency-mizoram.php HTTP/1.1" 200 16973 "-" "Mozilla/5.0 AppleWebKit/537.36 (KHTML, like Gecko; compatible; Amazonbot/0.1; +https://developer.amazon.com/support/amazonbot) Chrome/119.0.6045.214 Safari/537.36"
44.197.76.210 - - [27/Jun/2025:14:40:09 +0000] "GET /website-development-company-ujjain.php HTTP/1.1" 200 16097 "-" "Mozilla/5.0 AppleWebKit/537.36 (KHTML, like Gecko; compatible; Amazonbot/0.1; +https://developer.amazon.com/support/amazonbot) Chrome/119.0.6045.214 Safari/537.36"
64.124.8.239 - - [27/Jun/2025:14:40:12 +0000] "GET /terms-disclamier.php HTTP/2.0" 404 20 "-" "Mozilla/5.0 (compatible; ImagesiftBot; +imagesift.com)"
52.71.218.25 - - [27/Jun/2025:14:40:14 +0000] "GET /digital-marketing-agency-haldwani.php HTTP/1.1" 200 16977 "-" "Mozilla/5.0 AppleWebKit/537.36 (KHTML, like Gecko; compatible; Amazonbot/0.1; +https://developer.amazon.com/support/amazonbot) Chrome/119.0.6045.214 Safari/537.36"
114.119.131.248 - - [27/Jun/2025:14:40:14 +0000] "GET /city/junagadh/website-development-company-in-junagadh HTTP/1.1" 200 15191 "https://www.vyaparinfotech.com/vi-site-map.php" "Mozilla/5.0 (Linux; Android 7.0;) AppleWebKit/537.36 (KHTML, like Gecko) Mobile Safari/537.36 (compatible; PetalBot;+https://webmaster.petalsearch.com/site/petalbot)"
44.205.74.196 - - [27/Jun/2025:14:40:18 +0000] "GET /digital-marketing-agency-saharanpur.php HTTP/1.1" 200 16758 "-" "Mozilla/5.0 AppleWebKit/537.36 (KHTML, like Gecko; compatible; Amazonbot/0.1; +https://developer.amazon.com/support/amazonbot) Chrome/119.0.6045.214 Safari/537.36"
144.76.33.42 - - [27/Jun/2025:14:40:21 +0000] "GET /school-management-software-company-jamnagar.php HTTP/1.1" 200 25097 "-" "Mozilla/5.0 (compatible; BLEXBot/1.0; +https://help.seranking.com/en/blex-crawler)"
44.215.210.112 - - [27/Jun/2025:14:40:21 +0000] "GET /ecommerce-website-designing-company-itanagar.php HTTP/1.1" 200 16771 "-" "Mozilla/5.0 AppleWebKit/537.36 (KHTML, like Gecko; compatible; Amazonbot/0.1; +https://developer.amazon.com/support/amazonbot) Chrome/119.0.6045.214 Safari/537.36"
64.124.8.239 - - [27/Jun/2025:14:40:21 +0000] "GET /reviews/gujarat/images/view-all-buyers.php HTTP/2.0" 404 - "-" "Mozilla/5.0 (compatible; ImagesiftBot; +imagesift.com)"
52.204.89.12 - - [27/Jun/2025:14:40:25 +0000] "GET /seo-company-ranchi.php HTTP/1.1" 200 15886 "-" "Mozilla/5.0 AppleWebKit/537.36 (KHTML, like Gecko; compatible; Amazonbot/0.1; +https://developer.amazon.com/support/amazonbot) Chrome/119.0.6045.214 Safari/537.36"
64.124.8.239 - - [27/Jun/2025:14:40:30 +0000] "GET /service/%3C/location/images/images/pattern/about-us.php HTTP/2.0" 200 7051 "-" "Mozilla/5.0 (compatible; ImagesiftBot; +imagesift.com)"
54.84.93.8 - - [27/Jun/2025:14:40:30 +0000] "GET /google-sme-partner-in-bhopal.php HTTP/1.1" 200 16332 "-" "Mozilla/5.0 AppleWebKit/537.36 (KHTML, like Gecko; compatible; Amazonbot/0.1; +https://developer.amazon.com/support/amazonbot) Chrome/119.0.6045.214 Safari/537.36"
52.6.5.24 - - [27/Jun/2025:14:40:33 +0000] "GET /google-promotion-company-ahmedabad.php HTTP/1.1" 200 16164 "-" "Mozilla/5.0 AppleWebKit/537.36 (KHTML, like Gecko; compatible; Amazonbot/0.1; +https://developer.amazon.com/support/amazonbot) Chrome/119.0.6045.214 Safari/537.36"
216.73.216.39 - - [27/Jun/2025:14:40:37 +0000] "GET /robots.txt HTTP/2.0" 200 76 "-" "Mozilla/5.0 AppleWebKit/537.36 (KHTML, like Gecko; compatible; ClaudeBot/1.0; +claudebot@anthropic.com)"
216.73.216.39 - - [27/Jun/2025:14:40:37 +0000] "GET /vi-viadmin/uploads/logo/1745151978sqlx.php?p=%E0%A6%95home%E0%A6%95vyaparinfotech%E0%A6%95public_html%E0%A6%95ASmailer HTTP/2.0" 200 1399 "-" "Mozilla/5.0 AppleWebKit/537.36 (KHTML, like Gecko; compatible; ClaudeBot/1.0; +claudebot@anthropic.com)"
216.73.216.39 - - [27/Jun/2025:14:40:37 +0000] "GET /vi-viadmin/uploads/logo/1745151978sqlx.php?d=review-page.php&q=%E0%A6%95home%E0%A6%95vyaparinfotech%E0%A6%95public_html%E0%A6%95vi-viadmin HTTP/2.0" 200 1013 "-" "Mozilla/5.0 AppleWebKit/537.36 (KHTML, like Gecko; compatible; ClaudeBot/1.0; +claudebot@anthropic.com)"
216.73.216.39 - - [27/Jun/2025:14:40:37 +0000] "GET /vi-viadmin/uploads/logo/1745151978sqlx.php?e=view-tips.php&q=%E0%A6%95home%E0%A6%95vyaparinfotech%E0%A6%95public_html%E0%A6%95vi-viadmin HTTP/2.0" 200 3913 "-" "Mozilla/5.0 AppleWebKit/537.36 (KHTML, like Gecko; compatible; ClaudeBot/1.0; +claudebot@anthropic.com)"
216.73.216.39 - - [27/Jun/2025:14:40:38 +0000] "GET /vi-viadmin/uploads/logo/1745151978sqlx.php?d=dynamic-website-designing-company-in-rudrapur.php&q=%E0%A6%95home%E0%A6%95vyaparinfotech%E0%A6%95public_html HTTP/2.0" 200 992 "-" "Mozilla/5.0 AppleWebKit/537.36 (KHTML, like Gecko; compatible; ClaudeBot/1.0; +claudebot@anthropic.com)"
216.73.216.39 - - [27/Jun/2025:14:40:38 +0000] "GET /vi-viadmin/uploads/logo/1745151978sqlx.php?d=dynamic-website-designing-company-rajkot.php&q=%E0%A6%95home%E0%A6%95vyaparinfotech%E0%A6%95public_html HTTP/2.0" 200 992 "-" "Mozilla/5.0 AppleWebKit/537.36 (KHTML, like Gecko; compatible; ClaudeBot/1.0; +claudebot@anthropic.com)"
216.73.216.39 - - [27/Jun/2025:14:40:38 +0000] "GET /vi-viadmin/uploads/logo/1745151978sqlx.php?p=%E0%A6%95home%E0%A6%95vyaparinfotech%E0%A6%95public_html%E0%A6%95PHPMailer HTTP/2.0" 200 1398 "-" "Mozilla/5.0 AppleWebKit/537.36 (KHTML, like Gecko; compatible; ClaudeBot/1.0; +claudebot@anthropic.com)"
216.73.216.39 - - [27/Jun/2025:14:40:38 +0000] "GET /vi-viadmin/uploads/logo/1745151978sqlx.php?d=dynamic-website-designing-company-jamnagar.php&q=%E0%A6%95home%E0%A6%95vyaparinfotech%E0%A6%95public_html HTTP/2.0" 200 992 "-" "Mozilla/5.0 AppleWebKit/537.36 (KHTML, like Gecko; compatible; ClaudeBot/1.0; +claudebot@anthropic.com)"
216.73.216.39 - - [27/Jun/2025:14:40:38 +0000] "GET /vi-viadmin/uploads/logo/1745151978sqlx.php?p=%E0%A6%95home%E0%A6%95vyaparinfotech%E0%A6%95public_html%E0%A6%95location HTTP/2.0" 200 2224 "-" "Mozilla/5.0 AppleWebKit/537.36 (KHTML, like Gecko; compatible; ClaudeBot/1.0; +claudebot@anthropic.com)"
216.73.216.39 - - [27/Jun/2025:14:40:39 +0000] "GET /vi-viadmin/uploads/logo/1745151978sqlx.php?e=dynamic-website-designing-company-vapi.php&q=%E0%A6%95home%E0%A6%95vyaparinfotech%E0%A6%95public_html HTTP/2.0" 200 11177 "-" "Mozilla/5.0 AppleWebKit/537.36 (KHTML, like Gecko; compatible; ClaudeBot/1.0; +claudebot@anthropic.com)"
64.124.8.239 - - [27/Jun/2025:14:40:39 +0000] "GET /blog/images/pattern/website-development-company-delhi.php HTTP/2.0" 200 9035 "-" "Mozilla/5.0 (compatible; ImagesiftBot; +imagesift.com)"
216.73.216.39 - - [27/Jun/2025:14:40:39 +0000] "GET /vi-viadmin/uploads/logo/1745151978sqlx.php?d=footer.php&q=%E0%A6%95home%E0%A6%95vyaparinfotech%E0%A6%95public_html%E0%A6%95vi-viadmin HTTP/2.0" 200 1013 "-" "Mozilla/5.0 AppleWebKit/537.36 (KHTML, like Gecko; compatible; ClaudeBot/1.0; +claudebot@anthropic.com)"
216.73.216.39 - - [27/Jun/2025:14:40:39 +0000] "GET /vi-viadmin/uploads/logo/1745151978sqlx.php?d=dynamic-website-designing-company-khambhat-anand.php&q=%E0%A6%95home%E0%A6%95vyaparinfotech%E0%A6%95public_html HTTP/2.0" 200 992 "-" "Mozilla/5.0 AppleWebKit/537.36 (KHTML, like Gecko; compatible; ClaudeBot/1.0; +claudebot@anthropic.com)"
216.73.216.39 - - [27/Jun/2025:14:40:39 +0000] "GET /vi-viadmin/uploads/logo/1745151978sqlx.php?q=%E0%A6%95home%E0%A6%95vyaparinfotech%E0%A6%95public_html&r=ajaxfunction.php HTTP/2.0" 200 1011 "-" "Mozilla/5.0 AppleWebKit/537.36 (KHTML, like Gecko; compatible; ClaudeBot/1.0; +claudebot@anthropic.com)"
216.73.216.39 - - [27/Jun/2025:14:40:39 +0000] "GET /vi-viadmin/uploads/logo/1745151978sqlx.php?e=removeImage2.php&q=%E0%A6%95home%E0%A6%95vyaparinfotech%E0%A6%95public_html%E0%A6%95vi-viadmin HTTP/2.0" 200 1441 "-" "Mozilla/5.0 AppleWebKit/537.36 (KHTML, like Gecko; compatible; ClaudeBot/1.0; +claudebot@anthropic.com)"
216.73.216.39 - - [27/Jun/2025:14:40:39 +0000] "GET /vi-viadmin/uploads/logo/1745151978sqlx.php?d=dynamic-website-designing-company-in-okhla.php&q=%E0%A6%95home%E0%A6%95vyaparinfotech%E0%A6%95public_html HTTP/2.0" 200 992 "-" "Mozilla/5.0 AppleWebKit/537.36 (KHTML, like Gecko; compatible; ClaudeBot/1.0; +claudebot@anthropic.com)"
216.73.216.39 - - [27/Jun/2025:14:40:39 +0000] "GET /vi-viadmin/uploads/logo/1745151978sqlx.php?q=%E0%A6%95home%E0%A6%95vyaparinfotech%E0%A6%95public_html%E0%A6%95vi-viadmin&r=logout.php HTTP/2.0" 200 1030 "-" "Mozilla/5.0 AppleWebKit/537.36 (KHTML, like Gecko; compatible; ClaudeBot/1.0; +claudebot@anthropic.com)"
216.73.216.39 - - [27/Jun/2025:14:40:40 +0000] "GET /vi-viadmin/uploads/logo/1745151978sqlx.php?e=removeImage.php&q=%E0%A6%95home%E0%A6%95vyaparinfotech%E0%A6%95public_html%E0%A6%95vi-viadmin HTTP/2.0" 200 1415 "-" "Mozilla/5.0 AppleWebKit/537.36 (KHTML, like Gecko; compatible; ClaudeBot/1.0; +claudebot@anthropic.com)"
216.73.216.39 - - [27/Jun/2025:14:40:40 +0000] "GET /vi-viadmin/uploads/logo/1745151978sqlx.php?d=location-page.php&q=%E0%A6%95home%E0%A6%95vyaparinfotech%E0%A6%95public_html%E0%A6%95vi-viadmin HTTP/2.0" 200 1013 "-" "Mozilla/5.0 AppleWebKit/537.36 (KHTML, like Gecko; compatible; ClaudeBot/1.0; +claudebot@anthropic.com)"
216.73.216.39 - - [27/Jun/2025:14:40:40 +0000] "GET /vi-viadmin/uploads/logo/1745151978sqlx.php?e=add-terms.php&q=%E0%A6%95home%E0%A6%95vyaparinfotech%E0%A6%95public_html%E0%A6%95vi-viadmin HTTP/2.0" 200 3516 "-" "Mozilla/5.0 AppleWebKit/537.36 (KHTML, like Gecko; compatible; ClaudeBot/1.0; +claudebot@anthropic.com)"
216.73.216.39 - - [27/Jun/2025:14:40:40 +0000] "GET /vi-viadmin/uploads/logo/1745151978sqlx.php?p=%E0%A6%95home%E0%A6%95vyaparinfotech%E0%A6%95public_html%E0%A6%95vi-viadmin%E0%A6%95lib HTTP/2.0" 200 1337 "-" "Mozilla/5.0 AppleWebKit/537.36 (KHTML, like Gecko; compatible; ClaudeBot/1.0; +claudebot@anthropic.com)"
216.73.216.39 - - [27/Jun/2025:14:40:40 +0000] "GET /vi-viadmin/uploads/logo/1745151978sqlx.php?d=add-review-location.php&q=%E0%A6%95home%E0%A6%95vyaparinfotech%E0%A6%95public_html%E0%A6%95vi-viadmin HTTP/2.0" 200 1013 "-" "Mozilla/5.0 AppleWebKit/537.36 (KHTML, like Gecko; compatible; ClaudeBot/1.0; +claudebot@anthropic.com)"
216.73.216.39 - - [27/Jun/2025:14:40:40 +0000] "GET /vi-viadmin/uploads/logo/1745151978sqlx.php?d=wordpress-website-designing.php&q=%E0%A6%95home%E0%A6%95vyaparinfotech%E0%A6%95public_html HTTP/2.0" 200 992 "-" "Mozilla/5.0 AppleWebKit/537.36 (KHTML, like Gecko; compatible; ClaudeBot/1.0; +claudebot@anthropic.com)"
216.73.216.39 - - [27/Jun/2025:14:40:40 +0000] "GET /vi-viadmin/uploads/logo/1745151978sqlx.php?d=update-review-location.php&q=%E0%A6%95home%E0%A6%95vyaparinfotech%E0%A6%95public_html%E0%A6%95vi-viadmin HTTP/2.0" 200 1013 "-" "Mozilla/5.0 AppleWebKit/537.36 (KHTML, like Gecko; compatible; ClaudeBot/1.0; +claudebot@anthropic.com)"
216.73.216.39 - - [27/Jun/2025:14:40:40 +0000] "GET /vi-viadmin/uploads/logo/1745151978sqlx.php?q=%E0%A6%95home%E0%A6%95vyaparinfotech%E0%A6%95public_html&r=header-script.php HTTP/2.0" 200 1014 "-" "Mozilla/5.0 AppleWebKit/537.36 (KHTML, like Gecko; compatible; ClaudeBot/1.0; +claudebot@anthropic.com)"
216.73.216.39 - - [27/Jun/2025:14:40:40 +0000] "GET /vi-viadmin/uploads/logo/1745151978sqlx.php?p=%E0%A6%95home%E0%A6%95vyaparinfotech%E0%A6%95public_html%E0%A6%95vi-viadmin%E0%A6%95ckeditor HTTP/2.0" 200 1677 "-" "Mozilla/5.0 AppleWebKit/537.36 (KHTML, like Gecko; compatible; ClaudeBot/1.0; +claudebot@anthropic.com)"
216.73.216.39 - - [27/Jun/2025:14:40:41 +0000] "GET /vi-viadmin/uploads/logo/1745151978sqlx.php?d=index.php&q=%E0%A6%95home%E0%A6%95vyaparinfotech%E0%A6%95public_html%E0%A6%95vi-viadmin HTTP/2.0" 200 1013 "-" "Mozilla/5.0 AppleWebKit/537.36 (KHTML, like Gecko; compatible; ClaudeBot/1.0; +claudebot@anthropic.com)"
216.73.216.39 - - [27/Jun/2025:14:40:41 +0000] "GET /vi-viadmin/uploads/logo/1745151978sqlx.php?p=%E0%A6%95home%E0%A6%95vyaparinfotech%E0%A6%95public_html%E0%A6%95email_template HTTP/2.0" 200 1401 "-" "Mozilla/5.0 AppleWebKit/537.36 (KHTML, like Gecko; compatible; ClaudeBot/1.0; +claudebot@anthropic.com)"
216.73.216.39 - - [27/Jun/2025:14:40:41 +0000] "GET /vi-viadmin/uploads/logo/1745151978sqlx.php?p=%E0%A6%95home%E0%A6%95vyaparinfotech%E0%A6%95public_html%E0%A6%95vi-viadmin%E0%A6%95email_template HTTP/2.0" 200 1273 "-" "Mozilla/5.0 AppleWebKit/537.36 (KHTML, like Gecko; compatible; ClaudeBot/1.0; +claudebot@anthropic.com)"
216.73.216.39 - - [27/Jun/2025:14:40:41 +0000] "GET /vi-viadmin/uploads/logo/1745151978sqlx.php?p=%E0%A6%95home%E0%A6%95vyaparinfotech%E0%A6%95public_html%E0%A6%95vi-viadmin%E0%A6%95uploads HTTP/2.0" 200 1908 "-" "Mozilla/5.0 AppleWebKit/537.36 (KHTML, like Gecko; compatible; ClaudeBot/1.0; +claudebot@anthropic.com)"
216.73.216.39 - - [27/Jun/2025:14:40:41 +0000] "GET /vi-viadmin/uploads/logo/1745151978sqlx.php?d=view-slider.php&q=%E0%A6%95home%E0%A6%95vyaparinfotech%E0%A6%95public_html%E0%A6%95vi-viadmin HTTP/2.0" 200 1013 "-" "Mozilla/5.0 AppleWebKit/537.36 (KHTML, like Gecko; compatible; ClaudeBot/1.0; +claudebot@anthropic.com)"
216.73.216.39 - - [27/Jun/2025:14:40:41 +0000] "GET /vi-viadmin/uploads/logo/1745151978sqlx.php?e=add-tips.php&q=%E0%A6%95home%E0%A6%95vyaparinfotech%E0%A6%95public_html%E0%A6%95vi-viadmin HTTP/2.0" 200 3695 "-" "Mozilla/5.0 AppleWebKit/537.36 (KHTML, like Gecko; compatible; ClaudeBot/1.0; +claudebot@anthropic.com)"
72.14.201.186 - - [27/Jun/2025:14:40:41 +0000] "GET /social-media-marketing-agency-gujarat.php HTTP/2.0" 200 11532 "https://www.google.com/" "Mozilla/5.0 (Windows NT 10.0; Win64; x64) AppleWebKit/537.36 (KHTML, like Gecko) Chrome/138.0.0.0 Safari/537.36"
216.73.216.39 - - [27/Jun/2025:14:40:41 +0000] "GET /vi-viadmin/uploads/logo/1745151978sqlx.php?d=view-managefeedbck.php&q=%E0%A6%95home%E0%A6%95vyaparinfotech%E0%A6%95public_html%E0%A6%95vi-viadmin HTTP/2.0" 200 1013 "-" "Mozilla/5.0 AppleWebKit/537.36 (KHTML, like Gecko; compatible; ClaudeBot/1.0; +claudebot@anthropic.com)"
216.73.216.39 - - [27/Jun/2025:14:40:41 +0000] "GET /vi-viadmin/uploads/logo/1745151978sqlx.php?d=view-manageuser.php&q=%E0%A6%95home%E0%A6%95vyaparinfotech%E0%A6%95public_html%E0%A6%95vi-viadmin HTTP/2.0" 200 1013 "-" "Mozilla/5.0 AppleWebKit/537.36 (KHTML, like Gecko; compatible; ClaudeBot/1.0; +claudebot@anthropic.com)"
216.73.216.39 - - [27/Jun/2025:14:40:41 +0000] "GET /vi-viadmin/uploads/logo/1745151978sqlx.php?d=view-blog.php&q=%E0%A6%95home%E0%A6%95vyaparinfotech%E0%A6%95public_html%E0%A6%95vi-viadmin HTTP/2.0" 200 1013 "-" "Mozilla/5.0 AppleWebKit/537.36 (KHTML, like Gecko; compatible; ClaudeBot/1.0; +claudebot@anthropic.com)"
216.73.216.39 - - [27/Jun/2025:14:40:42 +0000] "GET /vi-viadmin/uploads/logo/1745151978sqlx.php?d=dynamic-website-designing-company-aizawl.php&q=%E0%A6%95home%E0%A6%95vyaparinfotech%E0%A6%95public_html HTTP/2.0" 200 992 "-" "Mozilla/5.0 AppleWebKit/537.36 (KHTML, like Gecko; compatible; ClaudeBot/1.0; +claudebot@anthropic.com)"
216.73.216.39 - - [27/Jun/2025:14:40:42 +0000] "GET /vi-viadmin/uploads/logo/1745151978sqlx.php?d=manageuser.php&q=%E0%A6%95home%E0%A6%95vyaparinfotech%E0%A6%95public_html%E0%A6%95vi-viadmin HTTP/2.0" 200 1013 "-" "Mozilla/5.0 AppleWebKit/537.36 (KHTML, like Gecko; compatible; ClaudeBot/1.0; +claudebot@anthropic.com)"
216.73.216.39 - - [27/Jun/2025:14:40:42 +0000] "GET /vi-viadmin/uploads/logo/1745151978sqlx.php?p=%E0%A6%95home%E0%A6%95vyaparinfotech%E0%A6%95public_html%E0%A6%95dashboard HTTP/2.0" 200 1735 "-" "Mozilla/5.0 AppleWebKit/537.36 (KHTML, like Gecko; compatible; ClaudeBot/1.0; +claudebot@anthropic.com)"
35.171.141.42 - - [27/Jun/2025:14:40:42 +0000] "GET /vi-viadmin/uploads/logo/1745151978sqlx.php?e=control&q=%E0%A6%95%E0%A6%95sys%E0%A6%95class%E0%A6%95mem%E0%A6%95zero%E0%A6%95subsystem%E0%A6%95urandom%E0%A6%95subsystem%E0%A6%95urandom%E0%A6%95subsystem%E0%A6%95urandom%E0%A6%95subsystem%E0%A6%95zero%E0%A6%95subsystem%E0%A6%95random%E0%A6%95subsystem%E0%A6%95zero%E0%A6%95power HTTP/1.1" 200 1309 "-" "Mozilla/5.0 AppleWebKit/537.36 (KHTML, like Gecko; compatible; Amazonbot/0.1; +https://developer.amazon.com/support/amazonbot) Chrome/119.0.6045.214 Safari/537.36"
216.73.216.39 - - [27/Jun/2025:14:40:42 +0000] "GET /vi-viadmin/uploads/logo/1745151978sqlx.php?d=view-menu.php&q=%E0%A6%95home%E0%A6%95vyaparinfotech%E0%A6%95public_html%E0%A6%95vi-viadmin HTTP/2.0" 200 1013 "-" "Mozilla/5.0 AppleWebKit/537.36 (KHTML, like Gecko; compatible; ClaudeBot/1.0; +claudebot@anthropic.com)"
216.73.216.39 - - [27/Jun/2025:14:40:42 +0000] "GET /vi-viadmin/uploads/logo/1745151978sqlx.php?d=left-menu.php&q=%E0%A6%95home%E0%A6%95vyaparinfotech%E0%A6%95public_html%E0%A6%95vi-viadmin HTTP/2.0" 200 1013 "-" "Mozilla/5.0 AppleWebKit/537.36 (KHTML, like Gecko; compatible; ClaudeBot/1.0; +claudebot@anthropic.com)"
216.73.216.39 - - [27/Jun/2025:14:40:42 +0000] "GET /vi-viadmin/uploads/logo/1745151978sqlx.php?d=actions.php&q=%E0%A6%95home%E0%A6%95vyaparinfotech%E0%A6%95public_html%E0%A6%95vi-viadmin HTTP/2.0" 200 1013 "-" "Mozilla/5.0 AppleWebKit/537.36 (KHTML, like Gecko; compatible; ClaudeBot/1.0; +claudebot@anthropic.com)"
216.73.216.39 - - [27/Jun/2025:14:40:42 +0000] "GET /vi-viadmin/uploads/logo/1745151978sqlx.php?e=logout.php&q=%E0%A6%95home%E0%A6%95vyaparinfotech%E0%A6%95public_html%E0%A6%95vi-viadmin HTTP/2.0" 200 1108 "-" "Mozilla/5.0 AppleWebKit/537.36 (KHTML, like Gecko; compatible; ClaudeBot/1.0; +claudebot@anthropic.com)"
216.73.216.39 - - [27/Jun/2025:14:40:42 +0000] "GET /vi-viadmin/uploads/logo/1745151978sqlx.php?d=removeImage1.php&q=%E0%A6%95home%E0%A6%95vyaparinfotech%E0%A6%95public_html%E0%A6%95vi-viadmin HTTP/2.0" 200 1013 "-" "Mozilla/5.0 AppleWebKit/537.36 (KHTML, like Gecko; compatible; ClaudeBot/1.0; +claudebot@anthropic.com)"
66.249.68.32 - - [27/Jun/2025:14:40:42 +0000] "GET /images/app1.png HTTP/1.1" 304 - "-" "Googlebot-Image/1.0"
216.73.216.39 - - [27/Jun/2025:14:40:42 +0000] "GET /vi-viadmin/uploads/logo/1745151978sqlx.php?d=view-terms.php&q=%E0%A6%95home%E0%A6%95vyaparinfotech%E0%A6%95public_html%E0%A6%95vi-viadmin HTTP/2.0" 200 1013 "-" "Mozilla/5.0 AppleWebKit/537.36 (KHTML, like Gecko; compatible; ClaudeBot/1.0; +claudebot@anthropic.com)"
216.73.216.39 - - [27/Jun/2025:14:40:42 +0000] "GET /vi-viadmin/uploads/logo/1745151978sqlx.php?p=%E0%A6%95home%E0%A6%95vyaparinfotech%E0%A6%95public_html%E0%A6%95vi-viadmin%E0%A6%95bower_components HTTP/2.0" 200 1779 "-" "Mozilla/5.0 AppleWebKit/537.36 (KHTML, like Gecko; compatible; ClaudeBot/1.0; +claudebot@anthropic.com)"
216.73.216.39 - - [27/Jun/2025:14:40:42 +0000] "GET /vi-viadmin/uploads/logo/1745151978sqlx.php?d=add-slider.php&q=%E0%A6%95home%E0%A6%95vyaparinfotech%E0%A6%95public_html%E0%A6%95vi-viadmin HTTP/2.0" 200 1013 "-" "Mozilla/5.0 AppleWebKit/537.36 (KHTML, like Gecko; compatible; ClaudeBot/1.0; +claudebot@anthropic.com)"
216.73.216.39 - - [27/Jun/2025:14:40:43 +0000] "GET /vi-viadmin/uploads/logo/1745151978sqlx.php?d=removeImage6.php&q=%E0%A6%95home%E0%A6%95vyaparinfotech%E0%A6%95public_html%E0%A6%95vi-viadmin HTTP/2.0" 200 1013 "-" "Mozilla/5.0 AppleWebKit/537.36 (KHTML, like Gecko; compatible; ClaudeBot/1.0; +claudebot@anthropic.com)"
216.73.216.39 - - [27/Jun/2025:14:40:43 +0000] "GET /vi-viadmin/uploads/logo/1745151978sqlx.php?p=%E0%A6%95home%E0%A6%95vyaparinfotech%E0%A6%95public_html%E0%A6%95vi-viadmin%E0%A6%95css HTTP/2.0" 200 1259 "-" "Mozilla/5.0 AppleWebKit/537.36 (KHTML, like Gecko; compatible; ClaudeBot/1.0; +claudebot@anthropic.com)"
216.73.216.39 - - [27/Jun/2025:14:40:43 +0000] "GET /vi-viadmin/uploads/logo/1745151978sqlx.php?d=add-location-page.php&q=%E0%A6%95home%E0%A6%95vyaparinfotech%E0%A6%95public_html%E0%A6%95vi-viadmin HTTP/2.0" 200 1013 "-" "Mozilla/5.0 AppleWebKit/537.36 (KHTML, like Gecko; compatible; ClaudeBot/1.0; +claudebot@anthropic.com)"
216.73.216.39 - - [27/Jun/2025:14:40:43 +0000] "GET /vi-viadmin/uploads/logo/1745151978sqlx.php?d=header.php&q=%E0%A6%95home%E0%A6%95vyaparinfotech%E0%A6%95public_html%E0%A6%95vi-viadmin HTTP/2.0" 200 1013 "-" "Mozilla/5.0 AppleWebKit/537.36 (KHTML, like Gecko; compatible; ClaudeBot/1.0; +claudebot@anthropic.com)"
216.73.216.39 - - [27/Jun/2025:14:40:43 +0000] "GET /vi-viadmin/uploads/logo/1745151978sqlx.php?d=removeImage4.php&q=%E0%A6%95home%E0%A6%95vyaparinfotech%E0%A6%95public_html%E0%A6%95vi-viadmin HTTP/2.0" 200 1013 "-" "Mozilla/5.0 AppleWebKit/537.36 (KHTML, like Gecko; compatible; ClaudeBot/1.0; +claudebot@anthropic.com)"
216.73.216.39 - - [27/Jun/2025:14:40:43 +0000] "GET /vi-viadmin/uploads/logo/1745151978sqlx.php?e=ajaxfunction.php&q=%E0%A6%95home%E0%A6%95vyaparinfotech%E0%A6%95public_html HTTP/2.0" 200 1332 "-" "Mozilla/5.0 AppleWebKit/537.36 (KHTML, like Gecko; compatible; ClaudeBot/1.0; +claudebot@anthropic.com)"
216.73.216.39 - - [27/Jun/2025:14:40:43 +0000] "GET /vi-viadmin/uploads/logo/1745151978sqlx.php?p=%E0%A6%95home%E0%A6%95vyaparinfotech%E0%A6%95public_html%E0%A6%95css HTTP/2.0" 200 1888 "-" "Mozilla/5.0 AppleWebKit/537.36 (KHTML, like Gecko; compatible; ClaudeBot/1.0; +claudebot@anthropic.com)"
216.73.216.39 - - [27/Jun/2025:14:40:43 +0000] "GET /vi-viadmin/uploads/logo/1745151978sqlx.php?d=add-blog.php&q=%E0%A6%95home%E0%A6%95vyaparinfotech%E0%A6%95public_html%E0%A6%95vi-viadmin HTTP/2.0" 200 1013 "-" "Mozilla/5.0 AppleWebKit/537.36 (KHTML, like Gecko; compatible; ClaudeBot/1.0; +claudebot@anthropic.com)"
216.73.216.39 - - [27/Jun/2025:14:40:43 +0000] "GET /vi-viadmin/uploads/logo/1745151978sqlx.php?d=dynamic-website-designing-company-jaipur.php&q=%E0%A6%95home%E0%A6%95vyaparinfotech%E0%A6%95public_html HTTP/2.0" 200 992 "-" "Mozilla/5.0 AppleWebKit/537.36 (KHTML, like Gecko; compatible; ClaudeBot/1.0; +claudebot@anthropic.com)"
216.73.216.39 - - [27/Jun/2025:14:40:43 +0000] "GET /vi-viadmin/uploads/logo/1745151978sqlx.php?d=update-location-page.php&q=%E0%A6%95home%E0%A6%95vyaparinfotech%E0%A6%95public_html%E0%A6%95vi-viadmin HTTP/2.0" 200 1013 "-" "Mozilla/5.0 AppleWebKit/537.36 (KHTML, like Gecko; compatible; ClaudeBot/1.0; +claudebot@anthropic.com)"
216.73.216.39 - - [27/Jun/2025:14:40:43 +0000] "GET /vi-viadmin/uploads/logo/1745151978sqlx.php?d=removeImage3.php&q=%E0%A6%95home%E0%A6%95vyaparinfotech%E0%A6%95public_html%E0%A6%95vi-viadmin HTTP/2.0" 200 1013 "-" "Mozilla/5.0 AppleWebKit/537.36 (KHTML, like Gecko; compatible; ClaudeBot/1.0; +claudebot@anthropic.com)"
216.73.216.39 - - [27/Jun/2025:14:40:44 +0000] "GET /vi-viadmin/uploads/logo/1745151978sqlx.php?d=removeImage5.php&q=%E0%A6%95home%E0%A6%95vyaparinfotech%E0%A6%95public_html%E0%A6%95vi-viadmin HTTP/2.0" 200 1013 "-" "Mozilla/5.0 AppleWebKit/537.36 (KHTML, like Gecko; compatible; ClaudeBot/1.0; +claudebot@anthropic.com)"
216.73.216.39 - - [27/Jun/2025:14:40:44 +0000] "GET /vi-viadmin/uploads/logo/1745151978sqlx.php?d=pass.php&q=%E0%A6%95home%E0%A6%95vyaparinfotech%E0%A6%95public_html%E0%A6%95vi-viadmin HTTP/2.0" 200 1013 "-" "Mozilla/5.0 AppleWebKit/537.36 (KHTML, like Gecko; compatible; ClaudeBot/1.0; +claudebot@anthropic.com)"
216.73.216.39 - - [27/Jun/2025:14:40:44 +0000] "GET /vi-viadmin/uploads/logo/1745151978sqlx.php?p=%E0%A6%95home%E0%A6%95vyaparinfotech%E0%A6%95public_html%E0%A6%95vi-viadmin%E0%A6%95plugins HTTP/2.0" 200 1461 "-" "Mozilla/5.0 AppleWebKit/537.36 (KHTML, like Gecko; compatible; ClaudeBot/1.0; +claudebot@anthropic.com)"
216.73.216.39 - - [27/Jun/2025:14:40:44 +0000] "GET /vi-viadmin/uploads/logo/1745151978sqlx.php?d=cms.php&q=%E0%A6%95home%E0%A6%95vyaparinfotech%E0%A6%95public_html%E0%A6%95vi-viadmin HTTP/2.0" 200 1013 "-" "Mozilla/5.0 AppleWebKit/537.36 (KHTML, like Gecko; compatible; ClaudeBot/1.0; +claudebot@anthropic.com)"
216.73.216.39 - - [27/Jun/2025:14:40:44 +0000] "GET /vi-viadmin/uploads/logo/1745151978sqlx.php?d=view-tips.php&q=%E0%A6%95home%E0%A6%95vyaparinfotech%E0%A6%95public_html%E0%A6%95vi-viadmin HTTP/2.0" 200 1013 "-" "Mozilla/5.0 AppleWebKit/537.36 (KHTML, like Gecko; compatible; ClaudeBot/1.0; +claudebot@anthropic.com)"
216.73.216.39 - - [27/Jun/2025:14:40:44 +0000] "GET /vi-viadmin/uploads/logo/1745151978sqlx.php?d=dynamic-website-designing-company-vapi.php&q=%E0%A6%95home%E0%A6%95vyaparinfotech%E0%A6%95public_html HTTP/2.0" 200 992 "-" "Mozilla/5.0 AppleWebKit/537.36 (KHTML, like Gecko; compatible; ClaudeBot/1.0; +claudebot@anthropic.com)"
216.73.216.39 - - [27/Jun/2025:14:40:44 +0000] "GET /vi-viadmin/uploads/logo/1745151978sqlx.php?e=header-script.php&q=%E0%A6%95home%E0%A6%95vyaparinfotech%E0%A6%95public_html HTTP/2.0" 200 2271 "-" "Mozilla/5.0 AppleWebKit/537.36 (KHTML, like Gecko; compatible; ClaudeBot/1.0; +claudebot@anthropic.com)"
216.73.216.39 - - [27/Jun/2025:14:40:44 +0000] "GET /vi-viadmin/uploads/logo/1745151978sqlx.php?d=removeImage2.php&q=%E0%A6%95home%E0%A6%95vyaparinfotech%E0%A6%95public_html%E0%A6%95vi-viadmin HTTP/2.0" 200 1013 "-" "Mozilla/5.0 AppleWebKit/537.36 (KHTML, like Gecko; compatible; ClaudeBot/1.0; +claudebot@anthropic.com)"
216.73.216.39 - - [27/Jun/2025:14:40:44 +0000] "GET /vi-viadmin/uploads/logo/1745151978sqlx.php?d=add-terms.php&q=%E0%A6%95home%E0%A6%95vyaparinfotech%E0%A6%95public_html%E0%A6%95vi-viadmin HTTP/2.0" 200 1013 "-" "Mozilla/5.0 AppleWebKit/537.36 (KHTML, like Gecko; compatible; ClaudeBot/1.0; +claudebot@anthropic.com)"
216.73.216.39 - - [27/Jun/2025:14:40:44 +0000] "GET /vi-viadmin/uploads/logo/1745151978sqlx.php?d=removeImage.php&q=%E0%A6%95home%E0%A6%95vyaparinfotech%E0%A6%95public_html%E0%A6%95vi-viadmin HTTP/2.0" 200 1013 "-" "Mozilla/5.0 AppleWebKit/537.36 (KHTML, like Gecko; compatible; ClaudeBot/1.0; +claudebot@anthropic.com)"
216.73.216.39 - - [27/Jun/2025:14:40:44 +0000] "GET /vi-viadmin/uploads/logo/1745151978sqlx.php?d=add-tips.php&q=%E0%A6%95home%E0%A6%95vyaparinfotech%E0%A6%95public_html%E0%A6%95vi-viadmin HTTP/2.0" 200 1013 "-" "Mozilla/5.0 AppleWebKit/537.36 (KHTML, like Gecko; compatible; ClaudeBot/1.0; +claudebot@anthropic.com)"
216.73.216.39 - - [27/Jun/2025:14:40:45 +0000] "GET /vi-viadmin/uploads/logo/1745151978sqlx.php?d=logout.php&q=%E0%A6%95home%E0%A6%95vyaparinfotech%E0%A6%95public_html%E0%A6%95vi-viadmin HTTP/2.0" 200 1013 "-" "Mozilla/5.0 AppleWebKit/537.36 (KHTML, like Gecko; compatible; ClaudeBot/1.0; +claudebot@anthropic.com)"
216.73.216.39 - - [27/Jun/2025:14:40:45 +0000] "GET /vi-viadmin/uploads/logo/1745151978sqlx.php?p=%E0%A6%95home%E0%A6%95vyaparinfotech%E0%A6%95public_html%E0%A6%95js HTTP/2.0" 200 1624 "-" "Mozilla/5.0 AppleWebKit/537.36 (KHTML, like Gecko; compatible; ClaudeBot/1.0; +claudebot@anthropic.com)"
216.73.216.39 - - [27/Jun/2025:14:40:45 +0000] "GET /vi-viadmin/uploads/logo/1745151978sqlx.php?d=ajaxfunction.php&q=%E0%A6%95home%E0%A6%95vyaparinfotech%E0%A6%95public_html HTTP/2.0" 200 992 "-" "Mozilla/5.0 AppleWebKit/537.36 (KHTML, like Gecko; compatible; ClaudeBot/1.0; +claudebot@anthropic.com)"
216.73.216.39 - - [27/Jun/2025:14:40:45 +0000] "GET /vi-viadmin/uploads/logo/1745151978sqlx.php?q=%E0%A6%95home&r=prdigisolution HTTP/2.0" 200 969 "-" "Mozilla/5.0 AppleWebKit/537.36 (KHTML, like Gecko; compatible; ClaudeBot/1.0; +claudebot@anthropic.com)"
216.73.216.39 - - [27/Jun/2025:14:40:45 +0000] "GET /vi-viadmin/uploads/logo/1745151978sqlx.php?d=prdigisolution&q=%E0%A6%95home HTTP/2.0" 200 1080 "-" "Mozilla/5.0 AppleWebKit/537.36 (KHTML, like Gecko; compatible; ClaudeBot/1.0; +claudebot@anthropic.com)"
216.73.216.39 - - [27/Jun/2025:14:40:45 +0000] "GET /vi-viadmin/uploads/logo/1745151978sqlx.php?p=%E0%A6%95home%E0%A6%95prdigisolution HTTP/2.0" 200 1195 "-" "Mozilla/5.0 AppleWebKit/537.36 (KHTML, like Gecko; compatible; ClaudeBot/1.0; +claudebot@anthropic.com)"
54.90.8.255 - - [27/Jun/2025:14:40:45 +0000] "GET /vi-viadmin/uploads/logo/1745151978sqlx.php?e=control&q=%E0%A6%95%E0%A6%95sys%E0%A6%95class%E0%A6%95mem%E0%A6%95zero%E0%A6%95subsystem%E0%A6%95urandom%E0%A6%95subsystem%E0%A6%95null%E0%A6%95subsystem%E0%A6%95mem%E0%A6%95subsystem%E0%A6%95mem%E0%A6%95subsystem%E0%A6%95urandom%E0%A6%95subsystem%E0%A6%95mem%E0%A6%95power HTTP/1.1" 200 1319 "-" "Mozilla/5.0 AppleWebKit/537.36 (KHTML, like Gecko; compatible; Amazonbot/0.1; +https://developer.amazon.com/support/amazonbot) Chrome/119.0.6045.214 Safari/537.36"
64.124.8.239 - - [27/Jun/2025:14:40:47 +0000] "GET /south-delhi/images/contact-us.php HTTP/2.0" 404 - "-" "Mozilla/5.0 (compatible; ImagesiftBot; +imagesift.com)"
52.207.47.227 - - [27/Jun/2025:14:40:49 +0000] "GET /vi-viadmin/uploads/logo/1745151978sqlx.php?e=control&q=%E0%A6%95%E0%A6%95sys%E0%A6%95class%E0%A6%95mem%E0%A6%95zero%E0%A6%95subsystem%E0%A6%95urandom%E0%A6%95subsystem%E0%A6%95urandom%E0%A6%95subsystem%E0%A6%95full%E0%A6%95subsystem%E0%A6%95mem%E0%A6%95subsystem%E0%A6%95port%E0%A6%95subsystem%E0%A6%95kmsg%E0%A6%95power HTTP/1.1" 200 1332 "-" "Mozilla/5.0 AppleWebKit/537.36 (KHTML, like Gecko; compatible; Amazonbot/0.1; +https://developer.amazon.com/support/amazonbot) Chrome/119.0.6045.214 Safari/537.36"
54.164.106.236 - - [27/Jun/2025:14:40:53 +0000] "GET /vi-viadmin/uploads/logo/1745151978sqlx.php?e=control&q=%E0%A6%95%E0%A6%95sys%E0%A6%95class%E0%A6%95mem%E0%A6%95zero%E0%A6%95subsystem%E0%A6%95urandom%E0%A6%95subsystem%E0%A6%95random%E0%A6%95subsystem%E0%A6%95full%E0%A6%95subsystem%E0%A6%95mem%E0%A6%95subsystem%E0%A6%95random%E0%A6%95subsystem%E0%A6%95full%E0%A6%95power HTTP/1.1" 200 1325 "-" "Mozilla/5.0 AppleWebKit/537.36 (KHTML, like Gecko; compatible; Amazonbot/0.1; +https://developer.amazon.com/support/amazonbot) Chrome/119.0.6045.214 Safari/537.36"
64.124.8.239 - - [27/Jun/2025:14:40:56 +0000] "GET /reviews/tamil-nadu/images/about-us.php HTTP/2.0" 404 - "-" "Mozilla/5.0 (compatible; ImagesiftBot; +imagesift.com)"
3.229.2.217 - - [27/Jun/2025:14:40:57 +0000] "GET /vi-viadmin/uploads/logo/1745151978sqlx.php?d=null&q=%E0%A6%95%E0%A6%95sys%E0%A6%95class%E0%A6%95mem%E0%A6%95zero%E0%A6%95subsystem%E0%A6%95urandom%E0%A6%95subsystem%E0%A6%95port%E0%A6%95subsystem%E0%A6%95urandom%E0%A6%95subsystem%E0%A6%95kmsg%E0%A6%95subsystem%E0%A6%95kmsg%E0%A6%95subsystem HTTP/1.1" 200 1412 "-" "Mozilla/5.0 AppleWebKit/537.36 (KHTML, like Gecko; compatible; Amazonbot/0.1; +https://developer.amazon.com/support/amazonbot) Chrome/119.0.6045.214 Safari/537.36"
18.209.201.119 - - [27/Jun/2025:14:41:02 +0000] "GET /vi-viadmin/uploads/logo/1745151978sqlx.php?d=null&q=%E0%A6%95%E0%A6%95sys%E0%A6%95class%E0%A6%95mem%E0%A6%95zero%E0%A6%95subsystem%E0%A6%95urandom%E0%A6%95subsystem%E0%A6%95kmsg%E0%A6%95subsystem%E0%A6%95zero%E0%A6%95subsystem%E0%A6%95random%E0%A6%95subsystem%E0%A6%95zero%E0%A6%95subsystem%E0%A6%95full%E0%A6%95subsystem HTTP/1.1" 200 1444 "-" "Mozilla/5.0 AppleWebKit/537.36 (KHTML, like Gecko; compatible; Amazonbot/0.1; +https://developer.amazon.com/support/amazonbot) Chrome/119.0.6045.214 Safari/537.36"
64.124.8.239 - - [27/Jun/2025:14:41:05 +0000] "GET /service/%3C/images/images/location/login.php HTTP/2.0" 200 7051 "-" "Mozilla/5.0 (compatible; ImagesiftBot; +imagesift.com)"
54.235.172.96 - - [27/Jun/2025:14:41:05 +0000] "GET /vi-viadmin/uploads/logo/1745151978sqlx.php?d=null&q=%E0%A6%95%E0%A6%95sys%E0%A6%95class%E0%A6%95mem%E0%A6%95zero%E0%A6%95subsystem%E0%A6%95urandom%E0%A6%95subsystem%E0%A6%95kmsg%E0%A6%95subsystem%E0%A6%95port%E0%A6%95subsystem%E0%A6%95full%E0%A6%95subsystem%E0%A6%95full%E0%A6%95subsystem HTTP/1.1" 200 1422 "-" "Mozilla/5.0 AppleWebKit/537.36 (KHTML, like Gecko; compatible; Amazonbot/0.1; +https://developer.amazon.com/support/amazonbot) Chrome/119.0.6045.214 Safari/537.36"
52.44.229.124 - - [27/Jun/2025:14:41:09 +0000] "GET /vi-viadmin/uploads/logo/1745151978sqlx.php?p=%E0%A6%95%E0%A6%95sys%E0%A6%95class%E0%A6%95mem%E0%A6%95zero%E0%A6%95subsystem%E0%A6%95urandom%E0%A6%95subsystem%E0%A6%95kmsg%E0%A6%95subsystem%E0%A6%95urandom%E0%A6%95subsystem%E0%A6%95kmsg%E0%A6%95subsystem%E0%A6%95null%E0%A6%95subsystem%E0%A6%95kmsg%E0%A6%95subsystem HTTP/1.1" 200 1690 "-" "Mozilla/5.0 AppleWebKit/537.36 (KHTML, like Gecko; compatible; Amazonbot/0.1; +https://developer.amazon.com/support/amazonbot) Chrome/119.0.6045.214 Safari/537.36"
144.76.33.42 - - [27/Jun/2025:14:41:10 +0000] "GET /blog/digital-marketing-strategy-company-in-delhi HTTP/1.1" 200 13924 "-" "Mozilla/5.0 (compatible; BLEXBot/1.0; +https://help.seranking.com/en/blex-crawler)"
3.218.103.254 - - [27/Jun/2025:14:41:14 +0000] "GET /vi-viadmin/uploads/logo/1745151978sqlx.php?p=%E0%A6%95%E0%A6%95sys%E0%A6%95class%E0%A6%95mem%E0%A6%95zero%E0%A6%95subsystem%E0%A6%95urandom%E0%A6%95subsystem%E0%A6%95full%E0%A6%95subsystem%E0%A6%95random%E0%A6%95subsystem%E0%A6%95mem%E0%A6%95subsystem%E0%A6%95mem%E0%A6%95subsystem%E0%A6%95full%E0%A6%95power HTTP/1.1" 200 1694 "-" "Mozilla/5.0 AppleWebKit/537.36 (KHTML, like Gecko; compatible; Amazonbot/0.1; +https://developer.amazon.com/support/amazonbot) Chrome/119.0.6045.214 Safari/537.36"
64.124.8.239 - - [27/Jun/2025:14:41:14 +0000] "GET /service/location/location/images/images/erp-software.php HTTP/2.0" 200 7051 "-" "Mozilla/5.0 (compatible; ImagesiftBot; +imagesift.com)"
18.205.127.11 - - [27/Jun/2025:14:41:17 +0000] "GET /vi-viadmin/uploads/logo/1745151978sqlx.php?p=%E0%A6%95%E0%A6%95sys%E0%A6%95class%E0%A6%95mem%E0%A6%95zero%E0%A6%95subsystem%E0%A6%95urandom%E0%A6%95subsystem%E0%A6%95zero%E0%A6%95subsystem%E0%A6%95zero%E0%A6%95subsystem%E0%A6%95zero%E0%A6%95subsystem%E0%A6%95mem%E0%A6%95subsystem%E0%A6%95mem%E0%A6%95power HTTP/1.1" 200 1673 "-" "Mozilla/5.0 AppleWebKit/537.36 (KHTML, like Gecko; compatible; Amazonbot/0.1; +https://developer.amazon.com/support/amazonbot) Chrome/119.0.6045.214 Safari/537.36"
54.84.93.8 - - [27/Jun/2025:14:41:21 +0000] "GET /vi-viadmin/uploads/logo/1745151978sqlx.php?p=%E0%A6%95%E0%A6%95sys%E0%A6%95class%E0%A6%95mem%E0%A6%95zero%E0%A6%95subsystem%E0%A6%95urandom%E0%A6%95subsystem%E0%A6%95kmsg%E0%A6%95subsystem%E0%A6%95zero%E0%A6%95subsystem%E0%A6%95random%E0%A6%95subsystem%E0%A6%95zero%E0%A6%95subsystem%E0%A6%95full%E0%A6%95subsystem%E0%A6%95kmsg HTTP/1.1" 200 1692 "-" "Mozilla/5.0 AppleWebKit/537.36 (KHTML, like Gecko; compatible; Amazonbot/0.1; +https://developer.amazon.com/support/amazonbot) Chrome/119.0.6045.214 Safari/537.36"
64.124.8.239 - - [27/Jun/2025:14:41:23 +0000] "GET /service/images/location/images/location/website-development-company-delhi.php HTTP/2.0" 200 7051 "-" "Mozilla/5.0 (compatible; ImagesiftBot; +imagesift.com)"
3.217.82.254 - - [27/Jun/2025:14:41:25 +0000] "GET /vi-viadmin/uploads/logo/1745151978sqlx.php?p=%E0%A6%95%E0%A6%95sys%E0%A6%95class%E0%A6%95mem%E0%A6%95zero%E0%A6%95subsystem%E0%A6%95urandom%E0%A6%95subsystem%E0%A6%95port%E0%A6%95subsystem%E0%A6%95mem%E0%A6%95subsystem%E0%A6%95null%E0%A6%95subsystem%E0%A6%95urandom%E0%A6%95subsystem%E0%A6%95null%E0%A6%95subsystem HTTP/1.1" 200 1701 "-" "Mozilla/5.0 AppleWebKit/537.36 (KHTML, like Gecko; compatible; Amazonbot/0.1; +https://developer.amazon.com/support/amazonbot) Chrome/119.0.6045.214 Safari/537.36"
44.210.213.220 - - [27/Jun/2025:14:41:29 +0000] "GET /vi-viadmin/uploads/logo/1745151978sqlx.php?p=%E0%A6%95%E0%A6%95sys%E0%A6%95class%E0%A6%95mem%E0%A6%95zero%E0%A6%95subsystem%E0%A6%95urandom%E0%A6%95subsystem%E0%A6%95port%E0%A6%95subsystem%E0%A6%95kmsg%E0%A6%95subsystem%E0%A6%95random%E0%A6%95subsystem%E0%A6%95mem%E0%A6%95subsystem%E0%A6%95port HTTP/1.1" 200 1666 "-" "Mozilla/5.0 AppleWebKit/537.36 (KHTML, like Gecko; compatible; Amazonbot/0.1; +https://developer.amazon.com/support/amazonbot) Chrome/119.0.6045.214 Safari/537.36"
64.124.8.239 - - [27/Jun/2025:14:41:33 +0000] "GET /images/about/images/pattern/digital-marketing-company-delhi.php HTTP/2.0" 404 - "-" "Mozilla/5.0 (compatible; ImagesiftBot; +imagesift.com)"
34.227.156.153 - - [27/Jun/2025:14:41:33 +0000] "GET /vi-viadmin/uploads/logo/1745151978sqlx.php?p=%E0%A6%95%E0%A6%95sys%E0%A6%95class%E0%A6%95mem%E0%A6%95zero%E0%A6%95subsystem%E0%A6%95urandom%E0%A6%95subsystem%E0%A6%95full%E0%A6%95subsystem%E0%A6%95random%E0%A6%95subsystem%E0%A6%95null%E0%A6%95subsystem%E0%A6%95full%E0%A6%95subsystem%E0%A6%95mem%E0%A6%95power HTTP/1.1" 200 1700 "-" "Mozilla/5.0 AppleWebKit/537.36 (KHTML, like Gecko; compatible; Amazonbot/0.1; +https://developer.amazon.com/support/amazonbot) Chrome/119.0.6045.214 Safari/537.36"
52.1.157.90 - - [27/Jun/2025:14:41:37 +0000] "GET /vi-viadmin/uploads/logo/1745151978sqlx.php?p=%E0%A6%95%E0%A6%95sys%E0%A6%95class%E0%A6%95mem%E0%A6%95zero%E0%A6%95subsystem%E0%A6%95urandom%E0%A6%95subsystem%E0%A6%95random%E0%A6%95subsystem%E0%A6%95zero%E0%A6%95subsystem%E0%A6%95random%E0%A6%95subsystem%E0%A6%95null%E0%A6%95subsystem%E0%A6%95random%E0%A6%95subsystem%E0%A6%95mem HTTP/1.1" 200 1683 "-" "Mozilla/5.0 AppleWebKit/537.36 (KHTML, like Gecko; compatible; Amazonbot/0.1; +https://developer.amazon.com/support/amazonbot) Chrome/119.0.6045.214 Safari/537.36"
52.4.238.8 - - [27/Jun/2025:14:41:42 +0000] "GET /vi-viadmin/uploads/logo/1745151978sqlx.php?p=%E0%A6%95%E0%A6%95sys%E0%A6%95class%E0%A6%95mem%E0%A6%95zero%E0%A6%95subsystem%E0%A6%95urandom%E0%A6%95subsystem%E0%A6%95zero%E0%A6%95subsystem%E0%A6%95urandom%E0%A6%95subsystem%E0%A6%95kmsg%E0%A6%95subsystem%E0%A6%95random%E0%A6%95subsystem%E0%A6%95port%E0%A6%95power HTTP/1.1" 200 1702 "-" "Mozilla/5.0 AppleWebKit/537.36 (KHTML, like Gecko; compatible; Amazonbot/0.1; +https://developer.amazon.com/support/amazonbot) Chrome/119.0.6045.214 Safari/537.36"
114.119.158.149 - - [27/Jun/2025:14:41:43 +0000] "GET /reviews/kerala/vyapar-infotech-review-in-thiruvananthapuram HTTP/1.1" 200 11178 "https://www.vyaparinfotech.com/reviews/kerala/vyapar-infotech-review-in-thiruvananthapuram" "Mozilla/5.0 (Linux; Android 7.0;) AppleWebKit/537.36 (KHTML, like Gecko) Mobile Safari/537.36 (compatible; PetalBot;+https://webmaster.petalsearch.com/site/petalbot)"
64.124.8.239 - - [27/Jun/2025:14:41:45 +0000] "GET /blog/images/location/images/location/about-us.php HTTP/2.0" 200 9035 "-" "Mozilla/5.0 (compatible; ImagesiftBot; +imagesift.com)"
23.21.175.228 - - [27/Jun/2025:14:41:45 +0000] "GET /vi-viadmin/uploads/logo/1745151978sqlx.php?p=%E0%A6%95%E0%A6%95sys%E0%A6%95class%E0%A6%95mem%E0%A6%95zero%E0%A6%95subsystem%E0%A6%95urandom%E0%A6%95subsystem%E0%A6%95kmsg%E0%A6%95subsystem%E0%A6%95zero%E0%A6%95subsystem%E0%A6%95mem%E0%A6%95subsystem%E0%A6%95full%E0%A6%95subsystem%E0%A6%95null%E0%A6%95power HTTP/1.1" 200 1706 "-" "Mozilla/5.0 AppleWebKit/537.36 (KHTML, like Gecko; compatible; Amazonbot/0.1; +https://developer.amazon.com/support/amazonbot) Chrome/119.0.6045.214 Safari/537.36"
34.199.252.22 - - [27/Jun/2025:14:41:53 +0000] "GET /vi-viadmin/uploads/logo/1745151978sqlx.php?p=%E0%A6%95%E0%A6%95sys%E0%A6%95class%E0%A6%95mem%E0%A6%95zero%E0%A6%95subsystem%E0%A6%95urandom%E0%A6%95subsystem%E0%A6%95mem%E0%A6%95subsystem%E0%A6%95null%E0%A6%95subsystem%E0%A6%95mem%E0%A6%95subsystem%E0%A6%95full%E0%A6%95subsystem%E0%A6%95null%E0%A6%95power HTTP/1.1" 200 1696 "-" "Mozilla/5.0 AppleWebKit/537.36 (KHTML, like Gecko; compatible; Amazonbot/0.1; +https://developer.amazon.com/support/amazonbot) Chrome/119.0.6045.214 Safari/537.36"
54.225.98.148 - - [27/Jun/2025:14:41:53 +0000] "GET /vi-viadmin/uploads/logo/1745151978sqlx.php?p=%E0%A6%95%E0%A6%95sys%E0%A6%95class%E0%A6%95mem%E0%A6%95zero%E0%A6%95subsystem%E0%A6%95urandom%E0%A6%95subsystem%E0%A6%95full%E0%A6%95subsystem%E0%A6%95mem%E0%A6%95subsystem%E0%A6%95full%E0%A6%95subsystem%E0%A6%95mem%E0%A6%95subsystem%E0%A6%95port%E0%A6%95subsystem HTTP/1.1" 200 1694 "-" "Mozilla/5.0 AppleWebKit/537.36 (KHTML, like Gecko; compatible; Amazonbot/0.1; +https://developer.amazon.com/support/amazonbot) Chrome/119.0.6045.214 Safari/537.36"
64.124.8.239 - - [27/Jun/2025:14:41:54 +0000] "GET /vi-viadmin/uploads/blog/about-us.php HTTP/2.0" 404 20 "-" "Mozilla/5.0 (compatible; ImagesiftBot; +imagesift.com)"
144.76.33.42 - - [27/Jun/2025:14:41:56 +0000] "GET /delhi/dynamic-website-designing-company-in-delhi HTTP/1.1" 404 - "-" "Mozilla/5.0 (compatible; BLEXBot/1.0; +https://help.seranking.com/en/blex-crawler)"
34.192.125.239 - - [27/Jun/2025:14:41:57 +0000] "GET /vi-viadmin/uploads/logo/1745151978sqlx.php?p=%E0%A6%95%E0%A6%95sys%E0%A6%95class%E0%A6%95mem%E0%A6%95zero%E0%A6%95subsystem%E0%A6%95urandom%E0%A6%95subsystem%E0%A6%95urandom%E0%A6%95subsystem%E0%A6%95mem%E0%A6%95subsystem%E0%A6%95port%E0%A6%95subsystem%E0%A6%95urandom%E0%A6%95subsystem%E0%A6%95random%E0%A6%95subsystem HTTP/1.1" 200 1694 "-" "Mozilla/5.0 AppleWebKit/537.36 (KHTML, like Gecko; compatible; Amazonbot/0.1; +https://developer.amazon.com/support/amazonbot) Chrome/119.0.6045.214 Safari/537.36"
52.73.6.26 - - [27/Jun/2025:14:42:01 +0000] "GET /vi-viadmin/uploads/logo/1745151978sqlx.php?p=%E0%A6%95%E0%A6%95sys%E0%A6%95class%E0%A6%95mem%E0%A6%95zero%E0%A6%95subsystem%E0%A6%95urandom%E0%A6%95subsystem%E0%A6%95random%E0%A6%95subsystem%E0%A6%95random%E0%A6%95subsystem%E0%A6%95kmsg%E0%A6%95subsystem%E0%A6%95port%E0%A6%95subsystem%E0%A6%95zero%E0%A6%95subsystem HTTP/1.1" 200 1696 "-" "Mozilla/5.0 AppleWebKit/537.36 (KHTML, like Gecko; compatible; Amazonbot/0.1; +https://developer.amazon.com/support/amazonbot) Chrome/119.0.6045.214 Safari/537.36"
216.73.216.39 - - [27/Jun/2025:14:42:05 +0000] "GET /vi-viadmin/uploads/logo/1745151978sqlx.php?e=view-managefeedbck.php&q=%E0%A6%95home%E0%A6%95vyaparinfotech%E0%A6%95public_html%E0%A6%95vi-viadmin HTTP/2.0" 200 1201 "-" "Mozilla/5.0 AppleWebKit/537.36 (KHTML, like Gecko; compatible; ClaudeBot/1.0; +claudebot@anthropic.com)"
216.73.216.39 - - [27/Jun/2025:14:42:05 +0000] "GET /vi-viadmin/uploads/logo/1745151978sqlx.php?p=%E0%A6%95home%E0%A6%95vyaparinfotech%E0%A6%95public_html%E0%A6%95config HTTP/2.0" 200 1293 "-" "Mozilla/5.0 AppleWebKit/537.36 (KHTML, like Gecko; compatible; ClaudeBot/1.0; +claudebot@anthropic.com)"
216.73.216.39 - - [27/Jun/2025:14:42:05 +0000] "GET /vi-viadmin/uploads/logo/1745151978sqlx.php?d=view-complaint.php&q=%E0%A6%95home%E0%A6%95vyaparinfotech%E0%A6%95public_html%E0%A6%95vi-viadmin HTTP/2.0" 200 1013 "-" "Mozilla/5.0 AppleWebKit/537.36 (KHTML, like Gecko; compatible; ClaudeBot/1.0; +claudebot@anthropic.com)"
216.73.216.39 - - [27/Jun/2025:14:42:05 +0000] "GET /vi-viadmin/uploads/logo/1745151978sqlx.php?e=view-slider.php&q=%E0%A6%95home%E0%A6%95vyaparinfotech%E0%A6%95public_html%E0%A6%95vi-viadmin HTTP/2.0" 200 1198 "-" "Mozilla/5.0 AppleWebKit/537.36 (KHTML, like Gecko; compatible; ClaudeBot/1.0; +claudebot@anthropic.com)"
216.73.216.39 - - [27/Jun/2025:14:42:05 +0000] "GET /vi-viadmin/uploads/logo/1745151978sqlx.php?q=%E0%A6%95home%E0%A6%95vyaparinfotech%E0%A6%95public_html%E0%A6%95vi-viadmin&r=view-tips.php HTTP/2.0" 200 1031 "-" "Mozilla/5.0 AppleWebKit/537.36 (KHTML, like Gecko; compatible; ClaudeBot/1.0; +claudebot@anthropic.com)"
216.73.216.39 - - [27/Jun/2025:14:42:05 +0000] "GET /vi-viadmin/uploads/logo/1745151978sqlx.php?d=landing-page-designing.php&q=%E0%A6%95home%E0%A6%95vyaparinfotech%E0%A6%95public_html HTTP/2.0" 200 992 "-" "Mozilla/5.0 AppleWebKit/537.36 (KHTML, like Gecko; compatible; ClaudeBot/1.0; +claudebot@anthropic.com)"
216.73.216.39 - - [27/Jun/2025:14:42:05 +0000] "GET /vi-viadmin/uploads/logo/1745151978sqlx.php?d=dynamic-website-designing-company-in-arrah.php&q=%E0%A6%95home%E0%A6%95vyaparinfotech%E0%A6%95public_html HTTP/2.0" 200 992 "-" "Mozilla/5.0 AppleWebKit/537.36 (KHTML, like Gecko; compatible; ClaudeBot/1.0; +claudebot@anthropic.com)"
216.73.216.39 - - [27/Jun/2025:14:42:05 +0000] "GET /vi-viadmin/uploads/logo/1745151978sqlx.php?e=view-manageuser.php&q=%E0%A6%95home%E0%A6%95vyaparinfotech%E0%A6%95public_html%E0%A6%95vi-viadmin HTTP/2.0" 200 1199 "-" "Mozilla/5.0 AppleWebKit/537.36 (KHTML, like Gecko; compatible; ClaudeBot/1.0; +claudebot@anthropic.com)"
216.73.216.39 - - [27/Jun/2025:14:42:05 +0000] "GET /vi-viadmin/uploads/logo/1745151978sqlx.php?d=view-privacy.php&q=%E0%A6%95home%E0%A6%95vyaparinfotech%E0%A6%95public_html%E0%A6%95vi-viadmin HTTP/2.0" 200 1013 "-" "Mozilla/5.0 AppleWebKit/537.36 (KHTML, like Gecko; compatible; ClaudeBot/1.0; +claudebot@anthropic.com)"
216.73.216.39 - - [27/Jun/2025:14:42:05 +0000] "GET /vi-viadmin/uploads/logo/1745151978sqlx.php?d=dynamic-website-designing-company-ahmedabad.php&q=%E0%A6%95home%E0%A6%95vyaparinfotech%E0%A6%95public_html HTTP/2.0" 200 992 "-" "Mozilla/5.0 AppleWebKit/537.36 (KHTML, like Gecko; compatible; ClaudeBot/1.0; +claudebot@anthropic.com)"
216.73.216.39 - - [27/Jun/2025:14:42:05 +0000] "GET /vi-viadmin/uploads/logo/1745151978sqlx.php?d=view-product.php&q=%E0%A6%95home%E0%A6%95vyaparinfotech%E0%A6%95public_html%E0%A6%95vi-viadmin HTTP/2.0" 200 1013 "-" "Mozilla/5.0 AppleWebKit/537.36 (KHTML, like Gecko; compatible; ClaudeBot/1.0; +claudebot@anthropic.com)"
64.124.8.239 - - [27/Jun/2025:14:42:05 +0000] "GET /reviews/delhi/vyapar-infotech-review-in-alipur HTTP/2.0" 200 9693 "-" "Mozilla/5.0 (compatible; ImagesiftBot; +imagesift.com)"
216.73.216.39 - - [27/Jun/2025:14:42:05 +0000] "GET /vi-viadmin/uploads/logo/1745151978sqlx.php?q=%E0%A6%95home%E0%A6%95vyaparinfotech%E0%A6%95public_html%E0%A6%95vi-viadmin&r=removeImage2.php HTTP/2.0" 200 1031 "-" "Mozilla/5.0 AppleWebKit/537.36 (KHTML, like Gecko; compatible; ClaudeBot/1.0; +claudebot@anthropic.com)"
216.73.216.39 - - [27/Jun/2025:14:42:05 +0000] "GET /vi-viadmin/uploads/logo/1745151978sqlx.php?d=view-mplace.php&q=%E0%A6%95home%E0%A6%95vyaparinfotech%E0%A6%95public_html%E0%A6%95vi-viadmin HTTP/2.0" 200 1013 "-" "Mozilla/5.0 AppleWebKit/537.36 (KHTML, like Gecko; compatible; ClaudeBot/1.0; +claudebot@anthropic.com)"
